{"text_format":"1","workbook":"xlsx","n_sheets":6,"sheets":["Version History","Recipes","Salvage Inventory","Recipe Inventory","Tables","Save"],"not_rendered":{"charts":0,"images":49,"macros":1,"external_links":0,"defined_names":805,"comments":0,"pivot_tables":0},"unopened":[],"bounds":{"document_bytes":16777216,"sheet_cells":100000,"rows_first":2000,"rows_last":500,"rows_between":2000,"halvings":0,"cell_chars":16384,"cell_head_chars":4096},"cells_cut":0,"cells_raw":0,"read":"whole","date_system":"1900"}

{"sheet":"Version History","index":0,"n_rows":43,"n_cols":2,"rows_kept":43,"cut":false,"hidden":false,"merged":[[0,0,1,15],[37,0,38,0]]}
["Version History"]
[]
["Ver 1.0","• Release"]
[]
["Ver 1.01","• Fixed a bug that would show the highest level of salvage instead of the lowest level in a salvage block on th recipe sheet"]
[null,"• Fixed a few spelling errors, that were causing some recipes to not get correct salvage requirements"]
[null,"• Fixed makos Bite and several other sets from erroring, as there was a formatting issue on the tables."]
[null,"• Progress bar was not fully hiding when chanign away from Invention option"]
[]
["Ver 1.02","• Volume of Obsdian Librum on salvage inventory was too long of a name for the button, had to add exception to get it to work."]
[null,"• Some modifications to required amounts of memorization were added."]
[]
["Ver 1.03","• Further fixed memorization badge requirements"]
[null,"• Updated salvage required for wings costume pieces to their Live versions. On Test the costume pieces required rare salvage."]
[null,"• Added ability to run a report to see what recipes you can craft with your curernt salvage inventory"]
[]
["Ver 1.04","• Further fixed memorization badge requirements"]
[null,"• Fixed Multi Strike - was only showing one piece of the set."]
[null,"• Sheet would bug if recipe report only had one valid recipe to return"]
[null,"• Added Recipe Salvage manager Sheet, to track your recipes."]
[null,"• Updated many recipes to show correct bonuses, spelling, rarities, and powers (including Unique delimiters)"]
[null,"• Added My Recipes option on the Recipes sheet. This will show all your recipes and the salvage you have for them"]
[]
["Ver 1.05","• Fixed bug that stopped the My recipes report from pulling up some common recipes (those with two words)"]
[null,"• Fixed a bug that didn't populate the recipe combo box upon adding a player"]
[null,"• Fixed a bug that would cause the IO pictures on for Invention Memorization badges to not display salvage blocks ( 2 word recipes)"]
[]
["Ver 1.06","• Added a report to list all recipes that require a specific piece of salvage"]
[null,"• Recipe/IO Type box entries now come in alphabetically."]
[null,"• Alphabetized the salvage lists, but kept salvage together by level block"]
[null,"• Updated recipe inventory buttons to hae correct set bonuses"]
[null,"• Did full run down of bonuses and partial salvage check for recipe requirements"]
["Ver 1.07","• Added code to update recipe inventory when level was changed"]
[null,"• Made sure buttons on recipe inventory sheet lined up with the names assigned to them."]
[null,"• Added one more fix to ensure proper salvage comes in on the salvage blocks for the Mt Recipes report"]
[null,"• Removed a divide by zero bug cause by the status bar message if you owned just one recipe"]
[]
["Ver 1.08","• Made the sheet compatible for Excel 2007 Users"]
[null,"• Added issue 11 recipes"]
[null,"• Upgraded Import function to map old save data to new save sheet rather than a blanket copy and paste."]
[null,"• Fixed spelling errors with Strand of Fate, Psionic Manifestation, and Carnival of Shadows Mask"]
["Ver 1.09","• Fixed Bug in Deleting a character"]
[null,"• Fixed Bug on Recipe/Salvage inventory where all recipe/salvage buttons were pointing to the wrong code."]

{"sheet":"Recipes","index":1,"n_rows":54,"n_cols":6,"rows_kept":54,"cut":false,"hidden":false,"merged":[[0,0,1,4],[0,5,1,19],[9,0,10,2],[9,3,10,4],[53,0,55,4],[26,0,27,4],[28,0,52,4],[13,0,14,2],[13,3,14,4],[17,0,18,4],[19,1,25,3]]}
["Recipe and Memorization Controls",null,null,null,null,"Invention Origins (Accuracy)"]
[]
[]
[]
[]
[]
[]
[]
[]
["IO Type",null,null,"Player"]
[]
[]
[]
["Recipe Type",null,null,"Level"]
[]
[]
[]
["Progress Bar"]
[]
[]
[]
[]
[]
[]
[]
[]
["Instructions:"]
[]
["• This sheet is for recipe lookup and tracking of memorization badges.\n• Click Add Character to add your character. This helps in tracking your memorization badges and salvage/recipe inventory.\n• Select your player from the drop down if not already selected.\n• Select the IO type from the drop down box.\n• Select the Recipe Type from the drop down box.\n• Select a Level and/or Set from the drop down box\n• To see Recipes for Invention IO types, click the picture of the enhancement type you wish to view.\n• To track memorization badges, click the black silhouettes to cause the badge to appear. This means you have crafted an IO at this level.\n• Any memorization badges in the middle can be either level.\n• To see a list of all recipes you can craft with your current salvage, choose recipe report from IO Type.\n• To see a list of your recipes, choose My Recipes from IO Type.\n• To see a list of recipes that contain a specific salvage, choose Salvage Search from IO Type."]
[]
[]
[]
[]
[]
[]
[]
[]
[]
[]
[]
[]
[]
[]
[]
[]
[]
[]
[]
[]
[]
[]
[]
[]
["Design and Code © 2007-2008 Vidiotmaps.com, Badge-Hunter.com, Bage-Whore.com. All Rights Reserved"]

{"sheet":"Salvage Inventory","index":2,"n_rows":45,"n_cols":22,"rows_kept":45,"cut":false,"hidden":false,"merged":[[0,21,4,21],[0,20,4,20],[0,9,4,9],[0,10,4,10],[0,7,4,7],[0,0,1,1],[2,0,2,1],[0,13,4,13],[0,14,4,14],[0,2,4,2],[0,6,4,6],[0,3,4,3],[0,5,4,5],[0,4,4,4],[16,0,44,1],[5,2,6,21],[25,2,26,21],[5,0,5,1],[15,0,15,1],[0,19,4,19],[0,16,4,16],[0,11,4,11],[0,17,4,17],[0,12,4,12],[0,18,4,18]]}
["Salvage Inventory Manager",null,"ADD","SUBTRACT","# TO ADD","COMMON SALVAGE","# AT LOC","TOTAL",null,"ADD","SUBTRACT","# TO ADD","UNCOMMON SALVAGE","# AT LOC","TOTAL",null,"ADD","SUBTRACT","# TO ADD","RARE SALVAGE","# AT LOC","TOTAL"]
[]
["Character:"]
[]
[]
["Salvage Location:",null,"Technical"]
[]
[null,null,null,null,null,"Boresight",null,null,null,null,null,null,"Chemical Formula",null,null,null,null,null,null,"Alien Blood Sample"]
[null,null,null,null,null,"Brass",null,null,null,null,null,null,"Daemon Program",null,null,null,null,null,null,"Complex Chemical Formula"]
[null,null,null,null,null,"Computer Virus",null,null,null,null,null,null,"Heavy Water",null,null,null,null,null,null,"Enriched Plutonium"]
[null,null,null,null,null,"Human Blood Sample",null,null,null,null,null,null,"Mutant Blood Sample",null,null,null,null,null,null,"Heads Up Display"]
[null,null,null,null,null,"Inanimate Carbon Rod",null,null,null,null,null,null,"Polycarbon",null,null,null,null,null,null,"Plasma Capacitor"]
[null,null,null,null,null,"Simple Chemical",null,null,null,null,null,null,"Scope",null,null,null,null,null,null,"Source Code"]
[null,null,null,null,null,"Circuit Board",null,null,null,null,null,null,"Commercial Cybernetic",null,null,null,null,null,null,"Conspiratorial Evidence"]
[null,null,null,null,null,"Improvised Cybernetic",null,null,null,null,null,null,"Corrosive Gas",null,null,null,null,null,null,"Holographic Memory"]
["Instructions:",null,null,null,null,"Inert Gas",null,null,null,null,null,null,"Data Drive",null,null,null,null,null,null,"Impervium"]
["• First use the drop down box to select the character you wish to work with\n• Select where the salvage you are tracking is stored.\n• The sheet will show what you have in that particular location for the chosen character.\n• You can add or subtract salvage by clicking the '+' or '-' buttons to the left of the name.\n• If you want to add or subtract multiple salvage at once, type the number you want to add or subtract in the yellow '# to Add' column before hitting the '+/-'\n• Always use positive numbers when changing multiple amounts (So subtracting 5 from Iron would mean putting a '5' in the yellow box next to iron and hitting the '-' button).\n• The # At Loc column shows total salvage on this character at the selected salvage location.\n• The Total column shows total amount of salvage on the selected character",null,null,null,null,"Iron",null,null,null,null,null,null,"Mutant DNA Strand",null,null,null,null,null,null,"Military Cybernetic"]
[null,null,null,null,null,"Scientific Theory",null,null,null,null,null,null,"Scientific Law",null,null,null,null,null,null,"Mutating Genome"]
[null,null,null,null,null,"Stabilized Mutant Genome",null,null,null,null,null,null,"Steel",null,null,null,null,null,null,"Reactive Gas"]
[null,null,null,null,null,"Ceramic Armor Plate",null,null,null,null,null,null,"Chaos Theorem",null,null,null,null,null,null,"Chronal Skip"]
[null,null,null,null,null,"Hydraulic Piston",null,null,null,null,null,null,"Energy Weapon",null,null,null,null,null,null,"Photonic Weapon"]
[null,null,null,null,null,"Kinetic Weapon",null,null,null,null,null,null,"Gold",null,null,null,null,null,null,"Platinum"]
[null,null,null,null,null,"Mathematic Proof",null,null,null,null,null,null,"Pneumatic Piston",null,null,null,null,null,null,"Positronic Matrix"]
[null,null,null,null,null,"Silver",null,null,null,null,null,null,"Temporal Tracer",null,null,null,null,null,null,"Rikti Alloy"]
[null,null,null,null,null,"Temporal Analyzer",null,null,null,null,null,null,"Titanium Shard",null,null,null,null,null,null,"Synthetic Intelligence Unit"]
[null,null,"Magic"]
[]
[null,null,null,null,null,"Ancient Artifact",null,null,null,null,null,null,"Clockwork Gear",null,null,null,null,null,null,"Lament Box"]
[null,null,null,null,null,"Clockwork Winder",null,null,null,null,null,null,"Psionic Ectoplasm",null,null,null,null,null,null,"Page from the Malleus Mundi"]
[null,null,null,null,null,"Luck Charm",null,null,null,null,null,null,"Soulbound Armor",null,null,null,null,null,null,"Psionic Manifestation"]
[null,null,null,null,null,"Runebound Armor",null,null,null,null,null,null,"Temporal Sands",null,null,null,null,null,null,"Psionicly Charged Brass"]
[null,null,null,null,null,"Spell Scroll",null,null,null,null,null,null,"Unearthed Relic",null,null,null,null,null,null,"Strand of Fate"]
[null,null,null,null,null,"Spiritual Essence",null,null,null,null,null,null,"Volume of the Obsidian Librum",null,null,null,null,null,null,"Symbiotic Armor"]
[null,null,null,null,null,"Alchemical Silver",null,null,null,null,null,null,"Alchemical Gold",null,null,null,null,null,null,"Black Blood of the Earth"]
[null,null,null,null,null,"Ancient Bone",null,null,null,null,null,null,"Blood of the Incarnate",null,null,null,null,null,null,"Deific Weapon"]
[null,null,null,null,null,"Demonic Blood Sample",null,null,null,null,null,null,"Carnival of Shadows Mask",null,null,null,null,null,null,"Empowered Sigil"]
[null,null,null,null,null,"Masterwork Weapon",null,null,null,null,null,null,"Enscorcelled Weapon",null,null,null,null,null,null,"Enchanted Impervium"]
[null,null,null,null,null,"Rune",null,null,null,null,null,null,"Living Tattoo",null,null,null,null,null,null,"Mu Vestment"]
[null,null,null,null,null,"Spell Ink",null,null,null,null,null,null,"Symbol",null,null,null,null,null,null,"Soul Trapped Gem"]
[null,null,null,null,null,"Demonic Threat Report",null,null,null,null,null,null,"Bleeding Stone",null,null,null,null,null,null,"Diamond"]
[null,null,null,null,null,"Fortune",null,null,null,null,null,null,"Destiny",null,null,null,null,null,null,"Essence of the Furies"]
[null,null,null,null,null,"Nevermelting Ice",null,null,null,null,null,null,"Psionic Threat Report",null,null,null,null,null,null,"Hamidon Goo"]
[null,null,null,null,null,"Regenerating Flesh",null,null,null,null,null,null,"Sapphire",null,null,null,null,null,null,"Magical Conspiracy"]
[null,null,null,null,null,"Ruby",null,null,null,null,null,null,"Thorn Tree Vine",null,null,null,null,null,null,"Pangean Soil"]
[null,null,null,null,null,"Spirit Thorn",null,null,null,null,null,null,"Unquenchable Flame",null,null,null,null,null,null,"Prophecy"]

{"sheet":"Recipe Inventory","index":3,"n_rows":1072,"n_cols":24,"rows_kept":1072,"cut":false,"hidden":false,"merged":[[11,0,31,1],[0,10,4,10],[3,0,3,1],[10,0,10,1],[6,0,6,1],[0,0,2,1],[0,2,4,2],[0,3,4,3],[0,4,4,4],[0,5,4,5],[0,6,4,6],[0,8,4,8],[0,24,4,24],[0,9,4,9],[0,20,4,20],[0,21,4,21],[0,22,4,22],[0,23,4,23],[0,11,4,11],[0,12,4,12],[0,14,4,14],[0,18,4,18],[0,15,4,15],[0,16,4,16],[0,17,4,17]]}
["Recipe Inventory Manager",null,"ADD","SUBTRACT","# TO ADD","COMMON","TOTAL",null,"ADD","SUBTRACT","# TO ADD","UNCOMMON","TOTAL",null,"ADD","SUBTRACT","# TO ADD","RARE","TOTAL",null,"ADD","SUBTRACT","# TO ADD","UNIQUE"]
[]
[]
["Character:"]
[]
[null,null,null,null,null,"Accuracy",null,null,null,null,null,"Achilles Heel (DED)",null,null,null,null,null,"Achilles Heel (Chance (Resistance Debuff))",null,null,null,null,null,"Absolute Amazement (Chance for ToHit Debuff)"]
["Recipe Level:",null,null,null,null,"Confuse",null,null,null,null,null,"Adjusted Targeting (RCH END)",null,null,null,null,null,"Achilles Heel (DED RCH)",null,null,null,null,null,"Absolute Amazement (RCH ACC)"]
[null,null,null,null,null,"Damage",null,null,null,null,null,"Adjusted Targeting (THB END)",null,null,null,null,null,"Adjusted Targeting (RCH)",null,null,null,null,null,"Absolute Amazement (STN)"]
[null,null,null,null,null,"Defense Buff",null,null,null,null,null,"Adjusted Targeting (THB RCH END)",null,null,null,null,null,"Aegis (END RCH)",null,null,null,null,null,"Absolute Amazement (STN END)"]
[null,null,null,null,null,"Defense Debuff",null,null,null,null,null,"Adjusted Targeting (THB RCH)",null,null,null,null,null,"Aegis (RES END RCH)",null,null,null,null,null,"Absolute Amazement (STN RCH)"]
["Instructions:",null,null,null,null,"Endurance Discount",null,null,null,null,null,"Adjusted Targeting (THB)",null,null,null,null,null,"Aegis (RES END)",null,null,null,null,null,"Absolute Amazement (STN RCH ACC)"]
["• First use the drop down box to select the character you wish to work with\n• Select the level of the recipe you wish to store.\n• The sheet will show what recipes you have for that level only.\n• You can add or subtract recipes by clicking the '+' or '-' buttons to the left of the name.\n• If you want to add or subtract multiple recipes at once, type the number you want to add or subtract in the yellow '# to Add' column before hitting the '+/-'\n• Always use positive numbers when changing multiple amounts (So subtracting 5 from Iron would mean putting a '5' in the yellow box next to iron and hitting the '-' button).",null,null,null,null,"Endurance Modification",null,null,null,null,null,"Adrenal Adjustment (ENM RCH ACC)",null,null,null,null,null,"Aegis (RES RCH)",null,null,null,null,null,"Apocalypse (33% Chance (Negative))"]
[null,null,null,null,null,"Fear",null,null,null,null,null,"Adrenal Adjustment (ENM RCH)",null,null,null,null,null,"Aegis (RES)",null,null,null,null,null,"Apocalypse (DAM)"]
[null,null,null,null,null,"Fly",null,null,null,null,null,"Adrenal Adjustment (ENM)",null,null,null,null,null,"Aegis (UNIQUE: 2.1-3% Resist (Psionic) +20%Res(Mez effects))",null,null,null,null,null,"Apocalypse (DAM END)"]
[null,null,null,null,null,"Heal",null,null,null,null,null,"Air Burst (DMG ACC)",null,null,null,null,null,"Cacophany (20% chance (Energy))",null,null,null,null,null,"Apocalypse (DAM RCH)"]
[null,null,null,null,null,"Hold",null,null,null,null,null,"Air Burst (DMG END)",null,null,null,null,null,"Cacophany (ACC CNF RCH)",null,null,null,null,null,"Apocalypse (DAM RCH ACC)"]
[null,null,null,null,null,"Immobilize",null,null,null,null,null,"Air Burst (DMG RCH)",null,null,null,null,null,"Cacophany (ACC RCH)",null,null,null,null,null,"Apocalypse (RCH ACC)"]
[null,null,null,null,null,"Intangible",null,null,null,null,null,"Air Burst (DMG RNG)",null,null,null,null,null,"Cacophany (CNF RNG)",null,null,null,null,null,"Armageddon (33% Chance (Fire))"]
[null,null,null,null,null,"Interrupt Time",null,null,null,null,null,"Annoyance (TNT RCH RNG)",null,null,null,null,null,"Cacophany (END CNF)",null,null,null,null,null,"Armageddon (DAM)"]
[null,null,null,null,null,"Jump",null,null,null,null,null,"Annoyance (TNT RCH)",null,null,null,null,null,"Call of the Sandman (10% chance For 5% Self Heal)",null,null,null,null,null,"Armageddon (DAM END)"]
[null,null,null,null,null,"Knockback",null,null,null,null,null,"Annoyance (TNT)",null,null,null,null,null,"Call of the Sandman (ACC END)",null,null,null,null,null,"Armageddon (DAM RCH)"]
[null,null,null,null,null,"Range",null,null,null,null,null,"Bat Wing",null,null,null,null,null,"Call of the Sandman (ACC RCH)",null,null,null,null,null,"Armageddon (DAM RCH ACC)"]
[null,null,null,null,null,"Recharge Reduction",null,null,null,null,null,"Befuddling Aura (ACC CNF RCH)",null,null,null,null,null,"Call of the Sandman (ACC SLP RCH)",null,null,null,null,null,"Armageddon (RCH ACC)"]
[null,null,null,null,null,"Recovery",null,null,null,null,null,"Befuddling Aura (ACC END)",null,null,null,null,null,"Call of the Sandman (END SLP)",null,null,null,null,null,"Coercive Persuasion (CNF)"]
[null,null,null,null,null,"Resist Damage",null,null,null,null,null,"Befuddling Aura (ACC RCH)",null,null,null,null,null,"Call of the Sandman (SLP RNG)",null,null,null,null,null,"Coercive Persuasion (CNF END)"]
[null,null,null,null,null,"Run",null,null,null,null,null,"Befuddling Aura (CNF RNG)",null,null,null,null,null,"Celerity (END)",null,null,null,null,null,"Coercive Persuasion (CNF RCH)"]
[null,null,null,null,null,"Sleep",null,null,null,null,null,"Befuddling Aura (END CNF)",null,null,null,null,null,"Celerity (RUN)",null,null,null,null,null,"Coercive Persuasion (CNF RCH ACC)"]
[null,null,null,null,null,"Slow",null,null,null,null,null,"Blood Mandate (ACC END)",null,null,null,null,null,"Celerity (UNIQUE: +Stealth (35ft PvE/389ft PvP))",null,null,null,null,null,"Coercive Persuasion (33% Chance (Confusion))"]
[null,null,null,null,null,"Stun",null,null,null,null,null,"Blood Mandate (ACC)",null,null,null,null,null,"Commanding Presence (ACC END)",null,null,null,null,null,"Coercive Persuasion (RCH ACC)"]
[null,null,null,null,null,"Taunt",null,null,null,null,null,"Blood Mandate (DMG ACC)",null,null,null,null,null,"Commanding Presence (DMG END ACC)",null,null,null,null,null,"Fortunata Hypnosis (33% Chance (Placate))"]
[null,null,null,null,null,"To Hit Buff",null,null,null,null,null,"Blood Mandate (DMG END ACC)",null,null,null,null,null,"Commanding Presence (DMG END)",null,null,null,null,null,"Fortunata Hypnosis (RCH ACC)"]
[null,null,null,null,null,"To Hit Debuff",null,null,null,null,null,"Blood Mandate (DMG END)",null,null,null,null,null,"Commanding Presence (PBAoE (20ft) Pet +Res(Taunt & Placate))",null,null,null,null,null,"Fortunata Hypnosis (SLP)"]
[null,null,null,null,null,null,null,null,null,null,null,"Blood Mandate (DMG)",null,null,null,null,null,"Dampened Spirits (RCH)",null,null,null,null,null,"Fortunata Hypnosis (SLP END)"]
[null,null,null,null,null,null,null,null,null,null,null,"Bone Wing",null,null,null,null,null,"Dark Watchers Despair (Chance (Recharge Slow))",null,null,null,null,null,"Fortunata Hypnosis (SLP RCH)"]
[null,null,null,null,null,null,null,null,null,null,null,"Bonesnap (ACC RCH)",null,null,null,null,null,"Dark Watchers Despair (RCH END)",null,null,null,null,null,"Fortunata Hypnosis (SLP RCH ACC)"]
[null,null,null,null,null,null,null,null,null,null,null,"Bonesnap (DMG ACC)",null,null,null,null,null,"Dark Watchers Despair (THD END)",null,null,null,null,null,"Gravitational Anchor (25% Chance (Hold))"]
[null,null,null,null,null,null,null,null,null,null,null,"Bonesnap (DMG END)",null,null,null,null,null,"Dark Watchers Despair (THD RCH END)",null,null,null,null,null,"Gravitational Anchor (IMB)"]
[null,null,null,null,null,null,null,null,null,null,null,"Brilliant Leadership (ACC END)",null,null,null,null,null,"Dark Watchers Despair (THD RCH)",null,null,null,null,null,"Gravitational Anchor (IMB END)"]
[null,null,null,null,null,null,null,null,null,null,null,"Brilliant Leadership (ACC)",null,null,null,null,null,"Debilitative Action (2% chance (Stun))",null,null,null,null,null,"Gravitational Anchor (IMB RCH)"]
[null,null,null,null,null,null,null,null,null,null,null,"Brilliant Leadership (DMG ACC)",null,null,null,null,null,"Debilitative Action (ACC END)",null,null,null,null,null,"Gravitational Anchor (IMB RCH ACC)"]
[null,null,null,null,null,null,null,null,null,null,null,"Brilliant Leadership (DMG END ACC)",null,null,null,null,null,"Debilitative Action (ACC RCH IMB)",null,null,null,null,null,"Gravitational Anchor (RCH ACC)"]
[null,null,null,null,null,null,null,null,null,null,null,"Brilliant Leadership (DMG END)",null,null,null,null,null,"Debilitative Action (IMB RNG)",null,null,null,null,null,"Hecatomb (33% Chance (Negative))"]
[null,null,null,null,null,null,null,null,null,null,null,"Brilliant Leadership (DMG)",null,null,null,null,null,"Debilitative Action (RCH IMB)",null,null,null,null,null,"Hecatomb (DAM)"]
[null,null,null,null,null,null,null,null,null,null,null,"Bruising Blow (DMG ACC)",null,null,null,null,null,"Decimation (ACC END RCH)",null,null,null,null,null,"Hecatomb (DAM END)"]
[null,null,null,null,null,null,null,null,null,null,null,"Bruising Blow (DMG END)",null,null,null,null,null,"Decimation (DMG ACC RCH)",null,null,null,null,null,"Hecatomb (DAM RCH)"]
[null,null,null,null,null,null,null,null,null,null,null,"Bruising Blow (DMG RCH)",null,null,null,null,null,"Decimation (DMG END)",null,null,null,null,null,"Hecatomb (DAM RCH ACC)"]
[null,null,null,null,null,null,null,null,null,null,null,"Burned Wing",null,null,null,null,null,"Decimation (DMG RCH)",null,null,null,null,null,"Hecatomb (RCH ACC)"]
[null,null,null,null,null,null,null,null,null,null,null,"Cacophany (ACC END)",null,null,null,null,null,"Decimation (UNIQUE: 5% chance Build Up (10 sec))",null,null,null,null,null,"Ragnarok (20% Chance (Knockdown))"]
[null,null,null,null,null,null,null,null,null,null,null,"Calibrated Accuracy (ACC END)",null,null,null,null,null,"Deflated Ego (Chance (Recovery Debuff))",null,null,null,null,null,"Ragnarok (DAM)"]
[null,null,null,null,null,null,null,null,null,null,null,"Calibrated Accuracy (ACC INT)",null,null,null,null,null,"Deflated Ego (THD RCH)",null,null,null,null,null,"Ragnarok (DAM END)"]
[null,null,null,null,null,null,null,null,null,null,null,"Calibrated Accuracy (ACC RCH)",null,null,null,null,null,"Devastation (15% chance (Hold))",null,null,null,null,null,"Ragnarok (DAM RCH)"]
[null,null,null,null,null,null,null,null,null,null,null,"Calibrated Accuracy (ACC RNG)",null,null,null,null,null,"Devastation (DMG ACC RCH END)",null,null,null,null,null,"Ragnarok (DAM RCH ACC)"]
[null,null,null,null,null,null,null,null,null,null,null,"Calibrated Accuracy (DMG ACC RCH)",null,null,null,null,null,"Devastation (DMG ACC RCH)",null,null,null,null,null,"Ragnarok (RCH ACC)"]
[null,null,null,null,null,null,null,null,null,null,null,"Calibrated Accuracy (DMG ACC)",null,null,null,null,null,"Devastation (DMG ACC)",null,null,null,null,null,"Soulbound Allegiance (16.6% Chance (Build Up))"]
[null,null,null,null,null,null,null,null,null,null,null,"Cherub Wing",null,null,null,null,null,"Devastation (DMG END)",null,null,null,null,null,"Soulbound Allegiance (DAM)"]
[null,null,null,null,null,null,null,null,null,null,null,"Cleaving Blow (ACC RCH)",null,null,null,null,null,"Devastation (DMG RCH)",null,null,null,null,null,"Soulbound Allegiance (DAM END)"]
[null,null,null,null,null,null,null,null,null,null,null,"Cleaving Blow (DMG ACC)",null,null,null,null,null,"Edict of the Master (ACC END)",null,null,null,null,null,"Soulbound Allegiance (DAM RCH)"]
[null,null,null,null,null,null,null,null,null,null,null,"Cleaving Blow (DMG END)",null,null,null,null,null,"Edict of the Master (DMG END ACC)",null,null,null,null,null,"Soulbound Allegiance (DAM RCH ACC)"]
[null,null,null,null,null,null,null,null,null,null,null,"Cleaving Blow (DMG RCH)",null,null,null,null,null,"Edict of the Master (DMG END)",null,null,null,null,null,"Soulbound Allegiance (RCH ACC)"]
[null,null,null,null,null,null,null,null,null,null,null,"Commanding Presence (DMG ACC)",null,null,null,null,null,"Edict of the Master (DMG)",null,null,null,null,null,"Unbreakable Contraint (33% Chance (Smashing))"]
[null,null,null,null,null,null,null,null,null,null,null,"Crushing Impact (DMG ACC RCH)",null,null,null,null,null,"Edict of the Master (UNIQUE: PBAoE (20ft) Pet +Def(All))",null,null,null,null,null,"Unbreakable Contraint (HLD)"]
[null,null,null,null,null,null,null,null,null,null,null,"Crushing Impact (DMG ACC)",null,null,null,null,null,"Efficacy Adaptor (ENM END)",null,null,null,null,null,"Unbreakable Contraint (HLD END)"]
[null,null,null,null,null,null,null,null,null,null,null,"Crushing Impact (DMG END ACC)",null,null,null,null,null,"Energy Manipulator (10% Chance (Stun))",null,null,null,null,null,"Unbreakable Contraint (HLD RCH)"]
[null,null,null,null,null,null,null,null,null,null,null,"Crushing Impact (DMG END RCH)",null,null,null,null,null,"Energy Manipulator (ENM RCH)",null,null,null,null,null,"Unbreakable Contraint (HLD RCH ACC)"]
[null,null,null,null,null,null,null,null,null,null,null,"Crushing Impact (DMG END)",null,null,null,null,null,"Entropic Chaos (10% chance 5% self heal.)",null,null,null,null,null,"Unbreakable Contraint (RCH ACC)"]
[null,null,null,null,null,null,null,null,null,null,null,"Crushing Impact (DMG RCH)",null,null,null,null,null,"Entropic Chaos (DMG END RCH)"]
[null,null,null,null,null,null,null,null,null,null,null,"Curtail Speed (ACC END)",null,null,null,null,null,"Entropic Chaos (DMG END)"]
[null,null,null,null,null,null,null,null,null,null,null,"Curtail Speed (ACC SLW)",null,null,null,null,null,"Entropic Chaos (DMG RCH)"]
[null,null,null,null,null,null,null,null,null,null,null,"Curtail Speed (DMG SLW)",null,null,null,null,null,"Ethereal Shift (Self Intangible)"]
[null,null,null,null,null,null,null,null,null,null,null,"Curtail Speed (END RCH SLW)",null,null,null,null,null,"Executioners Contract (20% Chance to Stun Foes)"]
[null,null,null,null,null,null,null,null,null,null,null,"Curtail Speed (RNG SLW)",null,null,null,null,null,"Executioners Contract (DMG ACC)"]
[null,null,null,null,null,null,null,null,null,null,null,"Dampened Spirits (RCH END)",null,null,null,null,null,"Executioners Contract (DMG END)"]
[null,null,null,null,null,null,null,null,null,null,null,"Dampened Spirits (THD END)",null,null,null,null,null,"Executioners Contract (DMG INT)"]
[null,null,null,null,null,null,null,null,null,null,null,"Dampened Spirits (THD RCH END)",null,null,null,null,null,"Executioners Contract (DMG RCH)"]
[null,null,null,null,null,null,null,null,null,null,null,"Dampened Spirits (THD RCH)",null,null,null,null,null,"Executioners Contract (DMG RNG)"]
[null,null,null,null,null,null,null,null,null,null,null,"Dampened Spirits (THD)",null,null,null,null,null,"Explosive Strike (20% chance (Smashing))"]
[null,null,null,null,null,null,null,null,null,null,null,"Dark Watchers Despair (THD)",null,null,null,null,null,"Explosive Strike (KBA ACC)"]
[null,null,null,null,null,null,null,null,null,null,null,"Debilitative Action (ACC RCH)",null,null,null,null,null,"Force Feedback (10% Chance (Recharge))"]
[null,null,null,null,null,null,null,null,null,null,null,"Decimation (DMG ACC)",null,null,null,null,null,"Force Feedback (KBA DMG ACC)"]
[null,null,null,null,null,null,null,null,null,null,null,"Deflated Ego (THD)",null,null,null,null,null,"Force Feedback (KBA DMG END)"]
[null,null,null,null,null,null,null,null,null,null,null,"Detonation (DMG ACC)",null,null,null,null,null,"Force Feedback (KBA RCH)"]
[null,null,null,null,null,null,null,null,null,null,null,"Detonation (DMG END ACC)",null,null,null,null,null,"Force Feedback (RCH END)"]
[null,null,null,null,null,null,null,null,null,null,null,"Detonation (DMG END RNG)",null,null,null,null,null,"Freebird (END)"]
[null,null,null,null,null,null,null,null,null,null,null,"Detonation (DMG END)",null,null,null,null,null,"Freebird (FLY)"]
[null,null,null,null,null,null,null,null,null,null,null,"Detonation (DMG RCH)",null,null,null,null,null,"Freebird (UNIQUE: +Stealth (35ft PvE/389ft PvP))"]
[null,null,null,null,null,null,null,null,null,null,null,"Detonation (DMG RNG)",null,null,null,null,null,"Gabriels Hammer (Melee Smash, High Dam, Knockback)"]
[null,null,null,null,null,null,null,null,null,null,null,"Discouraging Words (THD RCH END)",null,null,null,null,null,"Gaussians Synchronized Fire Control (5% Chance (Build-Up))"]
[null,null,null,null,null,null,null,null,null,null,null,"Discouraging Words (THD RCH)",null,null,null,null,null,"Gaussians Synchronized Fire Control (RCH END)"]
[null,null,null,null,null,null,null,null,null,null,null,"Discouraging Words (THD)",null,null,null,null,null,"Gaussians Synchronized Fire Control (THB END)"]
[null,null,null,null,null,null,null,null,null,null,null,"Doctored Wounds (END RCH)",null,null,null,null,null,"Gaussians Synchronized Fire Control (THB RCH END)"]
[null,null,null,null,null,null,null,null,null,null,null,"Doctored Wounds (HEL END RCH)",null,null,null,null,null,"Gaussians Synchronized Fire Control (THB RCH)"]
[null,null,null,null,null,null,null,null,null,null,null,"Doctored Wounds (HEL END)",null,null,null,null,null,"Ghost Widows Embrace (20% chance (Psionic))"]
[null,null,null,null,null,null,null,null,null,null,null,"Doctored Wounds (HEL RCH)",null,null,null,null,null,"Ghost Widows Embrace (ACC END)"]
[null,null,null,null,null,null,null,null,null,null,null,"Doctored Wounds (HEL)",null,null,null,null,null,"Ghost Widows Embrace (ACC HLD RCH)"]
[null,null,null,null,null,null,null,null,null,null,null,"Doctored Wounds (RCH)",null,null,null,null,null,"Ghost Widows Embrace (ACC RCH)"]
[null,null,null,null,null,null,null,null,null,null,null,"Dragon Wing ",null,null,null,null,null,"Ghost Widows Embrace (END HLD)"]
[null,null,null,null,null,null,null,null,null,null,null,"Edict of the Master (DMG ACC)",null,null,null,null,null,"Ghost Widows Embrace (HLD RNG)"]
[null,null,null,null,null,null,null,null,null,null,null,"Efficacy Adaptor (ENM ACC)",null,null,null,null,null,"Gift of the Ancients (DEF +7.5% RunSpeed)"]
[null,null,null,null,null,null,null,null,null,null,null,"Efficacy Adaptor (ENM RCH ACC)",null,null,null,null,null,"Gift of the Ancients (DEF END RCH)"]
[null,null,null,null,null,null,null,null,null,null,null,"Efficacy Adaptor (ENM RCH)",null,null,null,null,null,"Gift of the Ancients (DEF RCH)"]
[null,null,null,null,null,null,null,null,null,null,null,"Efficacy Adaptor (ENM)",null,null,null,null,null,"Gift of the Ancients (DEF)"]
[null,null,null,null,null,null,null,null,null,null,null,"Efficacy Adaptor (RCH ACC)",null,null,null,null,null,"Gift of the Ancients (END RCH)"]
[null,null,null,null,null,null,null,null,null,null,null,"Encouraged Accuracy (THB RCH END)",null,null,null,null,null,"Glimpse of the Abyss (20% chance (Psionic))"]
[null,null,null,null,null,null,null,null,null,null,null,"Encouraged Accuracy (THB RCH)",null,null,null,null,null,"Glimpse of the Abyss (ACC END)"]
[null,null,null,null,null,null,null,null,null,null,null,"Encouraged Accuracy (THB)",null,null,null,null,null,"Glimpse of the Abyss (ACC FER RCH)"]
[null,null,null,null,null,null,null,null,null,null,null,"Energy Manipulator (ENM)",null,null,null,null,null,"Glimpse of the Abyss (ACC RCH)"]
[null,null,null,null,null,null,null,null,null,null,null,"Enfeebled Operation (ACC END)",null,null,null,null,null,"Glimpse of the Abyss (END FER)"]
[null,null,null,null,null,null,null,null,null,null,null,"Enfeebled Operation (ACC IMB RCH)",null,null,null,null,null,"Glimpse of the Abyss (FER RNG)"]
[null,null,null,null,null,null,null,null,null,null,null,"Enfeebled Operation (ACC IMB)",null,null,null,null,null,"Impeded Swiftness (20% chance (Smashing))"]
[null,null,null,null,null,null,null,null,null,null,null,"Enfeebled Operation (ACC RCH)",null,null,null,null,null,"Impeded Swiftness (ACC END)"]
[null,null,null,null,null,null,null,null,null,null,null,"Enfeebled Operation (END IMB)",null,null,null,null,null,"Impeded Swiftness (DMG SLW)"]
[null,null,null,null,null,null,null,null,null,null,null,"Enfeebled Operation (IMB RNG)",null,null,null,null,null,"Impeded Swiftness (END RCH SLW)"]
[null,null,null,null,null,null,null,null,null,null,null,"Entropic Chaos (DMG ACC)",null,null,null,null,null,"Impeded Swiftness (RNG SLW)"]
[null,null,null,null,null,null,null,null,null,null,null,"Essence of Curare (ACC END)",null,null,null,null,null,"Impervious Skin (30% Res(Mez effects))"]
[null,null,null,null,null,null,null,null,null,null,null,"Essence of Curare (ACC HLD RCH)",null,null,null,null,null,"Impervious Skin (END RCH)"]
[null,null,null,null,null,null,null,null,null,null,null,"Essence of Curare (ACC HLD)",null,null,null,null,null,"Impervious Skin (RES END RCH)"]
[null,null,null,null,null,null,null,null,null,null,null,"Essence of Curare (ACC RCH)",null,null,null,null,null,"Impervious Skin (RES RCH)"]
[null,null,null,null,null,null,null,null,null,null,null,"Essence of Curare (END HLD)",null,null,null,null,null,"Impervium Armor (3% Rez (Psionic))"]
[null,null,null,null,null,null,null,null,null,null,null,"Essence of Curare (HLD RNG)",null,null,null,null,null,"Impervium Armor (END RCH)"]
[null,null,null,null,null,null,null,null,null,null,null,"Exploit Weakness (DMG ACC)",null,null,null,null,null,"Impervium Armor (RES END RCH)"]
[null,null,null,null,null,null,null,null,null,null,null,"Exploit Weakness (DMG END)",null,null,null,null,null,"Impervium Armor (RES RCH)"]
[null,null,null,null,null,null,null,null,null,null,null,"Exploit Weakness (DMG RCH)",null,null,null,null,null,"Impervium Armor (RES)"]
[null,null,null,null,null,null,null,null,null,null,null,"Exploit Weakness (DMG RNG)",null,null,null,null,null,"Induced Coma (20% chance -20% Recharge)"]
[null,null,null,null,null,null,null,null,null,null,null,"Exploited Vulnerability (DED RCH END)",null,null,null,null,null,"Induced Coma (ACC END)"]
[null,null,null,null,null,null,null,null,null,null,null,"Exploited Vulnerability (DED RCH)",null,null,null,null,null,"Induced Coma (ACC SLP RCH)"]
[null,null,null,null,null,null,null,null,null,null,null,"Exploited Vulnerability (DED)",null,null,null,null,null,"Induced Coma (END SLP)"]
[null,null,null,null,null,null,null,null,null,null,null,"Explosive Strike (KBA DMG)",null,null,null,null,null,"Induced Coma (SLP RNG)"]
[null,null,null,null,null,null,null,null,null,null,null,"Extreme Measures (ACC INT RNG)",null,null,null,null,null,"Kinetic Combat (20% chance Knockup)"]
[null,null,null,null,null,null,null,null,null,null,null,"Extreme Measures (ACC RCH RNG)",null,null,null,null,null,"Kinetic Combat (DMG END RCH)"]
[null,null,null,null,null,null,null,null,null,null,null,"Extreme Measures (DMG ACC)",null,null,null,null,null,"Kinetic Combat (DMG END)"]
[null,null,null,null,null,null,null,null,null,null,null,"Extreme Measures (DMG END RCH)",null,null,null,null,null,"Kinetic Combat (DMG RCH)"]
[null,null,null,null,null,null,null,null,null,null,null,"Extreme Measures (DMG END)",null,null,null,null,null,"Kinetic Crash (KBA DMG ACC)"]
[null,null,null,null,null,null,null,null,null,null,null,"Extreme Measures (DMG INT RCH)",null,null,null,null,null,"Kismet (DEF END RCH)"]
[null,null,null,null,null,null,null,null,null,null,null,"Fairy Wing ",null,null,null,null,null,"Kismet (DEF RCH)"]
[null,null,null,null,null,null,null,null,null,null,null,"Far Strike (ACC END)",null,null,null,null,null,"Kismet (END RCH)"]
[null,null,null,null,null,null,null,null,null,null,null,"Far Strike (DMG RCH)",null,null,null,null,null,"Kismet (UNIQUE: +6% Accuracy for 120 seconds)"]
[null,null,null,null,null,null,null,null,null,null,null,"Far Strike (DMG RNG)",null,null,null,null,null,"Luck of the Gambler (DEF +7.5% Recharge)"]
[null,null,null,null,null,null,null,null,null,null,null,"Focused Smite (ACC END RCH)",null,null,null,null,null,"Luck of the Gambler (DEF END RCH)"]
[null,null,null,null,null,null,null,null,null,null,null,"Focused Smite (DMG ACC RCH)",null,null,null,null,null,"Luck of the Gambler (DEF END)"]
[null,null,null,null,null,null,null,null,null,null,null,"Focused Smite (DMG ACC)",null,null,null,null,null,"Luck of the Gambler (DEF RCH)"]
[null,null,null,null,null,null,null,null,null,null,null,"Focused Smite (DMG END)",null,null,null,null,null,"Luck of the Gambler (DEF)"]
[null,null,null,null,null,null,null,null,null,null,null,"Focused Smite (DMG RCH)",null,null,null,null,null,"Luck of the Gambler (END RCH)"]
[null,null,null,null,null,null,null,null,null,null,null,"Force Feedback (KBA ACC)",null,null,null,null,null,"Makos Bite (20% chance (Energy))"]
[null,null,null,null,null,null,null,null,null,null,null,"Gaussians Synchronized Fire Control (THB)",null,null,null,null,null,"Makos Bite (ACC END RCH)"]
[null,null,null,null,null,null,null,null,null,null,null,"Gift of the Ancients (DEF END)",null,null,null,null,null,"Makos Bite (DMG ACC RCH END)"]
[null,null,null,null,null,null,null,null,null,null,null,"Harmonized Healing (END RCH)",null,null,null,null,null,"Makos Bite (DMG ACC)"]
[null,null,null,null,null,null,null,null,null,null,null,"Harmonized Healing (END)",null,null,null,null,null,"Makos Bite (DMG END)"]
[null,null,null,null,null,null,null,null,null,null,null,"Harmonized Healing (HEL END RCH)",null,null,null,null,null,"Makos Bite (DMG RCH)"]
[null,null,null,null,null,null,null,null,null,null,null,"Harmonized Healing (HEL END)",null,null,null,null,null,"Malaises Illusions (20% chance (Psionic))"]
[null,null,null,null,null,null,null,null,null,null,null,"Harmonized Healing (HEL RCH)",null,null,null,null,null,"Malaises Illusions (ACC CNF RCH)"]
[null,null,null,null,null,null,null,null,null,null,null,"Harmonized Healing (HEL)",null,null,null,null,null,"Malaises Illusions (ACC END)"]
[null,null,null,null,null,null,null,null,null,null,null,"Hibernation (ACC END)",null,null,null,null,null,"Malaises Illusions (ACC RCH)"]
[null,null,null,null,null,null,null,null,null,null,null,"Hibernation (ACC RCH)",null,null,null,null,null,"Malaises Illusions (CNF RNG)"]
[null,null,null,null,null,null,null,null,null,null,null,"Hibernation (ACC SLP RCH)",null,null,null,null,null,"Malaises Illusions (END CNF)"]
[null,null,null,null,null,null,null,null,null,null,null,"Hibernation (END SLP)",null,null,null,null,null,"Miracle (END RCH)"]
[null,null,null,null,null,null,null,null,null,null,null,"Hibernation (SLP RNG)",null,null,null,null,null,"Miracle (HEL END RCH)"]
[null,null,null,null,null,null,null,null,null,null,null,"Horror (ACC END)",null,null,null,null,null,"Miracle (HEL RCH)"]
[null,null,null,null,null,null,null,null,null,null,null,"Horror (ACC FER RCH)",null,null,null,null,null,"Miracle (HEL)"]
[null,null,null,null,null,null,null,null,null,null,null,"Horror (ACC RCH)",null,null,null,null,null,"Miracle (UNIQUE: +15% Recovery)"]
[null,null,null,null,null,null,null,null,null,null,null,"Horror (END FER)",null,null,null,null,null,"Mocking Beratement (RCH)"]
[null,null,null,null,null,null,null,null,null,null,null,"Horror (FER RNG)",null,null,null,null,null,"Neuronic Shutdown (20% chance (Psionic))"]
[null,null,null,null,null,null,null,null,null,null,null,"Impeded Swiftness (ACC SLW)",null,null,null,null,null,"Neuronic Shutdown (ACC END)"]
[null,null,null,null,null,null,null,null,null,null,null,"Impervious Skin (RES END)",null,null,null,null,null,"Neuronic Shutdown (ACC HLD RCH)"]
[null,null,null,null,null,null,null,null,null,null,null,"Impervium Armor (RES END)",null,null,null,null,null,"Neuronic Shutdown (END HLD)"]
[null,null,null,null,null,null,null,null,null,null,null,"Induced Coma (ACC RCH)",null,null,null,null,null,"Neuronic Shutdown (HLD RNG)"]
[null,null,null,null,null,null,null,null,null,null,null,"Insect Wing ",null,null,null,null,null,"Numinas Convalesence (END RCH)"]
[null,null,null,null,null,null,null,null,null,null,null,"Jaunt (END RNG)",null,null,null,null,null,"Numinas Convalesence (HEL END RCH)"]
[null,null,null,null,null,null,null,null,null,null,null,"Jaunt (END)",null,null,null,null,null,"Numinas Convalesence (HEL END)"]
[null,null,null,null,null,null,null,null,null,null,null,"Jaunt (RNG)",null,null,null,null,null,"Numinas Convalesence (HEL RCH)"]
[null,null,null,null,null,null,null,null,null,null,null,"Karma (DEF END)",null,null,null,null,null,"Numinas Convalesence (HEL)"]
[null,null,null,null,null,null,null,null,null,null,null,"Karma (DEF RCH)",null,null,null,null,null,"Numinas Convalesence (UNIQUE: +15% Regen +10% Recovery)"]
[null,null,null,null,null,null,null,null,null,null,null,"Karma (Mag -4 Knockback/up Protection)",null,null,null,null,null,"Pacing of the Turtle (20% chance -20% Recharge)"]
[null,null,null,null,null,null,null,null,null,null,null,"Kinetic Combat (DMG ACC)",null,null,null,null,null,"Pacing of the Turtle (ACC END)"]
[null,null,null,null,null,null,null,null,null,null,null,"Kinetic Crash (KBA ACC)",null,null,null,null,null,"Pacing of the Turtle (ACC SLW)"]
[null,null,null,null,null,null,null,null,null,null,null,"Kinetic Crash (KBA DMG)",null,null,null,null,null,"Pacing of the Turtle (DMG SLW)"]
[null,null,null,null,null,null,null,null,null,null,null,"Kinetic Crash (KBA DMG END)",null,null,null,null,null,"Pacing of the Turtle (END RCH SLW)"]
[null,null,null,null,null,null,null,null,null,null,null,"Kinetic Crash (KBA END)",null,null,null,null,null,"Pacing of the Turtle (RNG SLW)"]
[null,null,null,null,null,null,null,null,null,null,null,"Kinetic Crash (KBA RCH)",null,null,null,null,null,"Perfect Zinger (20% chance (Psionic))"]
[null,null,null,null,null,null,null,null,null,null,null,"Kismet (DEF END)",null,null,null,null,null,"Perfect Zinger (RCH ACC)"]
[null,null,null,null,null,null,null,null,null,null,null,"Lethargic Repose (ACC END)",null,null,null,null,null,"Perfect Zinger (TNT RCH RNG)"]
[null,null,null,null,null,null,null,null,null,null,null,"Lethargic Repose (ACC RCH)",null,null,null,null,null,"Perfect Zinger (TNT RCH)"]
[null,null,null,null,null,null,null,null,null,null,null,"Lethargic Repose (ACC SLP RCH)",null,null,null,null,null,"Perfect Zinger (TNT RNG)"]
[null,null,null,null,null,null,null,null,null,null,null,"Lethargic Repose (END SLP)",null,null,null,null,null,"Performance Shifter (20% Chance (Endurance))"]
[null,null,null,null,null,null,null,null,null,null,null,"Lethargic Repose (SLP ACC)",null,null,null,null,null,"Performance Shifter (ENM ACC)"]
[null,null,null,null,null,null,null,null,null,null,null,"Lethargic Repose (SLP RNG)",null,null,null,null,null,"Performance Shifter (ENM RCH ACC)"]
[null,null,null,null,null,null,null,null,null,null,null,"Maelstroms Fury (DMG ACC)",null,null,null,null,null,"Performance Shifter (ENM RCH)"]
[null,null,null,null,null,null,null,null,null,null,null,"Maelstroms Fury (DMG END RCH)",null,null,null,null,null,"Performance Shifter (RCH ACC)"]
[null,null,null,null,null,null,null,null,null,null,null,"Maelstroms Fury (DMG END)",null,null,null,null,null,"Positrons Blast (20% chance (Energy))"]
[null,null,null,null,null,null,null,null,null,null,null,"Maelstroms Fury (DMG RCH)",null,null,null,null,null,"Positrons Blast (DMG ACC)"]
[null,null,null,null,null,null,null,null,null,null,null,"Miracle (HEL END)",null,null,null,null,null,"Positrons Blast (DMG END ACC)"]
[null,null,null,null,null,null,null,null,null,null,null,"Mocking Beratement (RCH ACC)",null,null,null,null,null,"Positrons Blast (DMG END)"]
[null,null,null,null,null,null,null,null,null,null,null,"Mocking Beratement (TNT RCH RNG)",null,null,null,null,null,"Positrons Blast (DMG RCH)"]
[null,null,null,null,null,null,null,null,null,null,null,"Mocking Beratement (TNT RCH)",null,null,null,null,null,"Positrons Blast (DMG RNG)"]
[null,null,null,null,null,null,null,null,null,null,null,"Mocking Beratement (TNT RNG)",null,null,null,null,null,"Pounding Slugfest (10% chance (Stun))"]
[null,null,null,null,null,null,null,null,null,null,null,"Mocking Beratement (TNT)",null,null,null,null,null,"Pounding Slugfest (DMG END)"]
[null,null,null,null,null,null,null,null,null,null,null,"Multi Strike (ACC END)",null,null,null,null,null,"Pounding Slugfest (DMG RCH)"]
[null,null,null,null,null,null,null,null,null,null,null,"Multi Strike (DMG ACC)",null,null,null,null,null,"Pulverizing Fisticuffs (DMG ACC RCH END)"]
[null,null,null,null,null,null,null,null,null,null,null,"Multi Strike (DMG END ACC)",null,null,null,null,null,"Pulverizing Fisticuffs (DMG ACC RCH)"]
[null,null,null,null,null,null,null,null,null,null,null,"Multi Strike (DMG END RCH)",null,null,null,null,null,"Razzle Dazzle (20% chance (Immobilize))"]
[null,null,null,null,null,null,null,null,null,null,null,"Multi Strike (DMG END)",null,null,null,null,null,"Razzle Dazzle (ACC END)"]
[null,null,null,null,null,null,null,null,null,null,null,"Multi Strike (DMG RCH)",null,null,null,null,null,"Razzle Dazzle (ACC STN RCH)"]
[null,null,null,null,null,null,null,null,null,null,null,"Neuronic Shutdown (ACC RCH)",null,null,null,null,null,"Razzle Dazzle (STN END)"]
[null,null,null,null,null,null,null,null,null,null,null,"Nightmare (ACC END)",null,null,null,null,null,"Razzle Dazzle (STN RNG)"]
[null,null,null,null,null,null,null,null,null,null,null,"Nightmare (ACC FER RCH)",null,null,null,null,null,"Rectified Reticle (20% Increase (Perception))"]
[null,null,null,null,null,null,null,null,null,null,null,"Nightmare (ACC FER)",null,null,null,null,null,"Rectified Reticle (THB RCH)"]
[null,null,null,null,null,null,null,null,null,null,null,"Nightmare (ACC RCH)",null,null,null,null,null,"Regenerative Tissue (END RCH)"]
[null,null,null,null,null,null,null,null,null,null,null,"Nightmare (END FER)",null,null,null,null,null,"Regenerative Tissue (HEL END RCH)"]
[null,null,null,null,null,null,null,null,null,null,null,"Nightmare (FER RNG)",null,null,null,null,null,"Regenerative Tissue (HEL RCH)"]
[null,null,null,null,null,null,null,null,null,null,null,"Paralytic (ACC END)",null,null,null,null,null,"Regenerative Tissue (UNIQUE: +25% Regeneration)"]
[null,null,null,null,null,null,null,null,null,null,null,"Paralytic (ACC HLD RCH)",null,null,null,null,null,"Revolver (Ranged Lethal, Med Dam)"]
[null,null,null,null,null,null,null,null,null,null,null,"Paralytic (ACC RCH)",null,null,null,null,null,"Salvo (DMG ACC RNG END)"]
[null,null,null,null,null,null,null,null,null,null,null,"Paralytic (END HLD)",null,null,null,null,null,"Salvo (DMG END RCH)"]
[null,null,null,null,null,null,null,null,null,null,null,"Paralytic (HLD RNG)",null,null,null,null,null,"Sciroccos Dervish (20% chance (Lethal))"]
[null,null,null,null,null,null,null,null,null,null,null,"Perfect Zinger (TNT)",null,null,null,null,null,"Sciroccos Dervish (ACC RCH)"]
[null,null,null,null,null,null,null,null,null,null,null,"Performance Shifter (ENM)",null,null,null,null,null,"Sciroccos Dervish (DMG ACC)"]
[null,null,null,null,null,null,null,null,null,null,null,"Perplex (ACC CNF RCH)",null,null,null,null,null,"Sciroccos Dervish (DMG END ACC)"]
[null,null,null,null,null,null,null,null,null,null,null,"Perplex (ACC END)",null,null,null,null,null,"Sciroccos Dervish (DMG END)"]
[null,null,null,null,null,null,null,null,null,null,null,"Perplex (ACC RCH)",null,null,null,null,null,"Sciroccos Dervish (DMG RCH)"]
[null,null,null,null,null,null,null,null,null,null,null,"Perplex (CNF RNG)",null,null,null,null,null,"Sovereign Right (ACC END)"]
[null,null,null,null,null,null,null,null,null,null,null,"Perplex (END CNF)",null,null,null,null,null,"Sovereign Right (ACC)"]
[null,null,null,null,null,null,null,null,null,null,null,"Perplex (RCH CNF)",null,null,null,null,null,"Sovereign Right (DMG ACC)"]
[null,null,null,null,null,null,null,null,null,null,null,"Piston Boots ",null,null,null,null,null,"Sovereign Right (DMG END ACC)"]
[null,null,null,null,null,null,null,null,null,null,null,"Pounding Slugfest (DMG ACC)",null,null,null,null,null,"Sovereign Right (DMG END)"]
[null,null,null,null,null,null,null,null,null,null,null,"Pulverizing Fisticuffs (DMG ACC)",null,null,null,null,null,"Sovereign Right (UNIQUE: PBAoE (20ft) Pet +Res 10%(all but Psionic))"]
[null,null,null,null,null,null,null,null,null,null,null,"Quickfoot (END RUN)",null,null,null,null,null,"St Louis Slammer (Melee Smash, Med Dam, Knockback)"]
[null,null,null,null,null,null,null,null,null,null,null,"Quickfoot (END)",null,null,null,null,null,"Sting of the Manticore (20% chance (Toxic))"]
[null,null,null,null,null,null,null,null,null,null,null,"Quickfoot (RUN)",null,null,null,null,null,"Sting of the Manticore (ACC INT RNG)"]
[null,null,null,null,null,null,null,null,null,null,null,"Razzle Dazzle (ACC RCH)",null,null,null,null,null,"Sting of the Manticore (DMG ACC)"]
[null,null,null,null,null,null,null,null,null,null,null,"Reactive Armor (END RCH)",null,null,null,null,null,"Sting of the Manticore (DMG END RCH)"]
[null,null,null,null,null,null,null,null,null,null,null,"Reactive Armor (END)",null,null,null,null,null,"Sting of the Manticore (DMG END)"]
[null,null,null,null,null,null,null,null,null,null,null,"Reactive Armor (RES END RCH)",null,null,null,null,null,"Sting of the Manticore (DMG INT RCH)"]
[null,null,null,null,null,null,null,null,null,null,null,"Reactive Armor (RES END)",null,null,null,null,null,"Stupefy (20% chance 6.0 Knockup)"]
[null,null,null,null,null,null,null,null,null,null,null,"Reactive Armor (RES RCH)",null,null,null,null,null,"Stupefy (ACC END)"]
[null,null,null,null,null,null,null,null,null,null,null,"Reactive Armor (RES)",null,null,null,null,null,"Stupefy (ACC RCH)"]
[null,null,null,null,null,null,null,null,null,null,null,"Rectified Reticle (THB)",null,null,null,null,null,"Stupefy (ACC STN RCH)"]
[null,null,null,null,null,null,null,null,null,null,null,"Red Fortune (DEF END RCH)",null,null,null,null,null,"Stupefy (END STN)"]
[null,null,null,null,null,null,null,null,null,null,null,"Red Fortune (DEF END)",null,null,null,null,null,"Stupefy (STN RNG)"]
[null,null,null,null,null,null,null,null,null,null,null,"Red Fortune (DEF RCH)",null,null,null,null,null,"Tempest (20% chance EndDrain)"]
[null,null,null,null,null,null,null,null,null,null,null,"Red Fortune (DEF)",null,null,null,null,null,"Tempest (DMG END)"]
[null,null,null,null,null,null,null,null,null,null,null,"Red Fortune (END RCH)",null,null,null,null,null,"Tempest (DMG RCH)"]
[null,null,null,null,null,null,null,null,null,null,null,"Red Fortune (END)",null,null,null,null,null,"TimeSpace Manipulation (END)"]
[null,null,null,null,null,null,null,null,null,null,null,"Regenerative Tissue (HEL END)",null,null,null,null,null,"TimeSpace Manipulation (RNG)"]
[null,null,null,null,null,null,null,null,null,null,null,"Rocket Boots ",null,null,null,null,null,"TimeSpace Manipulation (UNIQUE: +Stealth (35ft PvE/389ft PvP))"]
[null,null,null,null,null,null,null,null,null,null,null,"Rooting Grasp (ACC END)",null,null,null,null,null,"Touch of Death (DMG ACC)"]
[null,null,null,null,null,null,null,null,null,null,null,"Rooting Grasp (ACC IMB RCH)",null,null,null,null,null,"Touch of Death (DMG END ACC)"]
[null,null,null,null,null,null,null,null,null,null,null,"Rooting Grasp (ACC RCH)",null,null,null,null,null,"Touch of Death (DMG END RCH)"]
[null,null,null,null,null,null,null,null,null,null,null,"Rooting Grasp (END IMB)",null,null,null,null,null,"Touch of Death (DMG END)"]
[null,null,null,null,null,null,null,null,null,null,null,"Rooting Grasp (IMB RNG)",null,null,null,null,null,"Touch of Death (DMG RCH)"]
[null,null,null,null,null,null,null,null,null,null,null,"Rope a dope (ACC END)",null,null,null,null,null,"Touch of Death (Small chance (Negative))"]
[null,null,null,null,null,null,null,null,null,null,null,"Rope a dope (ACC RCH)",null,null,null,null,null,"Touch of Lady Grey (20% Chance (Negative))"]
[null,null,null,null,null,null,null,null,null,null,null,"Rope a dope (ACC STN RCH)",null,null,null,null,null,"Touch of Lady Grey (DED END)"]
[null,null,null,null,null,null,null,null,null,null,null,"Rope a dope (END STN)",null,null,null,null,null,"Touch of Lady Grey (DED RCH END)"]
[null,null,null,null,null,null,null,null,null,null,null,"Rope a dope (STN ACC)",null,null,null,null,null,"Touch of Lady Grey (DED RCH)"]
[null,null,null,null,null,null,null,null,null,null,null,"Rope a dope (STN RNG)",null,null,null,null,null,"Touch of Lady Grey (RCH END)"]
[null,null,null,null,null,null,null,null,null,null,null,"Ruin (ACC END RCH)",null,null,null,null,null,"Trap of the Hunter (20% chance (Lethal))"]
[null,null,null,null,null,null,null,null,null,null,null,"Ruin (DMG ACC RCH)",null,null,null,null,null,"Trap of the Hunter (ACC END)"]
[null,null,null,null,null,null,null,null,null,null,null,"Ruin (DMG ACC)",null,null,null,null,null,"Trap of the Hunter (ACC IMB RCH)"]
[null,null,null,null,null,null,null,null,null,null,null,"Ruin (DMG END)",null,null,null,null,null,"Trap of the Hunter (ACC RCH)"]
[null,null,null,null,null,null,null,null,null,null,null,"Ruin (DMG RCH)",null,null,null,null,null,"Trap of the Hunter (END IMB)"]
[null,null,null,null,null,null,null,null,null,null,null,"Salvo (DMG ACC)",null,null,null,null,null,"Trap of the Hunter (IMB RNG)"]
[null,null,null,null,null,null,null,null,null,null,null,"Serendipity (DEF END RCH)",null,null,null,null,null,"Triumphant Insult (10% Chance (Stun))"]
[null,null,null,null,null,null,null,null,null,null,null,"Serendipity (DEF END)",null,null,null,null,null,"Triumphant Insult (TNT RCH)"]
[null,null,null,null,null,null,null,null,null,null,null,"Serendipity (DEF RCH)",null,null,null,null,null,"Unbounded Leap (END)"]
[null,null,null,null,null,null,null,null,null,null,null,"Serendipity (DEF)",null,null,null,null,null,"Unbounded Leap (JMP)"]
[null,null,null,null,null,null,null,null,null,null,null,"Serendipity (END RCH)",null,null,null,null,null,"Unbounded Leap (UNIQUE: +Stealth (35ft PvE/389ft PvP))"]
[null,null,null,null,null,null,null,null,null,null,null,"Serendipity (END)",null,null,null,null,null,"Undermined Defenses (RCH)"]
[null,null,null,null,null,null,null,null,null,null,null,"Smashing Haymaker (DMG ACC)",null,null,null,null,null,"Unspeakable Terror (2% (Stun))"]
[null,null,null,null,null,null,null,null,null,null,null,"Smashing Haymaker (DMG END RCH)",null,null,null,null,null,"Unspeakable Terror (ACC END)"]
[null,null,null,null,null,null,null,null,null,null,null,"Smashing Haymaker (DMG END)",null,null,null,null,null,"Unspeakable Terror (ACC FER RCH)"]
[null,null,null,null,null,null,null,null,null,null,null,"Smashing Haymaker (DMG RCH)",null,null,null,null,null,"Unspeakable Terror (END FER)"]
[null,null,null,null,null,null,null,null,null,null,null,"Soaring (END FLY)",null,null,null,null,null,"Unspeakable Terror (FER RNG)"]
[null,null,null,null,null,null,null,null,null,null,null,"Soaring (END)"]
[null,null,null,null,null,null,null,null,null,null,null,"Soaring (FLY)"]
[null,null,null,null,null,null,null,null,null,null,null,"Springfoot (END JMP)"]
[null,null,null,null,null,null,null,null,null,null,null,"Springfoot (END)"]
[null,null,null,null,null,null,null,null,null,null,null,"Springfoot (JMP)"]
[null,null,null,null,null,null,null,null,null,null,null,"Stagger (ACC END)"]
[null,null,null,null,null,null,null,null,null,null,null,"Stagger (ACC RCH)"]
[null,null,null,null,null,null,null,null,null,null,null,"Stagger (ACC STN RCH)"]
[null,null,null,null,null,null,null,null,null,null,null,"Stagger (END STN)"]
[null,null,null,null,null,null,null,null,null,null,null,"Stagger (STN RNG)"]
[null,null,null,null,null,null,null,null,null,null,null,"Steadfast Protection (Mag -4 Knockback/up Protection)"]
[null,null,null,null,null,null,null,null,null,null,null,"Steadfast Protection (RES END)"]
[null,null,null,null,null,null,null,null,null,null,null,"Steadfast Protection (UNIQUE: RES +3% Def(All))"]
[null,null,null,null,null,null,null,null,null,null,null,"Tech Wing "]
[null,null,null,null,null,null,null,null,null,null,null,"Tempered Readiness (ACC DMG SLW)"]
[null,null,null,null,null,null,null,null,null,null,null,"Tempered Readiness (ACC END)"]
[null,null,null,null,null,null,null,null,null,null,null,"Tempered Readiness (ACC SLW)"]
[null,null,null,null,null,null,null,null,null,null,null,"Tempered Readiness (DMG SLW)"]
[null,null,null,null,null,null,null,null,null,null,null,"Tempered Readiness (END RCH SLW)"]
[null,null,null,null,null,null,null,null,null,null,null,"Tempered Readiness (RNG SLW)"]
[null,null,null,null,null,null,null,null,null,null,null,"Tempest (DMG ACC)"]
[null,null,null,null,null,null,null,null,null,null,null,"Thunderstrike (DMG ACC RCH)"]
[null,null,null,null,null,null,null,null,null,null,null,"Thunderstrike (DMG ACC)"]
[null,null,null,null,null,null,null,null,null,null,null,"Thunderstrike (DMG END ACC)"]
[null,null,null,null,null,null,null,null,null,null,null,"Thunderstrike (DMG END RCH)"]
[null,null,null,null,null,null,null,null,null,null,null,"Thunderstrike (DMG END)"]
[null,null,null,null,null,null,null,null,null,null,null,"Thunderstrike (DMG RCH)"]
[null,null,null,null,null,null,null,null,null,null,null,"Titanium Coating (END RCH)"]
[null,null,null,null,null,null,null,null,null,null,null,"Titanium Coating (END)"]
[null,null,null,null,null,null,null,null,null,null,null,"Titanium Coating (RES END RCH)"]
[null,null,null,null,null,null,null,null,null,null,null,"Titanium Coating (RES END)"]
[null,null,null,null,null,null,null,null,null,null,null,"Titanium Coating (RES RCH)"]
[null,null,null,null,null,null,null,null,null,null,null,"Titanium Coating (RES)"]
[null,null,null,null,null,null,null,null,null,null,null,"Touch of Lady Grey (DED)"]
[null,null,null,null,null,null,null,null,null,null,null,"Triage (END RCH)"]
[null,null,null,null,null,null,null,null,null,null,null,"Triage (HEL END RCH)"]
[null,null,null,null,null,null,null,null,null,null,null,"Triage (HEL END)"]
[null,null,null,null,null,null,null,null,null,null,null,"Triage (HEL RCH)"]
[null,null,null,null,null,null,null,null,null,null,null,"Triumphant Insult (TNT)"]
[null,null,null,null,null,null,null,null,null,null,null,"Undermined Defenses (DED END)"]
[null,null,null,null,null,null,null,null,null,null,null,"Undermined Defenses (DED RCH END)"]
[null,null,null,null,null,null,null,null,null,null,null,"Undermined Defenses (DED RCH)"]
[null,null,null,null,null,null,null,null,null,null,null,"Undermined Defenses (DED)"]
[null,null,null,null,null,null,null,null,null,null,null,"Undermined Defenses (RCH END)"]
[null,null,null,null,null,null,null,null,null,null,null,"Unquestioning Loyalty (ACC END)"]
[null,null,null,null,null,null,null,null,null,null,null,"Unquestioning Loyalty (DMG ACC)"]
[null,null,null,null,null,null,null,null,null,null,null,"Unquestioning Loyalty (DMG END ACC)"]
[null,null,null,null,null,null,null,null,null,null,null,"Unquestioning Loyalty (DMG END)"]
[null,null,null,null,null,null,null,null,null,null,null,"Unspeakable Terror (ACC RCH)"]
[null,null,null,null,null,null,null,null,null,null,null,"Volley Fire (DMG ACC)"]
[null,null,null,null,null,null,null,null,null,null,null,"Volley Fire (DMG END)"]
[null,null,null,null,null,null,null,null,null,null,null,"Volley Fire (DMG RCH)"]
[null,null,null,null,null,null,null,null,null,null,null,"Volley of Velocity (KBA ACC)"]
[null,null,null,null,null,null,null,null,null,null,null,"Volley of Velocity (KBA DMG)"]
[null,null,null,null,null,null,null,null,null,null,null,"Volley of Velocity (KBA RCH)"]
[null,null,null,null,null,null,null,null,null,null,null,"Winged Boots "]
[]
[]
[]
[]
[]
[]
[]
[]
[]
[]
[]
[]
[]
[]
[]
[]
[]
[]
[]
[]
[]
[]
[]
[]
[]
[]
[]
[]
[]
[]
[]
[]
[]
[]
[]
[]
[]
[]
[]
[]
[]
[]
[]
[]
[]
[]
[]
[]
[]
[]
[]
[]
[]
[]
[]
[]
[]
[]
[]
[]
[]
[]
[]
[]
[]
[]
[]
[]
[]
[]
[]
[]
[]
[]
[]
[]
[]
[]
[]
[]
[]
[]
[]
[]
[]
[]
[]
[]
[]
[]
[]
[]
[]
[]
[]
[]
[]
[]
[]
[]
[]
[]
[]
[]
[]
[]
[]
[]
[]
[]
[]
[]
[]
[]
[]
[]
[]
[]
[]
[]
[]
[]
[]
[]
[]
[]
[]
[]
[]
[]
[]
[]
[]
[]
[]
[]
[]
[]
[]
[]
[]
[]
[]
[]
[]
[]
[]
[]
[]
[]
[]
[]
[]
[]
[]
[]
[]
[]
[null,null,null,null,null,null,null,null,null,null,null,""]
[null,null,null,null,null,null,null,null,null,null,null,""]
[null,null,null,null,null,null,null,null,null,null,null,""]
[null,null,null,null,null,null,null,null,null,null,null,""]
[null,null,null,null,null,null,null,null,null,null,null,""]
[null,null,null,null,null,null,null,null,null,null,null,""]
[null,null,null,null,null,null,null,null,null,null,null,""]
[null,null,null,null,null,null,null,null,null,null,null,""]
[null,null,null,null,null,null,null,null,null,null,null,""]
[null,null,null,null,null,null,null,null,null,null,null,""]
[null,null,null,null,null,null,null,null,null,null,null,""]
[null,null,null,null,null,null,null,null,null,null,null,""]
[null,null,null,null,null,null,null,null,null,null,null,""]
[null,null,null,null,null,null,null,null,null,null,null,""]
[null,null,null,null,null,null,null,null,null,null,null,""]
[null,null,null,null,null,null,null,null,null,null,null,""]
[null,null,null,null,null,null,null,null,null,null,null,""]
[null,null,null,null,null,null,null,null,null,null,null,""]
[null,null,null,null,null,null,null,null,null,null,null,""]
[null,null,null,null,null,null,null,null,null,null,null,""]
[null,null,null,null,null,null,null,null,null,null,null,""]
[null,null,null,null,null,null,null,null,null,null,null,""]
[null,null,null,null,null,null,null,null,null,null,null,""]
[null,null,null,null,null,null,null,null,null,null,null,""]
[null,null,null,null,null,null,null,null,null,null,null,""]
[null,null,null,null,null,null,null,null,null,null,null,""]
[null,null,null,null,null,null,null,null,null,null,null,""]
[null,null,null,null,null,null,null,null,null,null,null,""]
[null,null,null,null,null,null,null,null,null,null,null,""]
[null,null,null,null,null,null,null,null,null,null,null,""]
[null,null,null,null,null,null,null,null,null,null,null,""]
[null,null,null,null,null,null,null,null,null,null,null,""]
[null,null,null,null,null,null,null,null,null,null,null,""]
[null,null,null,null,null,null,null,null,null,null,null,""]
[null,null,null,null,null,null,null,null,null,null,null,""]
[null,null,null,null,null,null,null,null,null,null,null,""]
[null,null,null,null,null,null,null,null,null,null,null,""]
[null,null,null,null,null,null,null,null,null,null,null,""]
[null,null,null,null,null,null,null,null,null,null,null,""]
[null,null,null,null,null,null,null,null,null,null,null,""]
[null,null,null,null,null,null,null,null,null,null,null,""]
[null,null,null,null,null,null,null,null,null,null,null,""]
[null,null,null,null,null,null,null,null,null,null,null,""]
[null,null,null,null,null,null,null,null,null,null,null,""]
[null,null,null,null,null,null,null,null,null,null,null,""]
[null,null,null,null,null,null,null,null,null,null,null,""]
[null,null,null,null,null,null,null,null,null,null,null,""]
[null,null,null,null,null,null,null,null,null,null,null,""]
[null,null,null,null,null,null,null,null,null,null,null,""]
[null,null,null,null,null,null,null,null,null,null,null,""]
[null,null,null,null,null,null,null,null,null,null,null,""]
[null,null,null,null,null,null,null,null,null,null,null,""]
[null,null,null,null,null,null,null,null,null,null,null,""]
[null,null,null,null,null,null,null,null,null,null,null,""]
[null,null,null,null,null,null,null,null,null,null,null,""]
[null,null,null,null,null,null,null,null,null,null,null,""]
[null,null,null,null,null,null,null,null,null,null,null,""]
[null,null,null,null,null,null,null,null,null,null,null,""]
[null,null,null,null,null,null,null,null,null,null,null,""]
[null,null,null,null,null,null,null,null,null,null,null,""]
[null,null,null,null,null,null,null,null,null,null,null,""]
[null,null,null,null,null,null,null,null,null,null,null,""]
[null,null,null,null,null,null,null,null,null,null,null,""]
[null,null,null,null,null,null,null,null,null,null,null,""]
[null,null,null,null,null,null,null,null,null,null,null,""]
[null,null,null,null,null,null,null,null,null,null,null,""]
[null,null,null,null,null,null,null,null,null,null,null,""]
[null,null,null,null,null,null,null,null,null,null,null,""]
[null,null,null,null,null,null,null,null,null,null,null,""]
[null,null,null,null,null,null,null,null,null,null,null,""]
[null,null,null,null,null,null,null,null,null,null,null,""]
[null,null,null,null,null,null,null,null,null,null,null,""]
[null,null,null,null,null,null,null,null,null,null,null,""]
[null,null,null,null,null,null,null,null,null,null,null,""]
[null,null,null,null,null,null,null,null,null,null,null,""]
[null,null,null,null,null,null,null,null,null,null,null,""]
[null,null,null,null,null,null,null,null,null,null,null,""]
[null,null,null,null,null,null,null,null,null,null,null,""]
[null,null,null,null,null,null,null,null,null,null,null,""]
[null,null,null,null,null,null,null,null,null,null,null,""]
[null,null,null,null,null,null,null,null,null,null,null,""]
[null,null,null,null,null,null,null,null,null,null,null,""]
[null,null,null,null,null,null,null,null,null,null,null,""]
[null,null,null,null,null,null,null,null,null,null,null,""]
[null,null,null,null,null,null,null,null,null,null,null,""]
[null,null,null,null,null,null,null,null,null,null,null,""]
[null,null,null,null,null,null,null,null,null,null,null,""]
[null,null,null,null,null,null,null,null,null,null,null,""]
[null,null,null,null,null,null,null,null,null,null,null,""]
[null,null,null,null,null,null,null,null,null,null,null,""]
[null,null,null,null,null,null,null,null,null,null,null,""]
[null,null,null,null,null,null,null,null,null,null,null,""]
[null,null,null,null,null,null,null,null,null,null,null,""]
[null,null,null,null,null,null,null,null,null,null,null,""]
[null,null,null,null,null,null,null,null,null,null,null,""]
[null,null,null,null,null,null,null,null,null,null,null,""]
[null,null,null,null,null,null,null,null,null,null,null,""]
[null,null,null,null,null,null,null,null,null,null,null,""]
[null,null,null,null,null,null,null,null,null,null,null,""]
[null,null,null,null,null,null,null,null,null,null,null,""]
[null,null,null,null,null,null,null,null,null,null,null,""]
[null,null,null,null,null,null,null,null,null,null,null,""]
[null,null,null,null,null,null,null,null,null,null,null,""]
[null,null,null,null,null,null,null,null,null,null,null,""]
[null,null,null,null,null,null,null,null,null,null,null,""]
[null,null,null,null,null,null,null,null,null,null,null,""]
[null,null,null,null,null,null,null,null,null,null,null,""]
[null,null,null,null,null,null,null,null,null,null,null,""]
[null,null,null,null,null,null,null,null,null,null,null,""]
[null,null,null,null,null,null,null,null,null,null,null,""]
[null,null,null,null,null,null,null,null,null,null,null,""]
[null,null,null,null,null,null,null,null,null,null,null,""]
[null,null,null,null,null,null,null,null,null,null,null,""]
[null,null,null,null,null,null,null,null,null,null,null,""]
[null,null,null,null,null,null,null,null,null,null,null,""]
[null,null,null,null,null,null,null,null,null,null,null,""]
[null,null,null,null,null,null,null,null,null,null,null,""]
[null,null,null,null,null,null,null,null,null,null,null,""]
[null,null,null,null,null,null,null,null,null,null,null,""]
[null,null,null,null,null,null,null,null,null,null,null,""]
[null,null,null,null,null,null,null,null,null,null,null,""]
[null,null,null,null,null,null,null,null,null,null,null,""]
[null,null,null,null,null,null,null,null,null,null,null,""]
[null,null,null,null,null,null,null,null,null,null,null,""]
[null,null,null,null,null,null,null,null,null,null,null,""]
[null,null,null,null,null,null,null,null,null,null,null,""]
[null,null,null,null,null,null,null,null,null,null,null,""]
[null,null,null,null,null,null,null,null,null,null,null,""]
[null,null,null,null,null,null,null,null,null,null,null,""]
[null,null,null,null,null,null,null,null,null,null,null,""]
[null,null,null,null,null,null,null,null,null,null,null,""]
[null,null,null,null,null,null,null,null,null,null,null,""]
[null,null,null,null,null,null,null,null,null,null,null,""]
[null,null,null,null,null,null,null,null,null,null,null,""]
[null,null,null,null,null,null,null,null,null,null,null,""]
[null,null,null,null,null,null,null,null,null,null,null,""]
[null,null,null,null,null,null,null,null,null,null,null,""]
[null,null,null,null,null,null,null,null,null,null,null,""]
[null,null,null,null,null,null,null,null,null,null,null,""]
[null,null,null,null,null,null,null,null,null,null,null,""]
[null,null,null,null,null,null,null,null,null,null,null,""]
[null,null,null,null,null,null,null,null,null,null,null,""]
[null,null,null,null,null,null,null,null,null,null,null,""]
[null,null,null,null,null,null,null,null,null,null,null,""]
[null,null,null,null,null,null,null,null,null,null,null,""]
[null,null,null,null,null,null,null,null,null,null,null,""]
[null,null,null,null,null,null,null,null,null,null,null,""]
[null,null,null,null,null,null,null,null,null,null,null,""]
[null,null,null,null,null,null,null,null,null,null,null,""]
[null,null,null,null,null,null,null,null,null,null,null,""]
[null,null,null,null,null,null,null,null,null,null,null,""]
[null,null,null,null,null,null,null,null,null,null,null,""]
[null,null,null,null,null,null,null,null,null,null,null,""]
[null,null,null,null,null,null,null,null,null,null,null,""]
[null,null,null,null,null,null,null,null,null,null,null,""]
[null,null,null,null,null,null,null,null,null,null,null,""]
[null,null,null,null,null,null,null,null,null,null,null,""]
[null,null,null,null,null,null,null,null,null,null,null,""]
[null,null,null,null,null,null,null,null,null,null,null,""]
[null,null,null,null,null,null,null,null,null,null,null,""]
[null,null,null,null,null,null,null,null,null,null,null,""]
[null,null,null,null,null,null,null,null,null,null,null,""]
[null,null,null,null,null,null,null,null,null,null,null,""]
[null,null,null,null,null,null,null,null,null,null,null,""]
[null,null,null,null,null,null,null,null,null,null,null,""]
[null,null,null,null,null,null,null,null,null,null,null,""]
[null,null,null,null,null,null,null,null,null,null,null,""]
[null,null,null,null,null,null,null,null,null,null,null,""]
[null,null,null,null,null,null,null,null,null,null,null,""]
[null,null,null,null,null,null,null,null,null,null,null,""]
[null,null,null,null,null,null,null,null,null,null,null,""]
[null,null,null,null,null,null,null,null,null,null,null,""]
[null,null,null,null,null,null,null,null,null,null,null,""]
[null,null,null,null,null,null,null,null,null,null,null,""]
[null,null,null,null,null,null,null,null,null,null,null,""]
[null,null,null,null,null,null,null,null,null,null,null,""]
[null,null,null,null,null,null,null,null,null,null,null,""]
[null,null,null,null,null,null,null,null,null,null,null,""]
[null,null,null,null,null,null,null,null,null,null,null,""]
[null,null,null,null,null,null,null,null,null,null,null,""]
[null,null,null,null,null,null,null,null,null,null,null,""]
[null,null,null,null,null,null,null,null,null,null,null,""]
[null,null,null,null,null,null,null,null,null,null,null,""]
[null,null,null,null,null,null,null,null,null,null,null,""]
[null,null,null,null,null,null,null,null,null,null,null,""]
[null,null,null,null,null,null,null,null,null,null,null,""]
[null,null,null,null,null,null,null,null,null,null,null,""]
[null,null,null,null,null,null,null,null,null,null,null,""]
[null,null,null,null,null,null,null,null,null,null,null,""]
[null,null,null,null,null,null,null,null,null,null,null,""]
[null,null,null,null,null,null,null,null,null,null,null,""]
[null,null,null,null,null,null,null,null,null,null,null,""]
[null,null,null,null,null,null,null,null,null,null,null,""]
[null,null,null,null,null,null,null,null,null,null,null,""]
[null,null,null,null,null,null,null,null,null,null,null,""]
[null,null,null,null,null,null,null,null,null,null,null,""]
[null,null,null,null,null,null,null,null,null,null,null,""]
[null,null,null,null,null,null,null,null,null,null,null,""]
[null,null,null,null,null,null,null,null,null,null,null,""]
[null,null,null,null,null,null,null,null,null,null,null,""]
[null,null,null,null,null,null,null,null,null,null,null,""]
[null,null,null,null,null,null,null,null,null,null,null,""]
[null,null,null,null,null,null,null,null,null,null,null,""]
[null,null,null,null,null,null,null,null,null,null,null,""]
[null,null,null,null,null,null,null,null,null,null,null,""]
[null,null,null,null,null,null,null,null,null,null,null,""]
[null,null,null,null,null,null,null,null,null,null,null,""]
[null,null,null,null,null,null,null,null,null,null,null,""]
[null,null,null,null,null,null,null,null,null,null,null,""]
[null,null,null,null,null,null,null,null,null,null,null,""]
[null,null,null,null,null,null,null,null,null,null,null,""]
[null,null,null,null,null,null,null,null,null,null,null,""]
[null,null,null,null,null,null,null,null,null,null,null,""]
[null,null,null,null,null,null,null,null,null,null,null,""]
[null,null,null,null,null,null,null,null,null,null,null,""]
[null,null,null,null,null,null,null,null,null,null,null,""]
[null,null,null,null,null,null,null,null,null,null,null,""]
[null,null,null,null,null,null,null,null,null,null,null,""]
[null,null,null,null,null,null,null,null,null,null,null,""]
[null,null,null,null,null,null,null,null,null,null,null,""]
[null,null,null,null,null,null,null,null,null,null,null,""]
[null,null,null,null,null,null,null,null,null,null,null,""]
[null,null,null,null,null,null,null,null,null,null,null,""]
[null,null,null,null,null,null,null,null,null,null,null,""]
[null,null,null,null,null,null,null,null,null,null,null,""]
[null,null,null,null,null,null,null,null,null,null,null,""]
[null,null,null,null,null,null,null,null,null,null,null,""]
[null,null,null,null,null,null,null,null,null,null,null,""]
[null,null,null,null,null,null,null,null,null,null,null,""]
[null,null,null,null,null,null,null,null,null,null,null,""]
[null,null,null,null,null,null,null,null,null,null,null,""]
[null,null,null,null,null,null,null,null,null,null,null,""]
[null,null,null,null,null,null,null,null,null,null,null,""]
[null,null,null,null,null,null,null,null,null,null,null,""]
[null,null,null,null,null,null,null,null,null,null,null,""]
[null,null,null,null,null,null,null,null,null,null,null,""]
[null,null,null,null,null,null,null,null,null,null,null,""]
[null,null,null,null,null,null,null,null,null,null,null,""]
[null,null,null,null,null,null,null,null,null,null,null,""]
[null,null,null,null,null,null,null,null,null,null,null,""]
[null,null,null,null,null,null,null,null,null,null,null,""]
[null,null,null,null,null,null,null,null,null,null,null,""]
[null,null,null,null,null,null,null,null,null,null,null,""]
[null,null,null,null,null,null,null,null,null,null,null,""]
[null,null,null,null,null,null,null,null,null,null,null,""]
[null,null,null,null,null,null,null,null,null,null,null,""]
[null,null,null,null,null,null,null,null,null,null,null,""]
[null,null,null,null,null,null,null,null,null,null,null,""]
[null,null,null,null,null,null,null,null,null,null,null,""]
[null,null,null,null,null,null,null,null,null,null,null,""]
[null,null,null,null,null,null,null,null,null,null,null,""]
[null,null,null,null,null,null,null,null,null,null,null,""]
[null,null,null,null,null,null,null,null,null,null,null,""]
[null,null,null,null,null,null,null,null,null,null,null,""]
[null,null,null,null,null,null,null,null,null,null,null,""]
[null,null,null,null,null,null,null,null,null,null,null,""]
[null,null,null,null,null,null,null,null,null,null,null,""]
[null,null,null,null,null,null,null,null,null,null,null,""]
[null,null,null,null,null,null,null,null,null,null,null,""]
[null,null,null,null,null,null,null,null,null,null,null,""]
[null,null,null,null,null,null,null,null,null,null,null,""]
[null,null,null,null,null,null,null,null,null,null,null,""]
[null,null,null,null,null,null,null,null,null,null,null,""]
[null,null,null,null,null,null,null,null,null,null,null,""]
[null,null,null,null,null,null,null,null,null,null,null,""]
[null,null,null,null,null,null,null,null,null,null,null,""]
[null,null,null,null,null,null,null,null,null,null,null,""]
[null,null,null,null,null,null,null,null,null,null,null,""]
[null,null,null,null,null,null,null,null,null,null,null,""]
[null,null,null,null,null,null,null,null,null,null,null,""]
[null,null,null,null,null,null,null,null,null,null,null,""]
[null,null,null,null,null,null,null,null,null,null,null,""]
[null,null,null,null,null,null,null,null,null,null,null,""]
[null,null,null,null,null,null,null,null,null,null,null,""]
[null,null,null,null,null,null,null,null,null,null,null,""]
[null,null,null,null,null,null,null,null,null,null,null,""]
[null,null,null,null,null,null,null,null,null,null,null,""]
[null,null,null,null,null,null,null,null,null,null,null,""]
[null,null,null,null,null,null,null,null,null,null,null,""]
[null,null,null,null,null,null,null,null,null,null,null,""]
[null,null,null,null,null,null,null,null,null,null,null,""]
[null,null,null,null,null,null,null,null,null,null,null,""]
[null,null,null,null,null,null,null,null,null,null,null,""]
[null,null,null,null,null,null,null,null,null,null,null,""]
[null,null,null,null,null,null,null,null,null,null,null,""]
[null,null,null,null,null,null,null,null,null,null,null,""]
[null,null,null,null,null,null,null,null,null,null,null,""]
[null,null,null,null,null,null,null,null,null,null,null,""]
[null,null,null,null,null,null,null,null,null,null,null,""]
[null,null,null,null,null,null,null,null,null,null,null,""]
[null,null,null,null,null,null,null,null,null,null,null,""]
[null,null,null,null,null,null,null,null,null,null,null,""]
[null,null,null,null,null,null,null,null,null,null,null,""]
[null,null,null,null,null,null,null,null,null,null,null,""]
[null,null,null,null,null,null,null,null,null,null,null,""]
[null,null,null,null,null,null,null,null,null,null,null,""]
[null,null,null,null,null,null,null,null,null,null,null,""]
[null,null,null,null,null,null,null,null,null,null,null,""]
[null,null,null,null,null,null,null,null,null,null,null,""]
[null,null,null,null,null,null,null,null,null,null,null,""]
[null,null,null,null,null,null,null,null,null,null,null,""]
[null,null,null,null,null,null,null,null,null,null,null,""]
[null,null,null,null,null,null,null,null,null,null,null,""]
[null,null,null,null,null,null,null,null,null,null,null,""]
[null,null,null,null,null,null,null,null,null,null,null,""]
[null,null,null,null,null,null,null,null,null,null,null,""]
[null,null,null,null,null,null,null,null,null,null,null,""]
[null,null,null,null,null,null,null,null,null,null,null,""]
[null,null,null,null,null,null,null,null,null,null,null,""]
[null,null,null,null,null,null,null,null,null,null,null,""]
[null,null,null,null,null,null,null,null,null,null,null,""]
[null,null,null,null,null,null,null,null,null,null,null,""]
[null,null,null,null,null,null,null,null,null,null,null,""]
[null,null,null,null,null,null,null,null,null,null,null,""]
[null,null,null,null,null,null,null,null,null,null,null,""]
[null,null,null,null,null,null,null,null,null,null,null,""]
[null,null,null,null,null,null,null,null,null,null,null,""]
[null,null,null,null,null,null,null,null,null,null,null,""]
[null,null,null,null,null,null,null,null,null,null,null,""]
[null,null,null,null,null,null,null,null,null,null,null,""]
[null,null,null,null,null,null,null,null,null,null,null,""]
[null,null,null,null,null,null,null,null,null,null,null,""]
[null,null,null,null,null,null,null,null,null,null,null,""]
[null,null,null,null,null,null,null,null,null,null,null,""]
[null,null,null,null,null,null,null,null,null,null,null,""]
[null,null,null,null,null,null,null,null,null,null,null,""]
[null,null,null,null,null,null,null,null,null,null,null,""]
[null,null,null,null,null,null,null,null,null,null,null,""]
[null,null,null,null,null,null,null,null,null,null,null,""]
[null,null,null,null,null,null,null,null,null,null,null,""]
[null,null,null,null,null,null,null,null,null,null,null,""]
[null,null,null,null,null,null,null,null,null,null,null,""]
[null,null,null,null,null,null,null,null,null,null,null,""]
[null,null,null,null,null,null,null,null,null,null,null,""]
[null,null,null,null,null,null,null,null,null,null,null,""]
[null,null,null,null,null,null,null,null,null,null,null,""]
[null,null,null,null,null,null,null,null,null,null,null,""]
[null,null,null,null,null,null,null,null,null,null,null,""]
[null,null,null,null,null,null,null,null,null,null,null,""]
[null,null,null,null,null,null,null,null,null,null,null,""]
[null,null,null,null,null,null,null,null,null,null,null,""]
[null,null,null,null,null,null,null,null,null,null,null,""]
[null,null,null,null,null,null,null,null,null,null,null,""]
[null,null,null,null,null,null,null,null,null,null,null,""]
[null,null,null,null,null,null,null,null,null,null,null,""]
[null,null,null,null,null,null,null,null,null,null,null,""]
[null,null,null,null,null,null,null,null,null,null,null,""]
[null,null,null,null,null,null,null,null,null,null,null,""]
[null,null,null,null,null,null,null,null,null,null,null,""]
[null,null,null,null,null,null,null,null,null,null,null,""]
[null,null,null,null,null,null,null,null,null,null,null,""]
[null,null,null,null,null,null,null,null,null,null,null,""]
[null,null,null,null,null,null,null,null,null,null,null,""]
[null,null,null,null,null,null,null,null,null,null,null,""]
[null,null,null,null,null,null,null,null,null,null,null,""]
[null,null,null,null,null,null,null,null,null,null,null,""]
[null,null,null,null,null,null,null,null,null,null,null,""]
[null,null,null,null,null,null,null,null,null,null,null,""]
[null,null,null,null,null,null,null,null,null,null,null,""]
[null,null,null,null,null,null,null,null,null,null,null,""]
[null,null,null,null,null,null,null,null,null,null,null,""]
[null,null,null,null,null,null,null,null,null,null,null,""]
[null,null,null,null,null,null,null,null,null,null,null,""]
[null,null,null,null,null,null,null,null,null,null,null,""]
[null,null,null,null,null,null,null,null,null,null,null,""]
[null,null,null,null,null,null,null,null,null,null,null,""]
[null,null,null,null,null,null,null,null,null,null,null,""]
[null,null,null,null,null,null,null,null,null,null,null,""]
[null,null,null,null,null,null,null,null,null,null,null,""]
[null,null,null,null,null,null,null,null,null,null,null,""]
[null,null,null,null,null,null,null,null,null,null,null,""]
[null,null,null,null,null,null,null,null,null,null,null,""]
[null,null,null,null,null,null,null,null,null,null,null,""]
[null,null,null,null,null,null,null,null,null,null,null,""]
[null,null,null,null,null,null,null,null,null,null,null,""]
[null,null,null,null,null,null,null,null,null,null,null,""]
[null,null,null,null,null,null,null,null,null,null,null,""]
[null,null,null,null,null,null,null,null,null,null,null,""]
[null,null,null,null,null,null,null,null,null,null,null,""]
[null,null,null,null,null,null,null,null,null,null,null,""]
[null,null,null,null,null,null,null,null,null,null,null,""]
[null,null,null,null,null,null,null,null,null,null,null,""]
[null,null,null,null,null,null,null,null,null,null,null,""]
[null,null,null,null,null,null,null,null,null,null,null,""]
[null,null,null,null,null,null,null,null,null,null,null,""]
[null,null,null,null,null,null,null,null,null,null,null,""]
[null,null,null,null,null,null,null,null,null,null,null,""]
[null,null,null,null,null,null,null,null,null,null,null,""]
[null,null,null,null,null,null,null,null,null,null,null,""]
[null,null,null,null,null,null,null,null,null,null,null,""]
[null,null,null,null,null,null,null,null,null,null,null,""]
[null,null,null,null,null,null,null,null,null,null,null,""]
[null,null,null,null,null,null,null,null,null,null,null,""]
[null,null,null,null,null,null,null,null,null,null,null,""]
[null,null,null,null,null,null,null,null,null,null,null,""]
[null,null,null,null,null,null,null,null,null,null,null,""]
[null,null,null,null,null,null,null,null,null,null,null,""]
[null,null,null,null,null,null,null,null,null,null,null,""]
[null,null,null,null,null,null,null,null,null,null,null,""]
[null,null,null,null,null,null,null,null,null,null,null,""]
[null,null,null,null,null,null,null,null,null,null,null,""]
[null,null,null,null,null,null,null,null,null,null,null,""]
[null,null,null,null,null,null,null,null,null,null,null,""]
[null,null,null,null,null,null,null,null,null,null,null,""]
[null,null,null,null,null,null,null,null,null,null,null,""]
[null,null,null,null,null,null,null,null,null,null,null,""]
[null,null,null,null,null,null,null,null,null,null,null,""]
[null,null,null,null,null,null,null,null,null,null,null,""]
[null,null,null,null,null,null,null,null,null,null,null,""]
[null,null,null,null,null,null,null,null,null,null,null,""]
[null,null,null,null,null,null,null,null,null,null,null,""]
[null,null,null,null,null,null,null,null,null,null,null,""]
[null,null,null,null,null,null,null,null,null,null,null,""]
[null,null,null,null,null,null,null,null,null,null,null,""]
[null,null,null,null,null,null,null,null,null,null,null,""]
[null,null,null,null,null,null,null,null,null,null,null,""]
[null,null,null,null,null,null,null,null,null,null,null,""]
[null,null,null,null,null,null,null,null,null,null,null,""]
[null,null,null,null,null,null,null,null,null,null,null,""]
[null,null,null,null,null,null,null,null,null,null,null,""]
[null,null,null,null,null,null,null,null,null,null,null,""]
[null,null,null,null,null,null,null,null,null,null,null,""]
[null,null,null,null,null,null,null,null,null,null,null,""]
[null,null,null,null,null,null,null,null,null,null,null,""]
[null,null,null,null,null,null,null,null,null,null,null,""]
[null,null,null,null,null,null,null,null,null,null,null,""]
[null,null,null,null,null,null,null,null,null,null,null,""]
[null,null,null,null,null,null,null,null,null,null,null,""]
[null,null,null,null,null,null,null,null,null,null,null,""]
[null,null,null,null,null,null,null,null,null,null,null,""]
[null,null,null,null,null,null,null,null,null,null,null,""]
[null,null,null,null,null,null,null,null,null,null,null,""]
[null,null,null,null,null,null,null,null,null,null,null,""]
[null,null,null,null,null,null,null,null,null,null,null,""]
[null,null,null,null,null,null,null,null,null,null,null,""]
[null,null,null,null,null,null,null,null,null,null,null,""]
[null,null,null,null,null,null,null,null,null,null,null,""]
[null,null,null,null,null,null,null,null,null,null,null,""]
[null,null,null,null,null,null,null,null,null,null,null,""]
[null,null,null,null,null,null,null,null,null,null,null,""]
[null,null,null,null,null,null,null,null,null,null,null,""]
[null,null,null,null,null,null,null,null,null,null,null,""]
[null,null,null,null,null,null,null,null,null,null,null,""]
[null,null,null,null,null,null,null,null,null,null,null,""]
[null,null,null,null,null,null,null,null,null,null,null,""]
[null,null,null,null,null,null,null,null,null,null,null,""]
[null,null,null,null,null,null,null,null,null,null,null,""]
[null,null,null,null,null,null,null,null,null,null,null,""]
[null,null,null,null,null,null,null,null,null,null,null,""]
[null,null,null,null,null,null,null,null,null,null,null,""]
[null,null,null,null,null,null,null,null,null,null,null,""]
[null,null,null,null,null,null,null,null,null,null,null,""]
[null,null,null,null,null,null,null,null,null,null,null,""]
[null,null,null,null,null,null,null,null,null,null,null,""]
[null,null,null,null,null,null,null,null,null,null,null,""]
[null,null,null,null,null,null,null,null,null,null,null,""]
[null,null,null,null,null,null,null,null,null,null,null,""]
[null,null,null,null,null,null,null,null,null,null,null,""]
[null,null,null,null,null,null,null,null,null,null,null,""]
[null,null,null,null,null,null,null,null,null,null,null,""]
[null,null,null,null,null,null,null,null,null,null,null,""]
[null,null,null,null,null,null,null,null,null,null,null,""]
[null,null,null,null,null,null,null,null,null,null,null,""]
[null,null,null,null,null,null,null,null,null,null,null,""]
[null,null,null,null,null,null,null,null,null,null,null,""]
[null,null,null,null,null,null,null,null,null,null,null,""]
[null,null,null,null,null,null,null,null,null,null,null,""]
[null,null,null,null,null,null,null,null,null,null,null,""]
[null,null,null,null,null,null,null,null,null,null,null,""]
[null,null,null,null,null,null,null,null,null,null,null,""]
[null,null,null,null,null,null,null,null,null,null,null,""]
[null,null,null,null,null,null,null,null,null,null,null,""]
[null,null,null,null,null,null,null,null,null,null,null,""]
[null,null,null,null,null,null,null,null,null,null,null,""]
[null,null,null,null,null,null,null,null,null,null,null,""]
[null,null,null,null,null,null,null,null,null,null,null,""]
[null,null,null,null,null,null,null,null,null,null,null,""]
[null,null,null,null,null,null,null,null,null,null,null,""]
[null,null,null,null,null,null,null,null,null,null,null,""]
[null,null,null,null,null,null,null,null,null,null,null,""]
[null,null,null,null,null,null,null,null,null,null,null,""]
[null,null,null,null,null,null,null,null,null,null,null,""]
[null,null,null,null,null,null,null,null,null,null,null,""]
[null,null,null,null,null,null,null,null,null,null,null,""]
[null,null,null,null,null,null,null,null,null,null,null,""]
[null,null,null,null,null,null,null,null,null,null,null,""]
[null,null,null,null,null,null,null,null,null,null,null,""]
[null,null,null,null,null,null,null,null,null,null,null,""]
[null,null,null,null,null,null,null,null,null,null,null,""]
[null,null,null,null,null,null,null,null,null,null,null,""]
[null,null,null,null,null,null,null,null,null,null,null,""]
[null,null,null,null,null,null,null,null,null,null,null,""]
[null,null,null,null,null,null,null,null,null,null,null,""]
[null,null,null,null,null,null,null,null,null,null,null,""]
[null,null,null,null,null,null,null,null,null,null,null,""]
[null,null,null,null,null,null,null,null,null,null,null,""]
[null,null,null,null,null,null,null,null,null,null,null,""]
[null,null,null,null,null,null,null,null,null,null,null,""]
[null,null,null,null,null,null,null,null,null,null,null,""]
[null,null,null,null,null,null,null,null,null,null,null,""]
[null,null,null,null,null,null,null,null,null,null,null,""]
[null,null,null,null,null,null,null,null,null,null,null,""]
[null,null,null,null,null,null,null,null,null,null,null,""]
[null,null,null,null,null,null,null,null,null,null,null,""]
[null,null,null,null,null,null,null,null,null,null,null,""]
[null,null,null,null,null,null,null,null,null,null,null,""]
[null,null,null,null,null,null,null,null,null,null,null,""]
[null,null,null,null,null,null,null,null,null,null,null,""]
[null,null,null,null,null,null,null,null,null,null,null,""]
[null,null,null,null,null,null,null,null,null,null,null,""]
[null,null,null,null,null,null,null,null,null,null,null,""]
[null,null,null,null,null,null,null,null,null,null,null,""]
[null,null,null,null,null,null,null,null,null,null,null,""]
[null,null,null,null,null,null,null,null,null,null,null,""]
[null,null,null,null,null,null,null,null,null,null,null,""]
[null,null,null,null,null,null,null,null,null,null,null,""]
[null,null,null,null,null,null,null,null,null,null,null,""]
[null,null,null,null,null,null,null,null,null,null,null,""]
[null,null,null,null,null,null,null,null,null,null,null,""]
[null,null,null,null,null,null,null,null,null,null,null,""]
[null,null,null,null,null,null,null,null,null,null,null,""]
[null,null,null,null,null,null,null,null,null,null,null,""]
[null,null,null,null,null,null,null,null,null,null,null,""]
[null,null,null,null,null,null,null,null,null,null,null,""]
[null,null,null,null,null,null,null,null,null,null,null,""]
[null,null,null,null,null,null,null,null,null,null,null,""]
[null,null,null,null,null,null,null,null,null,null,null,""]
[null,null,null,null,null,null,null,null,null,null,null,""]
[null,null,null,null,null,null,null,null,null,null,null,""]
[null,null,null,null,null,null,null,null,null,null,null,""]
[null,null,null,null,null,null,null,null,null,null,null,""]
[null,null,null,null,null,null,null,null,null,null,null,""]
[null,null,null,null,null,null,null,null,null,null,null,""]
[null,null,null,null,null,null,null,null,null,null,null,""]
[null,null,null,null,null,null,null,null,null,null,null,""]
[null,null,null,null,null,null,null,null,null,null,null,""]
[null,null,null,null,null,null,null,null,null,null,null,""]
[null,null,null,null,null,null,null,null,null,null,null,""]
[null,null,null,null,null,null,null,null,null,null,null,""]
[null,null,null,null,null,null,null,null,null,null,null,""]
[null,null,null,null,null,null,null,null,null,null,null,""]
[null,null,null,null,null,null,null,null,null,null,null,""]
[null,null,null,null,null,null,null,null,null,null,null,""]
[null,null,null,null,null,null,null,null,null,null,null,""]
[null,null,null,null,null,null,null,null,null,null,null,""]
[null,null,null,null,null,null,null,null,null,null,null,""]
[null,null,null,null,null,null,null,null,null,null,null,""]
[null,null,null,null,null,null,null,null,null,null,null,""]
[null,null,null,null,null,null,null,null,null,null,null,""]
[null,null,null,null,null,null,null,null,null,null,null,""]
[null,null,null,null,null,null,null,null,null,null,null,""]
[null,null,null,null,null,null,null,null,null,null,null,""]
[null,null,null,null,null,null,null,null,null,null,null,""]
[null,null,null,null,null,null,null,null,null,null,null,""]
[null,null,null,null,null,null,null,null,null,null,null,""]
[null,null,null,null,null,null,null,null,null,null,null,""]
[null,null,null,null,null,null,null,null,null,null,null,""]
[null,null,null,null,null,null,null,null,null,null,null,""]
[null,null,null,null,null,null,null,null,null,null,null,""]
[null,null,null,null,null,null,null,null,null,null,null,""]
[null,null,null,null,null,null,null,null,null,null,null,""]
[null,null,null,null,null,null,null,null,null,null,null,""]
[null,null,null,null,null,null,null,null,null,null,null,""]
[null,null,null,null,null,null,null,null,null,null,null,""]
[null,null,null,null,null,null,null,null,null,null,null,""]
[null,null,null,null,null,null,null,null,null,null,null,""]
[null,null,null,null,null,null,null,null,null,null,null,""]
[null,null,null,null,null,null,null,null,null,null,null,""]
[null,null,null,null,null,null,null,null,null,null,null,""]
[null,null,null,null,null,null,null,null,null,null,null,""]
[null,null,null,null,null,null,null,null,null,null,null,""]
[null,null,null,null,null,null,null,null,null,null,null,""]
[null,null,null,null,null,null,null,null,null,null,null,""]
[null,null,null,null,null,null,null,null,null,null,null,""]
[null,null,null,null,null,null,null,null,null,null,null,""]
[null,null,null,null,null,null,null,null,null,null,null,""]
[null,null,null,null,null,null,null,null,null,null,null,""]
[null,null,null,null,null,null,null,null,null,null,null,""]
[null,null,null,null,null,null,null,null,null,null,null,""]
[null,null,null,null,null,null,null,null,null,null,null,""]
[null,null,null,null,null,null,null,null,null,null,null,""]
[null,null,null,null,null,null,null,null,null,null,null,""]
[null,null,null,null,null,null,null,null,null,null,null,""]
[null,null,null,null,null,null,null,null,null,null,null,""]
[null,null,null,null,null,null,null,null,null,null,null,""]
[null,null,null,null,null,null,null,null,null,null,null,""]
[null,null,null,null,null,null,null,null,null,null,null,""]

{"sheet":"Tables","index":4,"n_rows":1571,"n_cols":60,"rows_kept":1571,"cut":false,"hidden":true,"merged":[[0,6,0,14]]}
["tblTypes",null,"tblLevels",null,"tblPowers","Type","Levels",null,null,null,null,null,null,null,null,"Specific Enh",null,null,null,"tblBoostAbbr",null,null,null,"tblRecipeTypeInfo",null,null,null,null,null,null,null,null,null,null,"tblRecipes",null,null,null,null,null,null,null,null,null,null,null,null,null,"tblSetBonuses",null,null,null,null,null,null,null,null,"tblSalvageUpgrades"]
[null,null,null,null,null,null,10,15,20,25,30,35,40,45,50,null,null,null,null,"RES","Resist Damage",null,null,"Set","Min","Max","Power","Bonus-->",null,null,null,null,null,null,"Name","Type","Power","Level","Bonus","Rarity","Salvage   Req .   - - - - >",null,null,null,null,null,null,null,"Name","Tier1","Tier2","Tier3","Tier4","Tier5","Tier6","Tier7",null,10,26,41]
["Invention",null,10,null,"Debuff","Invention",2,1.5,1.5,2,2,2.5,2.5,3.5,3.5,"Confuse,Defense Debuff,Taunt,To Hit Debuff",null,null,null,"END","Endurance Discount",null,null,"Absolute Amazement",50,50,"Stun","Recovery 7","Res(Fire, Cold) 7","ToHit 7","Recharge 7","Res(Toxic) 7",null,null,"Aegis_1","Set","Resist",25,"RES END","R","Ancient Bone","Inert Gas","Alchemical Gold","Reactive Gas",null,null,null,null,"Damage",1,1.5,2,2.5,3,3.5,4,null,"Ancient Artifact","Masterwork Weapon","Nevermelting Ice"]
["Set",null,"15-20",null,"Heal","Invention",7,4.5,4.5,6,6,7.5,7.5,9.5,9.5,"Heal",null,null,null,"RCH","Recharge Reduction",null,null,"Achilles Heel",10,20,"Defense Debuff","Damage 2","Def(AoE) 2",null,null,null,null,null,"Aegis_1","Set","Resist",41,"RES END","R","Regenerating Flesh","Temporal Analyzer","Psionic Threat Report","Chronal Skip",null,null,null,null,"Debt Protection",1,1.5,2,2.5,3,3.5,4,null,"Boresight","Iron","Mathematic Proof"]
["Costume",null,"25-30",null,"Mitigation","Invention",7,4.5,4.5,6,6,7.5,7.5,9.5,9.5,"Defense Buff,Intangible,Resist Damage",null,null,null,"DMG","Damage",null,null,"Adjusted Targeting",21,50,"To Hit Buff","Damage 3","Res(Energy, Negative) 3","ToHit 5","Recharge 3","Res(Status) 3",null,null,"Aegis_2","Set","Resist",25,"END RCH","R","Spell Ink","Improvised Cybernetic","Scientific Law","Holographic Memory",null,null,null,null,"Def(AoE)",1.25,1.88,2.5,3.13,3.75,4.38,5,null,"Brass","Stabilized Mutant Genome","Silver"]
["Temp Power",null,"35-40",null,"Mez","Invention",8,5,5,6.5,6.5,8.5,8.5,11,11,"Fear,Hold,Sleep,Slow,Stun,Immobilize",null,null,null,"ACC","Accuracy",null,null,"Adrenal Adjustment",10,20,"Endurance Modification","Recovery 1","HP 2",null,null,null,null,null,"Aegis_2","Set","Resist",41,"END RCH","R","Spirit Thorn","Kinetic Weapon","Titanium Shard","Positronic Matrix",null,null,null,null,"Def(Cold)",1.25,1.88,2.5,3.13,3.75,4.38,5,null,"Chemical Formula","Data Drive","Pneumatic Piston"]
["Conversion",null,"45-50",null,"Endurance","Invention",9,6,6,7.5,7.5,9.5,9.5,12,12,"Endurance Modification,Endurance Discount",null,null,null,"CNF","Confuse",null,null,"Aegis",25,53,"Resist","RunSpeed 4","Def(Fire, Cold) 4","Debt Protection 4","Def(AoE) 4","Res(Toxic) 4",null,null,"Aegis_3","Set","Resist",25,"RES RCH","R","Demonic Blood Sample","Circuit Board","Living Tattoo","Empowered Sigil",null,null,null,null,"Def(Energy)",1.25,1.88,2.5,3.13,3.75,4.38,5,null,"Clockwork Gear","Blood of the Incarnate","Sapphire"]
["Recipe Report",null,null,null,"Rate of Fire","Invention",10,6.5,6.5,8.5,8.5,11,11,14,14,"Interrupt Time,Recharge Reduction",null,null,null,"INT","Interrupt Time",null,null,"Air Burst",10,53,"Ranged AoE","Knockback 1","HP 1","Res(Smashing, Lethal) 1","","",null,null,"Aegis_3","Set","Resist",41,"RES RCH","R","Ruby","Hydraulic Piston","Thorn Tree Vine","Prophecy",null,null,null,null,"Def(Energy, Negative)",0.63,0.95,1.26,1.58,1.89,2.21,2.52,null,"Clockwork Winder","Demonic Blood Sample","Ruby"]
["My Recipes",null,null,null,"Accuracy","Invention",10,6.5,6.5,8.5,8.5,11,11,14,14,"Accuracy,To Hit Buff",null,null,null,"SLP","Sleep",null,null,"Annoyance",10,20,"Taunt","Regen 1","Def(Smashing, Lethal) 1",null,null,null,null,null,"Aegis_4","Set","Resist",25,"RES END RCH","R","Alchemical Silver","Scientific Theory","Carnival of Shadows Mask","Soul Trapped Gem",null,null,null,null,"Def(Fire, Cold)",0.63,0.95,1.26,1.58,1.89,2.21,2.52,null,"Complex Chemical Formula","Holographic Memory","Positronic Matrix"]
["Salvage Search",null,null,null,"Damage","Invention",10,6.5,6.5,8.5,8.5,11,11,14,14,"Damage,Knockback",null,null,null,"RNG","Range",null,null,"Apocalypse",50,50,"Ranged Damage","Regen 7","HP 7","Damage 7","Recharge 7","Def(Psionic) 7",{"$f":"IF(ISERROR(MID(#REF!,2,LEN(#REF!)-1)),\"\",MID(#REF!,2,LEN(#REF!)-1))","v":""},null,"Aegis_4","Set","Resist",41,"RES END RCH","R","Demonic Threat Report","Ceramic Armor Plate","Bleeding Stone","Hamidon Goo",null,null,null,null,"Def(Lethal)",1.25,1.88,2.5,3.13,3.75,4.38,5,null,"Computer Virus","Scientific Theory","Ceramic Armor Plate"]
[null,null,null,null,"Travel","Invention",10,6.5,6.5,8.5,8.5,11,11,14,14,"Fly,Jump,Range,Run",null,null,null,"RUN","Run",null,null,"Armageddon",50,50,"PBAoE","Recovery 7","Res(Fire, Cold) 7","ToHit 7","Recharge 7","Res(Toxic) 7",{"$f":"IF(ISERROR(MID(#REF!,2,LEN(#REF!)-1)),\"\",MID(#REF!,2,LEN(#REF!)-1))","v":""},null,"Aegis_5","Set","Resist",25,"RES","R","Masterwork Weapon","Iron","Corrosive Gas","Deific Weapon",null,null,null,null,"Def(Melee)",1.25,1.88,2.5,3.13,3.75,4.38,5,null,"Daemon Program","Scientific Law","Titanium Shard"]
[null,null,{"$f":"1053+92+310+0+616+495+584+1000","v":4150},null,"Confuse","Set",null,null,null,null,null,null,null,null,null,null,null,null,null,"SLW","Slow",null,null,"Befuddling Aura",10,30,"Confuse","Recovery 1","Duration(Confuse) 1","Res(Stun) 1","Recharge 1","",null,null,"Aegis_5","Set","Resist",41,"RES","R","Nevermelting Ice","Mathematic Proof","Temporal Tracer","Pangean Soil",null,null,null,null,"Def(Melee, Ranged, AoE)",1.25,1.88,2.5,3.13,3.75,4.38,5,null,"Enriched Plutonium","Reactive Gas","Chronal Skip"]
[null,null,60,null,"Defense","Set",null,null,null,null,null,null,null,null,null,null,null,null,null,"IMB","Immobilize",null,null,"Blood Mandate",25,53,"Pet","Recovery 2","Def(Fire, Cold) 2","Res(Stun) 2","Def(AoE) 5","Def(Ranged) 5",null,null,"Aegis_6","Set","Resist",25,"UNIQUE: 2.1-3% Resist (Psionic) +20%Res(Mez effects)","R","Rune","Stabilized Mutant Genome","Mutant DNA Strand","Impervium","Mutating Genome",null,null,null,"Def(Negative Energy)",1.25,1.88,2.5,3.13,3.75,4.38,5,null,"Heads Up Display","Impervium","Synthetic Intelligence Unit"]
[null,null,12,null,"Fear","Set",null,null,null,null,null,null,null,null,null,null,null,null,null,"HEL","Heal",null,null,"Bonesnap",10,25,"Melee Damage","Res(Immobilize) 1","HP 1","","","",null,null,"Aegis_6","Set","Resist",41,"UNIQUE: 2.1-3% Resist (Psionic) +20%Res(Mez effects)","R","Fortune","Silver","Gold","Synthetic Intelligence Unit","Platinum",null,null,null,"Def(Psionic)",1.25,1.88,2.5,3.13,3.75,4.38,5,null,"Heavy Water","Corrosive Gas","Temporal Tracer"]
[null,null,5,null,"Flight","Set",null,null,null,null,null,null,null,null,null,null,null,null,null,"HLD","Hold",null,null,"Brilliant Leadership",15,40,"Pet","Regen 1","Duration(Confuse) 1","Debt Protection 1","TravelSpeed 1","Res(Toxic, Psionic) 3",null,null,"Air Burst_1","Set","Ranged AoE",10,"DMG ACC","U","Spiritual Essence","Computer Virus","Scope",null,null,null,null,null,"Def(Ranged)",1.25,1.88,2.5,3.13,3.75,4.38,5,null,"Human Blood Sample","Improvised Cybernetic","Kinetic Weapon"]
[null,null,40,null,"Heal","Set",null,null,null,null,null,null,null,null,null,null,null,null,null,"FLY","Fly",null,null,"Bruising Blow",15,30,"Melee Damage","Recovery 1","HP 1","","","",null,null,"Air Burst_1","Set","Ranged AoE",26,"DMG ACC","U","Ancient Bone","Scientific Theory","Steel",null,null,null,null,null,"Def(Smashing)",1.25,1.88,2.5,3.13,3.75,4.38,5,null,"Inanimate Carbon Rod","Inert Gas","Temporal Analyzer"]
[null,null,25,null,"Hold","Set",null,null,null,null,null,null,null,null,null,null,null,null,null,"DEF","Defense Buff",null,null,"Cacophany",10,30,"Confuse","Recovery 1","Duration(Confuse) 2","Res(Stun) 3","Def(AoE) 3","Def(Ranged) 3",null,null,"Air Burst_1","Set","Ranged AoE",41,"DMG ACC","U","Regenerating Flesh","Ceramic Armor Plate","Chaos Theorem",null,null,null,null,null,"Def(Smashing, Lethal)",0.63,0.95,1.26,1.58,1.89,2.21,2.52,null,"Lament Box","Deific Weapon","Pangean Soil"]
[null,null,null,null,"Immobilize","Set",null,null,null,null,null,null,null,null,null,null,null,null,null,"FER","Fear",null,null,"Calibrated Accuracy",20,53,"Sniper/AS","Recovery 1","Def(Energy, Negative) 2","ToHit 2","Recharge 2","Def(Ranged) 2",null,null,"Air Burst_2","Set","Ranged AoE",10,"DMG END","U","Human Blood Sample","Runebound Armor","Unearthed Relic",null,null,null,null,null,"Duration(Confuse)",1,1.5,2,2.5,3,3.5,4,null,"Luck Charm","Rune","Fortune"]
[null,null,null,null,"Jump","Set",null,null,null,null,null,null,null,null,null,null,null,null,null,"STN","Stun",null,null,"Call of the Sandman",20,53,"Sleep","Duration(Sleep) 4","HP 4","END 4","Recharge 4","Res(Toxic, Psionic) 4",null,null,"Air Burst_2","Set","Ranged AoE",26,"DMG END","U","Improvised Cybernetic","Spell Ink","Enscorcelled Weapon",null,null,null,null,null,"Duration(Fear)",1.1000000000000001,1.65,2.2000000000000002,2.75,3.3,3.85,4.4000000000000004,null,"Mutant Blood Sample","Commercial Cybernetic","Energy Weapon"]
[null,null,null,null,"Melee Damage","Set",null,null,null,null,null,null,null,null,null,null,null,null,null,"JMP","Jump",null,null,"Celerity",15,53,"Run","Res(Immobilize) 3","HP 3","","","",null,null,"Air Burst_2","Set","Ranged AoE",41,"DMG END","U","Kinetic Weapon","Spirit Thorn","Unquenchable Flame",null,null,null,null,null,"Duration(Hold)",1,1.5,2,2.5,3,3.5,4,null,"Page from the Malleus Mundi","Enchanted Impervium","Magical Conspiracy"]
[null,null,null,null,"PBAoE","Set",null,null,null,null,null,null,null,null,null,null,null,null,null,"TNT","Taunt",null,null,"Cleaving Blow",10,53,"PBAoE","Recovery 1","Def(Energy) 1","Damage 1","","",null,null,"Air Burst_3","Set","Ranged AoE",10,"DMG RCH","U","Spell Scroll","Simple Chemical","Daemon Program","Heads Up Display",null,null,null,null,"Duration(Immobilize)",2,3,4,5,6,7,8,null,"Plasma Capacitor","Mutating Genome","Platinum"]
[null,null,null,null,"Pet","Set",null,null,null,null,null,null,null,null,null,null,null,null,null,"KBA","Knockback",null,null,"Coercive Persuasion",50,50,"Confuse","Recovery 7","Duration(Confuse) 7","Damage 7","Recharge 7","Def(Ranged) 7",{"$f":"IF(ISERROR(MID(#REF!,2,LEN(#REF!)-1)),\"\",MID(#REF!,2,LEN(#REF!)-1))","v":""},null,"Air Burst_3","Set","Ranged AoE",26,"DMG RCH","U","Alchemical Silver","Circuit Board","Scientific Law","Impervium",null,null,null,null,"Duration(Sleep)",2,3,4,5,6,7,8,null,"Polycarbon","Mutant DNA Strand","Gold"]
[null,null,null,null,"Ranged AoE","Set",null,null,null,null,null,null,null,null,null,null,null,null,null,"ENM","Endurance Modification",null,null,"Commanding Presence",10,30,"Pet","Recovery 2","HP 2","END 2","Def(AoE) 2","",null,null,"Air Burst_3","Set","Ranged AoE",41,"DMG RCH","U","Demonic Threat Report","Hydraulic Piston","Titanium Shard","Synthetic Intelligence Unit",null,null,null,null,"Duration(Stun)",1,1.5,2,2.5,3,3.5,4,null,"Psionic Ectoplasm","Carnival of Shadows Mask","Bleeding Stone"]
[null,null,null,null,"Ranged Damage","Set",null,null,null,null,null,null,null,null,null,null,null,null,null,"THB","To Hit Buff",null,null,"Crushing Impact",30,53,"Melee Damage","Res(Immobilize) 3","HP 2","ToHit 3","Recharge 3","Res(Psionic) 3",null,null,"Air Burst_4","Set","Ranged AoE",10,"DMG RNG","U","Boresight","Spiritual Essence","Volume of the Obsidian Librum","Lament Box",null,null,null,null,"END",0.9,1.35,1.8,2.25,2.7,3.15,3.6,null,"Psionic Manifestation","Mu Vestment","Essence of the Furies"]
[null,null,null,null,"Resist","Set",null,null,null,null,null,null,null,null,null,null,null,null,null,"THD","To Hit Debuff",null,null,"Curtail Speed",10,30,"Slow","Res(Immobilize) 1","Slow 3","Def(Lethal) 1","Recharge 1","",null,null,"Air Burst_4","Set","Ranged AoE",26,"DMG RNG","U","Iron","Ancient Bone","Alchemical Gold","Deific Weapon",null,null,null,null,"FlySpeed",2,3,4,5,6,7,8,null,"Psionicly Charged Brass","Black Blood of the Earth","Diamond"]
[null,null,null,null,"Run","Set",null,null,null,null,null,null,null,null,null,null,null,null,null,"DED","Defense Debuff",null,null,"Dampened Spirits",21,50,"To Hit Debuff","Damage 3","END 3","Res(Negative Energy) 3","Recharge 3","Res(Status) 3",null,null,"Air Burst_4","Set","Ranged AoE",41,"DMG RNG","U","Mathematic Proof","Regenerating Flesh","Psionic Threat Report","Pangean Soil",null,null,null,null,"Heal",2,3,4,5,6,7,8,null,"Runebound Armor","Spell Ink","Spirit Thorn"]
[null,null,null,null,"Sleep","Set",null,null,null,null,null,null,null,null,null,null,null,null,null,null,null,null,null,"Dark Watchers Despair",21,50,"To Hit Debuff","HP 3","Recovery 4","Recharge 3","Damage 3","Res(Psionic) 5",null,null,"Befuddling Aura_1","Set","Confuse",10,"ACC RCH","U","Computer Virus","Luck Charm","Scope",null,null,null,null,null,"HP",0.75,1.1299999999999999,1.5,1.88,2.25,2.63,3,null,"Scope","Steel","Chaos Theorem"]
[null,null,null,null,"Slow","Set",null,null,null,null,null,null,null,null,null,null,null,null,null,null,null,null,null,"Debilitative Action",10,30,"Immobilize","Duration(Immobilize) 3","Res(Cold) 3","Debt Protection 3","Def(AoE) 3","Res(Toxic) 3",null,null,"Befuddling Aura_1","Set","Confuse",26,"ACC RCH","U","Scientific Theory","Rune","Steel",null,null,null,null,null,"JumpSpeed",2,3,4,5,6,7,8,null,"Simple Chemical","Circuit Board","Hydraulic Piston"]
[null,null,null,null,"Sniper/AS","Set",null,null,null,null,null,null,null,null,null,null,null,null,null,null,null,null,null,"Decimation",25,40,"Ranged Damage","Res(Immobilize) 4","HP 2","END 4","Recharge 4","Res(Toxic, Psionic) 4",null,null,"Befuddling Aura_2","Set","Confuse",10,"END CNF","U","Inanimate Carbon Rod","Ancient Artifact","Volume of the Obsidian Librum",null,null,null,null,null,"Knockback",2,3,4,5,6,7,8,null,"Soulbound Armor","Living Tattoo","Thorn Tree Vine"]
[null,null,null,null,"Stun","Set",null,null,null,null,null,null,null,null,null,null,null,null,null,null,null,null,null,"Deflated Ego",10,20,"To Hit Debuff","ToHit 2","Damage 2",null,null,null,null,null,"Befuddling Aura_2","Set","Confuse",26,"END CNF","U","Inert Gas","Masterwork Weapon","Alchemical Gold",null,null,null,null,null,"Movement",2,3,4,5,6,7,8,null,"Spell Scroll","Alchemical Silver","Demonic Threat Report"]
[null,null,null,null,"Teleport","Set",null,null,null,null,null,null,null,null,null,null,null,null,null,null,null,null,null,"Detonation",20,53,"Ranged AoE","Res(Sleep) 2","Res(Energy) 2","Debt Protection 1","Def(AoE) 2","Res(Toxic) 2",null,null,"Befuddling Aura_3","Set","Confuse",10,"ACC END","U","Boresight","Spell Scroll","Chemical Formula",null,null,null,null,null,"Recharge",2.5,3.75,5,6.25,7.5,8.75,10,null,"Spiritual Essence","Ancient Bone","Regenerating Flesh"]
[null,null,null,null,"Bat Wing","Costume",null,null,null,null,null,null,null,null,null,null,null,null,null,null,null,null,null,"Devastation",30,53,"Ranged Damage","Regen 5","HP 5","Damage 5","Res(Hold) 5","Def(Psionic) 5",null,null,"Befuddling Aura_3","Set","Confuse",26,"ACC END","U","Iron","Alchemical Silver","Data Drive",null,null,null,null,null,"Recovery",1,1.5,2,2.5,3,3.5,4,null,"Strand of Fate","Empowered Sigil","Prophecy"]
[null,null,null,null,"Bone Wing","Costume",null,null,null,null,null,null,null,null,null,null,null,null,null,null,null,null,null,"Discouraging Words",10,20,"To Hit Debuff","Res(Confuse) 2","Def(Smashing, Lethal) 1",null,null,null,null,null,"Befuddling Aura_4","Set","Confuse",10,"CNF RNG","U","Human Blood Sample","Spiritual Essence","Psionic Ectoplasm",null,null,null,null,null,"Regen",4,6,8,10,12,14,16,null,"Temporal Sands","Symbol","Destiny"]
[null,null,null,null,"Burned Wing","Costume",null,null,null,null,null,null,null,null,null,null,null,null,null,null,null,null,null,"Doctored Wounds",30,53,"Heal","Res(Fear) 3","Res(Fire, Cold) 3","Heal 3","Recharge 3","Res(Toxic, Psionic) 3",null,null,"Befuddling Aura_4","Set","Confuse",26,"CNF RNG","U","Improvised Cybernetic","Ancient Bone","Carnival of Shadows Mask",null,null,null,null,null,"Res(Cold)",1.25,1.88,2.5,3.13,3.75,4.38,5,null,"Unearthed Relic","Enscorcelled Weapon","Unquenchable Flame"]
[null,null,null,null,"Cherub Wing","Costume",null,null,null,null,null,null,null,null,null,null,null,null,null,null,null,null,null,"Edict of the Master",15,40,"Pet","JumpSpeed 3","HP 3","Res(Lethal) 3","Res(Hold) 3","Res(Toxic, Psionic) 3",null,null,"Befuddling Aura_5","Set","Confuse",10,"ACC CNF RCH","U","Brass","Clockwork Winder","Daemon Program",null,null,null,null,null,"Res(Confuse)",1.1000000000000001,1.65,2.2000000000000002,2.75,3.3,3.85,4.4000000000000004,null,"Volume of the Obsidian Librum","Alchemical Gold","Psionic Threat Report"]
[null,null,null,null,"Dragon Wing","Costume",null,null,null,null,null,null,null,null,null,null,null,null,null,null,null,null,null,"Efficacy Adapter",21,50,"Endurance Modification","HP 2","Recovery 2","Regen 4","Damage 4","Recharge 3",null,null,"Befuddling Aura_5","Set","Confuse",26,"ACC CNF RCH","U","Stabilized Mutant Genome","Demonic Blood Sample","Scientific Law",null,null,null,null,null,"Res(Energy)",1.25,1.88,2.5,3.13,3.75,4.38,5,null,"Symbiotic Armor","Soul Trapped Gem","Hamidon Goo"]
[null,null,null,null,"Fairy Wing","Costume",null,null,null,null,null,null,null,null,null,null,null,null,null,null,null,null,null,"Encouraged Accuracy",10,20,"To Hit Buff","Debt Protection 2","Damage 2",null,null,null,null,null,"Blood Mandate_1","Set","Pet",25,"DMG ACC","U","Rune","Iron","Scientific Law",null,null,null,null,null,"Res(Energy, Negative)",0.63,0.95,1.26,1.58,1.89,2.21,2.52,null,"Source Code","Conspiratorial Evidence","Rikti Alloy"]
[null,null,null,null,"Insect Wing","Costume",null,null,null,null,null,null,null,null,null,null,null,null,null,null,null,null,null,"Energy Manipulator",10,20,"Endurance Modification","Recovery 2","Regen 2",null,null,null,null,null,"Blood Mandate_1","Set","Pet",41,"DMG ACC","U","Fortune","Mathematic Proof","Titanium Shard",null,null,null,null,null,"Res(Fear)",1.1000000000000001,1.65,2.2000000000000002,2.75,3.3,3.85,4.4000000000000004,null,"Alien Blood Sample","Military Cybernetic","Photonic Weapon"]
[null,null,null,null,"Tech Wing","Costume",null,null,null,null,null,null,null,null,null,null,null,null,null,null,null,null,null,"Enfeebled Operation",20,53,"Immobilize","Duration(Immobilize) 2","Res(Negative Energy) 2","Def(Lethal) 3","Recharge 2","Def(Melee) 4",null,null,"Blood Mandate_2","Set","Pet",25,"DMG END","U","Spell Ink","Improvised Cybernetic","Living Tattoo",null,null,null,null,null,"Res(Fire)",1.25,1.88,2.5,3.13,3.75,4.38,5]
[null,null,null,null,"St Louis Slammer","Temp Power",null,null,null,null,null,null,null,null,null,null,null,null,null,null,null,null,null,"Entropic Chaos",20,35,"Ranged Damage","Regen 4","Res(Confuse) 4","END 4","Recharge 4","",null,null,"Blood Mandate_2","Set","Pet",41,"DMG END","U","Spirit Thorn","Kinetic Weapon","Thorn Tree Vine",null,null,null,null,null,"Res(Fire, Cold)",0.63,0.95,1.26,1.58,1.89,2.21,2.52]
[null,null,null,null,"Gabriels Hammer","Temp Power",null,null,null,null,null,null,null,null,null,null,null,null,null,null,null,null,null,"Essence of Curare",20,53,"Hold","Res(Fear) 2","Res(Confuse) 2","Res(Stun) 2","Duration(Hold) 2","Def(Ranged) 2",null,null,"Blood Mandate_3","Set","Pet",25,"ACC END","U","Demonic Blood Sample","Scientific Theory","Blood of the Incarnate",null,null,null,null,null,"Res(Hold)",1.1000000000000001,1.65,2.2000000000000002,2.75,3.3,3.85,4.4000000000000004]
[null,null,null,null,"Revolver","Temp Power",null,null,null,null,null,null,null,null,null,null,null,null,null,null,null,null,null,"Executioners Contract",20,53,"Sniper/AS","Recovery 3","Res(Cold) 4","Debt Protection 4","Res(Hold) 4","Def(Ranged) 4",null,null,"Blood Mandate_3","Set","Pet",41,"ACC END","U","Ruby","Ceramic Armor Plate","Sapphire",null,null,null,null,null,"Res(Immobilize)",1.1000000000000001,1.65,2.2000000000000002,2.75,3.3,3.85,4.4000000000000004]
[null,null,null,null,"Ethereal Shift","Temp Power",null,null,null,null,null,null,null,null,null,null,null,null,null,null,null,null,null,"Exploit Weakness",10,53,"Sniper/AS","RunSpeed 1","Def(Fire, Cold) 1","ToHit 1","","",null,null,"Blood Mandate_4","Set","Pet",25,"DMG END ACC","U","Ancient Bone","Stabilized Mutant Genome","Alchemical Gold",null,null,null,null,null,"Res(Lethal)",1.25,1.88,2.5,3.13,3.75,4.38,5]
[null,null,null,null,"Rocket Boots","Costume",null,null,null,null,null,null,null,null,null,null,null,null,null,null,null,null,null,"Exploited Vulnerability",10,20,"Defense Debuff","ToHit 2","Def(Melee) 1",null,null,null,null,null,"Blood Mandate_4","Set","Pet",41,"DMG END ACC","U","Regenerating Flesh","Silver","Psionic Threat Report",null,null,null,null,null,"Res(Negative Energy)",1.25,1.88,2.5,3.13,3.75,4.38,5]
[null,null,null,null,"Piston Boots","Costume",null,null,null,null,null,null,null,null,null,null,null,null,null,null,null,null,null,"Explosive Strike",10,20,"Knockback","Damage 2","Def(Ranged) 2",null,null,null,null,null,"Blood Mandate_5","Set","Pet",25,"ACC","U","Masterwork Weapon","Inert Gas","Corrosive Gas",null,null,null,null,null,"Res(Psionic)",1.25,1.88,2.5,3.13,3.75,4.38,5]
[null,null,null,null,"Winged Boots","Costume",null,null,null,null,null,null,null,null,null,null,null,null,null,null,null,null,null,"Extreme Measures",35,53,"Sniper/AS","Recovery 2","HP 3","Damage 3","Def(AoE) 3","Def(Melee) 3",null,null,"Blood Mandate_5","Set","Pet",41,"ACC","U","Nevermelting Ice","Temporal Analyzer","Temporal Tracer",null,null,null,null,null,"Res(Sleep)",1.1000000000000001,1.65,2.2000000000000002,2.75,3.3,3.85,4.4000000000000004]
[null,null,null,null,"Ancient Artifact","Conversion",null,null,null,null,null,null,null,null,null,null,null,null,null,null,null,null,null,"Far Strike",10,25,"Ranged Damage","Res(Fear) 1","HP 1","","","",null,null,"Blood Mandate_6","Set","Pet",25,"DMG","U","Alchemical Silver","Circuit Board","Steel",null,null,null,null,null,"Res(Smashing)",1.25,1.88,2.5,3.13,3.75,4.38,5]
[null,null,null,null,"Simple Chemical","Conversion",null,null,null,null,null,null,null,null,null,null,null,null,null,null,null,null,null,"Focused Smite",25,40,"Melee Damage","Res(Immobilize) 2","Res(Confuse) 2","Debt Protection 2","TravelSpeed 2","",null,null,"Blood Mandate_6","Set","Pet",41,"DMG","U","Demonic Threat Report","Hydraulic Piston","Chaos Theorem",null,null,null,null,null,"Res(Smashing, Lethal)",0.63,0.95,1.26,1.58,1.89,2.21,2.52]
[null,null,null,null,"Magical Conspiracy","Conversion",null,null,null,null,null,null,null,null,null,null,null,null,null,null,null,null,null,"Force Feedback",21,50,"Knockback","TravelSpeed 4","Res(Fear) 4","Regen 4","Damage 4","Def(AoE) 4",null,null,"Bonesnap_1","Set","Melee Damage",10,"DMG ACC","U","Ancient Artifact","Brass","Daemon Program",null,null,null,null,null,"Res(Status)",null,null,7.5]
[null,null,null,null,"Essence of the Furies","Conversion",null,null,null,null,null,null,null,null,null,null,null,null,null,null,null,null,null,"Fortunata Hypnosis",50,50,"Sleep","Recovery 7","Res(Fire, Cold) 7","ToHit 7","Recharge 7","Res(Toxic) 7",{"$f":"IF(ISERROR(MID(#REF!,2,LEN(#REF!)-1)),\"\",MID(#REF!,2,LEN(#REF!)-1))","v":""},null,"Bonesnap_2","Set","Melee Damage",10,"DMG END","U","Inanimate Carbon Rod","Computer Virus","Clockwork Gear",null,null,null,null,null,"Res(Stun)",1.1000000000000001,1.65,2.2000000000000002,2.75,3.3,3.85,4.4000000000000004]
[null,null,null,null,"Hamidon Goo","Conversion",null,null,null,null,null,null,null,null,null,null,null,null,null,null,null,null,null,"Freebird",15,53,"Flight","Regen 3","HP 3","","","",null,null,"Bonesnap_3","Set","Melee Damage",10,"ACC RCH","U","Luck Charm","Enriched Plutonium","Scope",null,null,null,null,null,"Res(Toxic)",1.25,1.88,2.5,3.13,3.75,4.38,5]
[null,null,null,null,"Photonic Weapon","Conversion",null,null,null,null,null,null,null,null,null,null,null,null,null,null,null,null,null,"Gaussians Synchronized Fire-Control",21,50,"To Hit Buff","TravelSpeed 4","HP 4","Recovery 4","Damage 4","Def(Melee, Ranged, AoE) 3",null,null,"Brilliant Leadership_1","Set","Pet",15,"DMG ACC","U","Computer Virus","Luck Charm","Chemical Formula",null,null,null,null,null,"Res(Toxic, Psionic)",0.63,0.95,1.26,1.58,1.89,2.21,2.52]
[null,null,null,null,"Chronal Skip","Conversion",null,null,null,null,null,null,null,null,null,null,null,null,null,null,null,null,null,"Ghost Widows Embrace",20,53,"Hold","RunSpeed 4","HP 4","END 4","Duration(Hold) 4","Res(Psionic) 4",null,null,"Brilliant Leadership_1","Set","Pet",26,"DMG ACC","U","Scientific Theory","Rune","Data Drive",null,null,null,null,null,"RunSpeed",2,3,4,5,6,7,8]
[null,null,null,null,"Rikti Alloy","Conversion",null,null,null,null,null,null,null,null,null,null,null,null,null,null,null,null,null,"Gift of the Ancients",15,40,"Defense","Recovery 3","Res(Fire) 3","END 3","Res(Hold) 3","Res(Psionic) 3",null,null,"Brilliant Leadership_2","Set","Pet",15,"DMG END","U","Inanimate Carbon Rod","Spell Scroll","Polycarbon",null,null,null,null,null,"Slow",1,1.5,2,2.5,3,3.5,4]
[null,null,null,null,"Positronic Matrix","Conversion",null,null,null,null,null,null,null,null,null,null,null,null,null,null,null,null,null,"Glimpse of the Abyss",20,53,"Fear","Duration(Fear) 4","HP 4","ToHit 4","Recharge 4","Res(Psionic) 4",null,null,"Brilliant Leadership_2","Set","Pet",26,"DMG END","U","Inert Gas","Alchemical Silver","Mutant DNA Strand",null,null,null,null,null,"ToHit",2.5,3.75,5,6.25,9,11,15]
[null,null,null,null,"Platinum","Conversion",null,null,null,null,null,null,null,null,null,null,null,null,null,null,null,null,null,"Gravitational Anchor",50,50,"Immobilize","Recovery 7","Res(Fire, Cold) 7","ToHit 7","Recharge 7","Res(Toxic) 7",{"$f":"IF(ISERROR(MID(#REF!,2,LEN(#REF!)-1)),\"\",MID(#REF!,2,LEN(#REF!)-1))","v":""},null,"Brilliant Leadership_3","Set","Pet",15,"ACC END","U","Brass","Runebound Armor","Scope",null,null,null,null,null,"TravelSpeed",2,3,4,5,6,7,8]
[null,null,null,null,"Synthetic Intelligence Unit","Conversion",null,null,null,null,null,null,null,null,null,null,null,null,null,null,null,null,null,"Harmonized Healing",20,40,"Heal","Recovery 2","Res(Confuse) 2","Heal 2","Def(AoE) 2","Res(Toxic) 2",null,null,"Brilliant Leadership_3","Set","Pet",26,"ACC END","U","Stabilized Mutant Genome","Spell Ink","Steel"]
[null,null,null,null,"Brass","Conversion",null,null,null,null,null,null,null,null,null,null,null,null,null,null,null,null,null,"Hecatomb",50,50,"Melee Damage","Recovery 7","Res(Fire, Cold) 7","ToHit 7","Recharge 7","Res(Toxic) 7",{"$f":"IF(ISERROR(MID(#REF!,2,LEN(#REF!)-1)),\"\",MID(#REF!,2,LEN(#REF!)-1))","v":""},null,"Brilliant Leadership_4","Set","Pet",15,"DMG END ACC","U","Boresight","Ancient Artifact","Temporal Sands"]
[null,null,null,null,"Boresight","Conversion",null,null,null,null,null,null,null,null,null,null,null,null,null,null,null,null,null,"Hibernation",10,30,"Sleep","Duration(Sleep) 3","HP 1","Res(Smashing) 1","Recharge 1","",null,null,"Brilliant Leadership_4","Set","Pet",26,"DMG END ACC","U","Iron","Masterwork Weapon","Symbol"]
[null,null,null,null,"Unearthed Relic","Conversion",null,null,null,null,null,null,null,null,null,null,null,null,null,null,null,null,null,"Horror",10,30,"Fear","Duration(Fear) 1","HP 1","Res(Stun) 1","Recharge 1","",null,null,"Brilliant Leadership_5","Set","Pet",15,"ACC","U","Human Blood Sample","Spiritual Essence","Soulbound Armor"]
[null,null,null,null,"Temporal Sands","Conversion",null,null,null,null,null,null,null,null,null,null,null,null,null,null,null,null,null,"Impeded Swiftness",10,30,"Slow","Res(Immobilize) 3","Slow 5","Res(Stun) 3","Res(Hold) 3","Def(Melee) 3",null,null,"Brilliant Leadership_5","Set","Pet",26,"ACC","U","Improvised Cybernetic","Ancient Bone","Living Tattoo"]
[null,null,"",null,"Clockwork Gear","Conversion",null,null,null,null,null,null,null,null,null,null,null,null,null,null,null,null,null,"Impervious Skin",10,30,"Resist","Res(Sleep) 3","HP 3","Debt Protection 3","Recharge 3","",null,null,"Brilliant Leadership_6","Set","Pet",15,"DMG","U","Simple Chemical","Clockwork Winder","Clockwork Gear"]
[null,null,"",null,"Volume of the Obsidian Librum","Conversion",null,null,null,null,null,null,null,null,null,null,null,null,null,null,null,null,null,"Impervium Armor",15,40,"Resist","Recovery 4","Def(Psionic) 2","END 4","Res(Hold) 4","Res(Psionic) 4",null,null,"Brilliant Leadership_6","Set","Pet",26,"DMG","U","Circuit Board","Demonic Blood Sample","Blood of the Incarnate"]
[null,null,"",null,"Psionic Ectoplasm","Conversion",null,null,null,null,null,null,null,null,null,null,null,null,null,null,null,null,null,"Induced Coma",10,30,"Sleep","Duration(Sleep) 5","HP 1","Debt Protection 3","Movement 2","Def(Melee) 3",null,null,"Bruising Blow_1","Set","Melee Damage",15,"DMG ACC","U","Ancient Artifact","Simple Chemical","Polycarbon"]
[null,null,"",null,"Soulbound Armor","Conversion",null,null,null,null,null,null,null,null,null,null,null,null,null,null,null,null,null,"Jaunt",15,53,"Teleport","Regen 1","HP 1","","","",null,null,"Bruising Blow_1","Set","Melee Damage",26,"DMG ACC","U","Masterwork Weapon","Circuit Board","Mutant DNA Strand"]
[null,null,"",null,"Mutant Blood Sample","Conversion",null,null,null,null,null,null,null,null,null,null,null,null,null,null,null,null,null,"Karma",10,30,"Defense","Debt Protection 2","HP 3","","","",null,null,"Bruising Blow_2","Set","Melee Damage",15,"DMG END","U","Runebound Armor","Computer Virus","Heavy Water"]
[null,null,"",null,"Luck Charm","Conversion",null,null,null,null,null,null,null,null,null,null,null,null,null,null,null,null,null,"Kinetic Combat",20,35,"Melee Damage","Res(Immobilize) 4","HP 3","Def(Smashing) 5","TravelSpeed 4","",null,null,"Bruising Blow_2","Set","Melee Damage",26,"DMG END","U","Spell Ink","Scientific Theory","Corrosive Gas"]
[null,null,"",null,"Heavy Water","Conversion",null,null,null,null,null,null,null,null,null,null,null,null,null,null,null,null,null,"Kinetic Crash",21,50,"Knockback","RunSpeed 2","Res(Smashing) 3","Knockback 2","Regen 2","Recharge 5",null,null,"Bruising Blow_3","Set","Melee Damage",15,"DMG RCH","U","Spiritual Essence","Inanimate Carbon Rod","Volume of the Obsidian Librum"]
[null,null,"",null,"Daemon Program","Conversion",null,null,null,null,null,null,null,null,null,null,null,null,null,null,null,null,null,"Kismet",10,30,"Defense","Recovery 2","Res(Confuse) 2","Debt Protection 2","Recharge 2","",null,null,"Bruising Blow_3","Set","Melee Damage",26,"DMG RCH","U","Ancient Bone","Inert Gas","Alchemical Gold"]
[null,null,"",null,"Chemical Formula","Conversion",null,null,null,null,null,null,null,null,null,null,null,null,null,null,null,null,null,"Lethargic Repose",20,53,"Sleep","Duration(Sleep) 3","Def(Energy) 2","Def(Smashing) 2","Def(AoE) 2","Res(Toxic) 2",null,null,"Cacophany_1","Set","Confuse",10,"ACC RCH","R","Brass","Clockwork Winder","Scope"]
[null,null,"",null,"Polycarbon","Conversion",null,null,null,null,null,null,null,null,null,null,null,null,null,null,null,null,null,"Luck of the Gambler",25,53,"Defense","Regen 4","HP 2","ToHit 4","Res(Hold) 4","Res(Psionic) 4",null,null,"Cacophany_1","Set","Confuse",26,"ACC RCH","R","Stabilized Mutant Genome","Demonic Blood Sample","Steel"]
[null,null,"",null,"Scope","Conversion",null,null,null,null,null,null,null,null,null,null,null,null,null,null,null,null,null,"Maelstroms Fury",20,35,"Ranged Damage","RunSpeed 2","Def(Cold) 2","Res(Stun) 2","","",null,null,"Cacophany_2","Set","Confuse",10,"END CNF","R","Computer Virus","Luck Charm","Clockwork Gear","Heads Up Display"]
[null,null,"",null,"Lament Box","Conversion",null,null,null,null,null,null,null,null,null,null,null,null,null,null,null,null,null,"Makos Bite",30,53,"Melee Damage","Res(Immobilize) 5","HP 3","Damage 5","Res(Hold) 5","Def(Ranged) 5",null,null,"Cacophany_2","Set","Confuse",26,"END CNF","R","Scientific Theory","Rune","Blood of the Incarnate","Impervium"]
[null,null,"",null,"Strand of Fate","Conversion",null,null,null,null,null,null,null,null,null,null,null,null,null,null,null,null,null,"Malaises Illusions",20,53,"Confuse","Recovery 4","Duration(Confuse) 4","Damage 4","Recharge 4","Def(Ranged) 4",null,null,"Cacophany_3","Set","Confuse",10,"ACC END","U","Inanimate Carbon Rod","Ancient Artifact","Chemical Formula","Clockwork Winder"]
[null,null,"",null,"Psionicly Charged Brass","Conversion",null,null,null,null,null,null,null,null,null,null,null,null,null,null,null,null,null,"Miracle",20,40,"Heal","Recovery 4","HP 4","Heal 4","Def(AoE) 2","Def(Psionic) 2",null,null,"Cacophany_3","Set","Confuse",26,"ACC END","U","Inert Gas","Masterwork Weapon","Data Drive","Demonic Blood Sample"]
[null,null,"",null,"Page from the Malleus Mundi","Conversion",null,null,null,null,null,null,null,null,null,null,null,null,null,null,null,null,null,"Mocking Beratement",21,50,"Taunt","END 3","Res(Hold) 4","Def(Smashing, Lethal) 3","Def(Fire, Cold) 4","Recharge 5",null,null,"Cacophany_4","Set","Confuse",10,"CNF RNG","R","Boresight","Runebound Armor","Psionic Ectoplasm","Complex Chemical Formula"]
[null,null,"",null,"Psionic Manifestation","Conversion",null,null,null,null,null,null,null,null,null,null,null,null,null,null,null,null,null,"Multi Strike",20,53,"PBAoE","Res(Sleep) 2","Res(Fire, Cold) 2","Res(Stun) 2","Def(AoE) 2","Def(Melee) 2",null,null,"Cacophany_4","Set","Confuse",26,"CNF RNG","R","Iron","Spell Ink","Carnival of Shadows Mask","Holographic Memory"]
[null,null,"",null,"Clockwork Winder","Conversion",null,null,null,null,null,null,null,null,null,null,null,null,null,null,null,null,null,"Neuronic Shutdown",10,30,"Hold","Res(Immobilize) 3","HP 3","ToHit 3","Duration(Hold) 3","Def(Melee) 3",null,null,"Cacophany_5","Set","Confuse",10,"ACC CNF RCH","R","Human Blood Sample","Spiritual Essence","Heavy Water","Psionic Manifestation"]
[null,null,"",null,"Symbiotic Armor","Conversion",null,null,null,null,null,null,null,null,null,null,null,null,null,null,null,null,null,"Nightmare",20,53,"Fear","Duration(Fear) 2","Def(Negative Energy) 2","ToHit 2","Res(Hold) 2","Res(Toxic, Psionic) 2",null,null,"Cacophany_5","Set","Confuse",26,"ACC CNF RCH","R","Improvised Cybernetic","Ancient Bone","Corrosive Gas","Mu Vestment"]
[null,null,"",null,"Alien Blood Sample","Conversion",null,null,null,null,null,null,null,null,null,null,null,null,null,null,null,null,null,"Numinas Convalesence",30,53,"Heal","Regen 5","HP 4","Heal 5","Res(Hold) 5","Def(Ranged) 5",null,null,"Cacophany_6","Set","Confuse",10,"20% chance (Energy)","R","Simple Chemical","Spell Scroll","Lament Box","Enriched Plutonium","Page from the Malleus Mundi"]
[null,null,"",null,"Enriched Plutonium","Conversion",null,null,null,null,null,null,null,null,null,null,null,null,null,null,null,null,null,"Pacing of the Turtle",20,53,"Slow","Res(Sleep) 4","Slow 4","ToHit 4","Res(Hold) 4","Def(Ranged) 4",null,null,"Cacophany_6","Set","Confuse",26,"20% chance (Energy)","R","Circuit Board","Alchemical Silver","Deific Weapon","Reactive Gas","Enchanted Impervium"]
[null,null,"",null,"Source Code","Conversion",null,null,null,null,null,null,null,null,null,null,null,null,null,null,null,null,null,"Paralytic",10,30,"Hold","Recovery 1","Res(Energy, Negative) 1","Debt Protection 1","Duration(Hold) 1","",null,null,"Calibrated Accuracy_1","Set","Sniper/AS",20,"DMG ACC","U","Inanimate Carbon Rod","Luck Charm","Chemical Formula"]
[null,null,"",null,"Complex Chemical Formula","Conversion",null,null,null,null,null,null,null,null,null,null,null,null,null,null,null,null,null,"Perfect Zinger",21,50,"Taunt","Res(Fear) 4","Regen 4","Recharge 3","Damage 4","Def(Smashing, Lethal) 4",null,null,"Calibrated Accuracy_1","Set","Sniper/AS",26,"DMG ACC","U","Inert Gas","Rune","Data Drive"]
[null,null,"",null,"Plasma Capacitor","Conversion",null,null,null,null,null,null,null,null,null,null,null,null,null,null,null,null,null,"Performance Shifter",21,50,"Endurance Modification","TravelSpeed 4","HP 4","Recovery 4","Damage 4","Def(AoE) 4",null,null,"Calibrated Accuracy_1","Set","Sniper/AS",41,"DMG ACC","U","Temporal Analyzer","Fortune","Pneumatic Piston"]
[null,null,"",null,"Heads Up Display","Conversion",null,null,null,null,null,null,null,null,null,null,null,null,null,null,null,null,null,"Perplex",20,53,"Confuse","Regen 2","Duration(Confuse) 2","ToHit 2","Def(AoE) 2","Res(Toxic, Psionic) 2",null,null,"Calibrated Accuracy_2","Set","Sniper/AS",20,"ACC END","U","Computer Virus","Spiritual Essence","Unearthed Relic"]
[null,null,"",null,"Masterwork Weapon","Conversion",null,null,null,null,null,null,null,null,null,null,null,null,null,null,null,null,null,"Positrons Blast",20,53,"Ranged AoE","Recovery 4","Res(Fire, Cold) 4","ToHit 4","Recharge 4","Res(Toxic) 4",null,null,"Calibrated Accuracy_2","Set","Sniper/AS",26,"ACC END","U","Scientific Theory","Ancient Bone","Enscorcelled Weapon"]
[null,null,"",null,"Rune","Conversion",null,null,null,null,null,null,null,null,null,null,null,null,null,null,null,null,null,"Pounding Slugfest",15,30,"Melee Damage","Regen 3","Def(Energy, Negative) 1","Damage 3","","",null,null,"Calibrated Accuracy_2","Set","Sniper/AS",41,"ACC END","U","Ceramic Armor Plate","Regenerating Flesh","Unquenchable Flame"]
[null,null,"",null,"Demonic Blood Sample","Conversion",null,null,null,null,null,null,null,null,null,null,null,null,null,null,null,null,null,"Pulverizing Fisticuffs",10,25,"Melee Damage","Res(Sleep) 3","Def(Energy, Negative) 1","","","",null,null,"Calibrated Accuracy_3","Set","Sniper/AS",20,"ACC INT","U","Boresight","Ancient Artifact","Clockwork Gear"]
[null,null,"",null,"Spell Scroll","Conversion",null,null,null,null,null,null,null,null,null,null,null,null,null,null,null,null,null,"Quickfoot",15,53,"Run","Res(Immobilize) 1","HP 1","","","",null,null,"Calibrated Accuracy_3","Set","Sniper/AS",26,"ACC INT","U","Iron","Masterwork Weapon","Blood of the Incarnate"]
[null,null,"",null,"Alchemical Silver","Conversion",null,null,null,null,null,null,null,null,null,null,null,null,null,null,null,null,null,"Ragnarok",50,50,"Ranged AoE","Recovery 7","Res(Fire, Cold) 7","ToHit 7","Recharge 7","Res(Toxic) 7",{"$f":"IF(ISERROR(MID(#REF!,2,LEN(#REF!)-1)),\"\",MID(#REF!,2,LEN(#REF!)-1))","v":""},null,"Calibrated Accuracy_3","Set","Sniper/AS",41,"ACC INT","U","Mathematic Proof","Nevermelting Ice","Sapphire"]
[null,null,"",null,"Ancient Bone","Conversion",null,null,null,null,null,null,null,null,null,null,null,null,null,null,null,null,null,"Razzle Dazzle",10,30,"Stun","Recovery 3","HP 3","Duration(Stun) 3","Def(Melee) 3","Def(AoE) 3",null,null,"Calibrated Accuracy_4","Set","Sniper/AS",20,"ACC RNG","U","Simple Chemical","Clockwork Winder","Heavy Water"]
[null,null,"",null,"Spell Ink","Conversion",null,null,null,null,null,null,null,null,null,null,null,null,null,null,null,null,null,"Reactive Armor",15,40,"Resist","Res(Immobilize) 1","Def(Energy) 1","Def(Lethal) 1","Def(AoE) 1","Res(Toxic) 1",null,null,"Calibrated Accuracy_4","Set","Sniper/AS",26,"ACC RNG","U","Circuit Board","Demonic Blood Sample","Corrosive Gas"]
[null,null,"",null,"Improvised Cybernetic","Conversion",null,null,null,null,null,null,null,null,null,null,null,null,null,null,null,null,null,"Rectified Reticle",10,20,"To Hit Buff","Def(Smashing, Lethal) 2","Regen 2",null,null,null,null,null,"Calibrated Accuracy_4","Set","Sniper/AS",41,"ACC RNG","U","Hydraulic Piston","Ruby","Temporal Tracer"]
[null,null,"",null,"Inert Gas","Conversion",null,null,null,null,null,null,null,null,null,null,null,null,null,null,null,null,null,"Red Fortune",25,53,"Defense","Res(Immobilize) 2","Duration(Confuse) 2","Damage 2","Recharge 2","Def(Ranged) 2",null,null,"Calibrated Accuracy_5","Set","Sniper/AS",20,"ACC RCH","U","Human Blood Sample","Runebound Armor","Volume of the Obsidian Librum"]
[null,null,"",null,"Scientific Theory","Conversion",null,null,null,null,null,null,null,null,null,null,null,null,null,null,null,null,null,"Regenerative Tissue",10,30,"Heal","RunSpeed 3","HP 3","Heal 3","Recharge 3","",null,null,"Calibrated Accuracy_5","Set","Sniper/AS",26,"ACC RCH","U","Improvised Cybernetic","Spell Ink","Alchemical Gold"]
[null,null,"",null,"Circuit Board","Conversion",null,null,null,null,null,null,null,null,null,null,null,null,null,null,null,null,null,"Rooting Grasp",10,30,"Immobilize","Duration(Immobilize) 1","HP 1","Damage 1","Recharge 1","",null,null,"Calibrated Accuracy_5","Set","Sniper/AS",41,"ACC RCH","U","Kinetic Weapon","Spirit Thorn","Psionic Threat Report"]
[null,null,"",null,"Stabilized Mutant Genome","Conversion",null,null,null,null,null,null,null,null,null,null,null,null,null,null,null,null,null,"Rope A Dope",20,53,"Stun","Regen 2","Res(Fire, Cold) 2","Duration(Stun) 3","Res(Hold) 2","Def(Psionic) 2",null,null,"Calibrated Accuracy_6","Set","Sniper/AS",20,"DMG ACC RCH","U","Brass","Spell Scroll","Scope"]
[null,null,"",null,"Iron","Conversion",null,null,null,null,null,null,null,null,null,null,null,null,null,null,null,null,null,"Ruin",25,40,"Ranged Damage","Res(Fear) 2","HP 2","Debt Protection 1","Def(AoE) 2","",null,null,"Calibrated Accuracy_6","Set","Sniper/AS",26,"DMG ACC RCH","U","Stabilized Mutant Genome","Alchemical Silver","Steel"]
[null,null,"",null,"Enscorcelled Weapon","Conversion",null,null,null,null,null,null,null,null,null,null,null,null,null,null,null,null,null,"Salvo",10,25,"Ranged Damage","Res(Sleep) 3","Res(Fire, Cold) 3","","","",null,null,"Calibrated Accuracy_6","Set","Sniper/AS",41,"DMG ACC RCH","U","Silver","Demonic Threat Report","Chaos Theorem"]
[null,null,"",null,"Spiritual Essence","Conversion",null,null,null,null,null,null,null,null,null,null,null,null,null,null,null,null,null,"Sciroccos Dervish",20,53,"PBAoE","Regen 4","Res(Negative Energy) 4","ToHit 4","Def(AoE) 4","Def(Psionic) 4",null,null,"Call of the Sandman_1","Set","Sleep",20,"ACC RCH","R","Luck Charm","Boresight","Scope","Complex Chemical Formula"]
[null,null,"",null,"Symbol","Conversion",null,null,null,null,null,null,null,null,null,null,null,null,null,null,null,null,null,"Serendipity",15,40,"Defense","Regen 1","HP 1","ToHit 1","Def(AoE) 1","Res(Toxic) 1",null,null,"Call of the Sandman_1","Set","Sleep",26,"ACC RCH","R","Rune","Iron","Steel","Holographic Memory"]
[null,null,"",null,"Blood of the Incarnate","Conversion",null,null,null,null,null,null,null,null,null,null,null,null,null,null,null,null,null,"Smashing Haymaker",20,35,"Melee Damage","Res(Immobilize) 3","HP 2","Def(Smashing) 2","","",null,null,"Call of the Sandman_1","Set","Sleep",41,"ACC RCH","R","Fortune","Mathematic Proof","Chaos Theorem","Positronic Matrix"]
[null,null,"",null,"Alchemical Gold","Conversion",null,null,null,null,null,null,null,null,null,null,null,null,null,null,null,null,null,"Soaring",15,53,"Flight","Recovery 1","HP 1","","","",null,null,"Call of the Sandman_2","Set","Sleep",20,"END SLP","R","Spell Scroll","Inanimate Carbon Rod","Daemon Program","Strand of Fate"]
[null,null,"",null,"Carnival of Shadows Mask","Conversion",null,null,null,null,null,null,null,null,null,null,null,null,null,null,null,null,null,"Soulbound Allegiance",50,50,"Pet","Regen 7","HP 7","Damage 7","Res(Hold) 7","Def(Psionic) 7",{"$f":"IF(ISERROR(MID(#REF!,2,LEN(#REF!)-1)),\"\",MID(#REF!,2,LEN(#REF!)-1))","v":""},null,"Call of the Sandman_2","Set","Sleep",26,"END SLP","R","Alchemical Silver","Inert Gas","Scientific Law","Empowered Sigil"]
[null,null,"",null,"Living Tattoo","Conversion",null,null,null,null,null,null,null,null,null,null,null,null,null,null,null,null,null,"Sovereign Right",25,53,"Pet","Res(Sleep) 4","Res(Confuse) 4","Res(Stun) 4","Res(Hold) 4","Def(Melee) 4",null,null,"Call of the Sandman_2","Set","Sleep",41,"END SLP","R","Demonic Threat Report","Temporal Analyzer","Titanium Shard","Prophecy"]
[null,null,"",null,"Commercial Cybernetic","Conversion",null,null,null,null,null,null,null,null,null,null,null,null,null,null,null,null,null,"Springfoot",15,53,"Jump","JumpSpeed 1","HP 1","","","",null,null,"Call of the Sandman_3","Set","Sleep",20,"ACC END","R","Spiritual Essence","Human Blood Sample","Temporal Sands","Heads Up Display"]
[null,null,"",null,"Corrosive Gas","Conversion",null,null,null,null,null,null,null,null,null,null,null,null,null,null,null,null,null,"Stagger",10,30,"Stun","RunSpeed 1","Def(Fire, Cold) 1","Duration(Stun) 1","Recharge 1","",null,null,"Call of the Sandman_3","Set","Sleep",26,"ACC END","R","Ancient Bone","Improvised Cybernetic","Symbol","Impervium"]
[null,null,"",null,"Scientific Law","Conversion",null,null,null,null,null,null,null,null,null,null,null,null,null,null,null,null,null,"Steadfast Protection",10,30,"Resist","Recovery 2","HP 3","","","",null,null,"Call of the Sandman_3","Set","Sleep",41,"ACC END","R","Regenerating Flesh","Kinetic Weapon","Destiny","Synthetic Intelligence Unit"]
[null,null,"",null,"Data Drive","Conversion",null,null,null,null,null,null,null,null,null,null,null,null,null,null,null,null,null,"Sting of the Manticore",35,53,"Sniper/AS","Regen 5","Def(Energy, Negative) 2","Damage 5","Recharge 5","Res(Toxic) 4",null,null,"Call of the Sandman_4","Set","Sleep",20,"SLP RNG","R","Clockwork Winder","Simple Chemical","Mutant Blood Sample","Lament Box"]
[null,null,"",null,"Mutant DNA Strand","Conversion",null,null,null,null,null,null,null,null,null,null,null,null,null,null,null,null,null,"Stupefy",20,53,"Stun","Recovery 4","HP 4","Duration(Stun) 5","Recharge 4","Def(Ranged) 4",null,null,"Call of the Sandman_4","Set","Sleep",26,"SLP RNG","R","Demonic Blood Sample","Circuit Board","Commercial Cybernetic","Deific Weapon"]
[null,null,"",null,"Runebound Armor","Conversion",null,null,null,null,null,null,null,null,null,null,null,null,null,null,null,null,null,"Tempered Readiness",20,53,"Slow","Recovery 2","Slow 2","END 1","Recharge 2","Def(Ranged) 2",null,null,"Call of the Sandman_4","Set","Sleep",41,"SLP RNG","R","Ruby","Hydraulic Piston","Energy Weapon","Pangean Soil"]
[null,null,"",null,"Steel","Conversion",null,null,null,null,null,null,null,null,null,null,null,null,null,null,null,null,null,"Tempest",15,30,"Ranged Damage","Res(Sleep) 3","Res(Energy, Negative) 1","Damage 3","","",null,null,"Call of the Sandman_5","Set","Sleep",20,"ACC SLP RCH","R","Ancient Artifact","Computer Virus","Soulbound Armor","Plasma Capacitor"]
[null,null,"",null,"Deific Weapon","Conversion",null,null,null,null,null,null,null,null,null,null,null,null,null,null,null,null,null,"Thunderstrike",30,53,"Ranged Damage","Recovery 3","Def(Energy) 3","ToHit 3","TravelSpeed 3","Def(Ranged) 3",null,null,"Call of the Sandman_5","Set","Sleep",26,"ACC SLP RCH","R","Masterwork Weapon","Scientific Theory","Living Tattoo","Mutating Genome"]
[null,null,"",null,"Empowered Sigil","Conversion",null,null,null,null,null,null,null,null,null,null,null,null,null,null,null,null,null,"TimeSpace Manipulation",15,53,"Teleport","Regen 3","HP 3","","","",null,null,"Call of the Sandman_5","Set","Sleep",41,"ACC SLP RCH","R","Nevermelting Ice","Ceramic Armor Plate","Thorn Tree Vine","Platinum"]
[null,null,"",null,"Black Blood of the Earth","Conversion",null,null,null,null,null,null,null,null,null,null,null,null,null,null,null,null,null,"Titanium Coating",25,53,"Resist","Res(Sleep) 3","HP 3","Res(Stun) 3","Res(Hold) 4","Def(Melee) 3",null,null,"Call of the Sandman_6","Set","Sleep",20,"10% chance For 5% Self Heal","R","Runebound Armor","Simple Chemical","Volume of the Obsidian Librum","Psionicly Charged Brass","Alien Blood Sample"]
[null,null,"",null,"Enchanted Impervium","Conversion",null,null,null,null,null,null,null,null,null,null,null,null,null,null,null,null,null,"Touch of Death",25,40,"Melee Damage","Res(Immobilize) 4","HP 3","Damage 4","Res(Hold) 4","Def(Melee) 4",null,null,"Call of the Sandman_6","Set","Sleep",26,"10% chance For 5% Self Heal","R","Spell Ink","Circuit Board","Alchemical Gold","Black Blood of the Earth","Military Cybernetic"]
[null,null,"",null,"Mu Vestment","Conversion",null,null,null,null,null,null,null,null,null,null,null,null,null,null,null,null,null,"Touch of Lady Grey",21,50,"Defense Debuff","HP 3","Recovery 4","Recharge 3","Damage 3","ToHit 6",null,null,"Call of the Sandman_6","Set","Sleep",41,"10% chance For 5% Self Heal","R","Spirit Thorn","Hydraulic Piston","Psionic Threat Report","Diamond","Photonic Weapon"]
[null,null,"",null,"Soul Trapped Gem","Conversion",null,null,null,null,null,null,null,null,null,null,null,null,null,null,null,null,null,"Trap of the Hunter",20,53,"Immobilize","Duration(Immobilize) 4","HP 4","ToHit 4","Res(Hold) 4","Def(Ranged) 4",null,null,"Celerity_1","Set","Run",15,"END","R","Luck Charm","Simple Chemical","Enriched Plutonium"]
[null,null,"",null,"Military Cybernetic","Conversion",null,null,null,null,null,null,null,null,null,null,null,null,null,null,null,null,null,"Triage",10,30,"Heal","Regen 1","HP 1","Heal 1","","",null,null,"Celerity_1","Set","Run",26,"END","R","Rune","Circuit Board","Reactive Gas"]
[null,null,"",null,"Reactive Gas","Conversion",null,null,null,null,null,null,null,null,null,null,null,null,null,null,null,null,null,"Triumphant Insult",10,20,"Taunt","Recovery 1","Def(Smashing, Lethal) 2",null,null,null,null,null,"Celerity_1","Set","Run",41,"END","R","Fortune","Hydraulic Piston","Chronal Skip"]
[null,null,"",null,"Conspiratorial Evidence","Conversion",null,null,null,null,null,null,null,null,null,null,null,null,null,null,null,null,null,"Unbounded Leap",15,53,"Jump","JumpSpeed 3","HP 3","","","",null,null,"Celerity_2","Set","Run",15,"RUN","R","Runebound Armor","Brass","Strand of Fate"]
[null,null,"",null,"Human Blood Sample","Conversion",null,null,null,null,null,null,null,null,null,null,null,null,null,null,null,null,null,"Unbreakable Contraint",50,50,"Hold","Recovery 7","Res(Fire, Cold) 7","ToHit 7","Recharge 7","Res(Toxic) 7",{"$f":"IF(ISERROR(MID(AG30,2,LEN(AG30)-1)),\"\",MID(AG30,2,LEN(AG30)-1))","v":""},null,"Celerity_2","Set","Run",26,"RUN","R","Spell Ink","Stabilized Mutant Genome","Empowered Sigil"]
[null,null,"",null,"Holographic Memory","Conversion",null,null,null,null,null,null,null,null,null,null,null,null,null,null,null,null,null,"Undermined Defenses",21,50,"Defense Debuff","Damage 3","END 3","ToHit 4","HP 3","Def(AoE) 3",null,null,"Celerity_2","Set","Run",41,"RUN","R","Spirit Thorn","Silver","Prophecy"]
[null,null,"",null,"Mutating Genome","Conversion",null,null,null,null,null,null,null,null,null,null,null,null,null,null,null,null,null,"Unquestioning Loyalty",10,30,"Pet","Res(Immobilize) 1","HP 1","END 1","","",null,null,"Celerity_3","Set","Run",15,"UNIQUE: +Stealth (35ft PvE/389ft PvP)","R","Clockwork Winder","Computer Virus","Page from the Malleus Mundi"]
[null,null,"",null,"Impervium","Conversion",null,null,null,null,null,null,null,null,null,null,null,null,null,null,null,null,null,"Unspeakable Terror",10,30,"Fear","Duration(Fear) 3","Res(Negative Energy) 3","Debt Protection 2","Recharge 3","Res(Psionic) 3",null,null,"Celerity_3","Set","Run",26,"UNIQUE: +Stealth (35ft PvE/389ft PvP)","R","Demonic Blood Sample","Scientific Theory","Enchanted Impervium"]
[null,null,"",null,"Nevermelting Ice","Conversion",null,null,null,null,null,null,null,null,null,null,null,null,null,null,null,null,null,"Volley Fire",15,30,"Ranged Damage","Regen 1","HP 1","","","",null,null,"Celerity_3","Set","Run",41,"UNIQUE: +Stealth (35ft PvE/389ft PvP)","R","Ruby","Ceramic Armor Plate","Magical Conspiracy"]
[null,null,"",null,"Fortune","Conversion",null,null,null,null,null,null,null,null,null,null,null,null,null,null,null,null,null,"Volley of Velocity",10,20,"Knockback","Debt Protection 1","HP 2",null,null,null,null,null,"Cleaving Blow_1","Set","PBAoE",10,"DMG ACC","U","Spell Scroll","Human Blood Sample","Chemical Formula"]
[null,null,"",null,"Ruby","Conversion",null,null,null,null,null,null,null,null,null,null,null,null,null,null,null,null,null,null,null,null,null,null,null,null,null,null,{"$f":"IF(ISERROR(MID(AG12,2,LEN(AG12)-1)),\"\",MID(AG12,2,LEN(AG12)-1))","v":""},null,"Cleaving Blow_1","Set","PBAoE",26,"DMG ACC","U","Alchemical Silver","Improvised Cybernetic","Data Drive"]
[null,null,"",null,"Demonic Threat Report","Conversion",null,null,null,null,null,null,null,null,null,null,null,null,null,null,null,null,null,null,null,null,null,null,null,null,null,null,"",null,"Cleaving Blow_1","Set","PBAoE",41,"DMG ACC","U","Demonic Threat Report","Kinetic Weapon","Pneumatic Piston"]
[null,null,"",null,"Regenerating Flesh","Conversion",null,null,null,null,null,null,null,null,null,null,null,null,null,null,null,null,null,null,null,null,null,null,null,null,null,null,"",null,"Cleaving Blow_2","Set","PBAoE",10,"DMG END","U","Ancient Artifact","Boresight","Psionic Ectoplasm"]
[null,null,"",null,"Spirit Thorn","Conversion",null,null,null,null,null,null,null,null,null,null,null,null,null,null,null,null,null,null,null,null,null,null,null,null,null,null,"",null,"Cleaving Blow_2","Set","PBAoE",26,"DMG END","U","Masterwork Weapon","Iron","Carnival of Shadows Mask"]
[null,null,"",null,"Kinetic Weapon","Conversion",null,null,null,null,null,null,null,null,null,null,null,null,null,null,null,null,null,null,null,null,null,null,null,null,null,null,"",null,"Cleaving Blow_2","Set","PBAoE",41,"DMG END","U","Nevermelting Ice","Mathematic Proof","Bleeding Stone"]
[null,null,"",null,"Inanimate Carbon Rod","Conversion",null,null,null,null,null,null,null,null,null,null,null,null,null,null,null,null,null,null,null,null,null,null,null,null,null,null,"",null,"Cleaving Blow_3","Set","PBAoE",10,"DMG RCH","U","Spiritual Essence","Brass","Mutant Blood Sample","Strand of Fate"]
[null,null,"",null,"Temporal Analyzer","Conversion",null,null,null,null,null,null,null,null,null,null,null,null,null,null,null,null,null,null,null,null,null,null,null,null,null,null,"",null,"Cleaving Blow_3","Set","PBAoE",26,"DMG RCH","U","Ancient Bone","Stabilized Mutant Genome","Commercial Cybernetic","Empowered Sigil"]
[null,null,"",null,"Ceramic Armor Plate","Conversion",null,null,null,null,null,null,null,null,null,null,null,null,null,null,null,null,null,null,null,null,null,null,null,null,null,null,"",null,"Cleaving Blow_3","Set","PBAoE",41,"DMG RCH","U","Regenerating Flesh","Silver","Energy Weapon","Prophecy"]
[null,null,"",null,"Hydraulic Piston","Conversion",null,null,null,null,null,null,null,null,null,null,null,null,null,null,null,null,null,null,null,null,null,null,null,null,null,null,"",null,"Cleaving Blow_4","Set","PBAoE",10,"ACC RCH","U","Clockwork Winder","Simple Chemical","Soulbound Armor","Heads Up Display"]
[null,null,"",null,"Silver","Conversion",null,null,null,null,null,null,null,null,null,null,null,null,null,null,null,null,null,null,null,null,null,null,null,null,null,null,"",null,"Cleaving Blow_4","Set","PBAoE",26,"ACC RCH","U","Demonic Blood Sample","Circuit Board","Living Tattoo","Impervium"]
[null,null,"",null,"Mathematic Proof","Conversion",null,null,null,null,null,null,null,null,null,null,null,null,null,null,null,null,null,null,null,null,null,null,null,null,null,null,"",null,"Cleaving Blow_4","Set","PBAoE",41,"ACC RCH","U","Ruby","Hydraulic Piston","Thorn Tree Vine","Synthetic Intelligence Unit"]
[null,null,"",null,"Unquenchable Flame","Conversion",null,null,null,null,null,null,null,null,null,null,null,null,null,null,null,null,null,null,null,null,null,null,null,null,null,null,"",null,"Commanding Presence_1","Set","Pet",10,"DMG ACC","U","Simple Chemical","Luck Charm","Heavy Water"]
[null,null,"",null,"Destiny","Conversion",null,null,null,null,null,null,null,null,null,null,null,null,null,null,null,null,null,null,null,null,null,null,null,null,null,null,"",null,"Commanding Presence_1","Set","Pet",26,"DMG ACC","U","Circuit Board","Rune","Corrosive Gas"]
[null,null,"",null,"Sapphire","Conversion",null,null,null,null,null,null,null,null,null,null,null,null,null,null,null,null,null,null,null,null,null,null,null,null,null,null,"",null,"Commanding Presence_2","Set","Pet",10,"DMG END","R","Brass","Spell Scroll","Mutant Blood Sample","Psionicly Charged Brass"]
[null,null,"",null,"Psionic Threat Report","Conversion",null,null,null,null,null,null,null,null,null,null,null,null,null,null,null,null,null,null,null,null,null,null,null,null,null,null,"",null,"Commanding Presence_2","Set","Pet",26,"DMG END","R","Stabilized Mutant Genome","Alchemical Silver","Commercial Cybernetic","Black Blood of the Earth"]
[null,null,"",null,"Bleeding Stone","Conversion",null,null,null,null,null,null,null,null,null,null,null,null,null,null,null,null,null,null,null,null,null,null,null,null,null,null,"",null,"Commanding Presence_3","Set","Pet",10,"ACC END","R","Inanimate Carbon Rod","Runebound Armor","Soulbound Armor","Enriched Plutonium"]
[null,null,"",null,"Computer Virus","Conversion",null,null,null,null,null,null,null,null,null,null,null,null,null,null,null,null,null,null,null,null,null,null,null,null,null,null,"",null,"Commanding Presence_3","Set","Pet",26,"ACC END","R","Inert Gas","Spell Ink","Living Tattoo","Reactive Gas"]
[null,null,"",null,"Thorn Tree Vine","Conversion",null,null,null,null,null,null,null,null,null,null,null,null,null,null,null,null,null,null,null,null,null,null,null,null,null,null,"",null,"Commanding Presence_4","Set","Pet",10,"DMG END ACC","R","Boresight","Clockwork Winder","Clockwork Gear","Source Code"]
[null,null,"",null,"Energy Weapon","Conversion",null,null,null,null,null,null,null,null,null,null,null,null,null,null,null,null,null,null,null,null,null,null,null,null,null,null,"",null,"Commanding Presence_4","Set","Pet",26,"DMG END ACC","R","Iron","Demonic Blood Sample","Blood of the Incarnate","Conspiratorial Evidence"]
[null,null,"",null,"Temporal Tracer","Conversion",null,null,null,null,null,null,null,null,null,null,null,null,null,null,null,null,null,null,null,null,null,null,null,null,null,null,"",null,"Commanding Presence_5","Set","Pet",10,"PBAoE (20ft) Pet +Res(Taunt & Placate)","R","Human Blood Sample","Spiritual Essence","Enriched Plutonium","Page from the Malleus Mundi"]
[null,null,"",null,"Titanium Shard","Conversion",null,null,null,null,null,null,null,null,null,null,null,null,null,null,null,null,null,null,null,null,null,null,null,null,null,null,"",null,"Commanding Presence_5","Set","Pet",26,"PBAoE (20ft) Pet +Res(Taunt & Placate)","R","Improvised Cybernetic","Ancient Bone","Reactive Gas","Enchanted Impervium"]
[null,null,"",null,"Pneumatic Piston","Conversion",null,null,null,null,null,null,null,null,null,null,null,null,null,null,null,null,null,null,null,null,null,null,null,null,null,null,"",null,"Crushing Impact_1","Set","Melee Damage",30,"DMG ACC","U","Demonic Blood Sample","Rune","Steel"]
[null,null,"",null,"Gold","Conversion",null,null,null,null,null,null,null,null,null,null,null,null,null,null,null,null,null,null,null,null,null,null,null,null,null,null,"",null,"Crushing Impact_1","Set","Melee Damage",41,"DMG ACC","U","Ruby","Fortune","Chaos Theorem"]
[null,null,"",null,"Chaos Theorem","Conversion",null,null,null,null,null,null,null,null,null,null,null,null,null,null,null,null,null,null,null,null,null,null,null,null,null,null,{"$f":"IF(ISERROR(MID(AG35,2,LEN(AG35)-1)),\"\",MID(AG35,2,LEN(AG35)-1))","v":""},null,"Crushing Impact_2","Set","Melee Damage",30,"DMG END","U","Masterwork Weapon","Spell Ink","Mutant DNA Strand"]
[null,null,"",null,"Pangean Soil","Conversion",null,null,null,null,null,null,null,null,null,null,null,null,null,null,null,null,null,null,null,null,null,null,null,null,null,null,"",null,"Crushing Impact_2","Set","Melee Damage",41,"DMG END","U","Nevermelting Ice","Spirit Thorn","Gold"]
[null,null,"",null,"Prophecy","Conversion",null,null,null,null,null,null,null,null,null,null,null,null,null,null,null,null,null,null,null,null,null,null,null,null,null,null,"",null,"Crushing Impact_3","Set","Melee Damage",30,"DMG RCH","U","Alchemical Silver","Ancient Bone","Symbol"]
[null,null,"",null,"Diamond","Conversion",null,null,null,null,null,null,null,null,null,null,null,null,null,null,null,null,null,null,null,null,null,null,null,null,null,null,"",null,"Crushing Impact_3","Set","Melee Damage",41,"DMG RCH","U","Demonic Threat Report","Regenerating Flesh","Destiny"]
[null,null,"",null,null,null,null,null,null,null,null,null,null,null,null,null,null,null,null,null,null,null,null,null,null,null,null,null,null,null,null,null,"",null,"Crushing Impact_4","Set","Melee Damage",30,"DMG ACC RCH","U","Ancient Bone","Alchemical Silver","Blood of the Incarnate"]
[null,null,"",null,null,null,null,null,null,null,null,null,null,null,null,null,null,null,null,null,null,null,null,null,null,null,null,null,null,null,null,null,"",null,"Crushing Impact_4","Set","Melee Damage",41,"DMG ACC RCH","U","Regenerating Flesh","Demonic Threat Report","Sapphire"]
[null,null,"",null,null,null,null,null,null,null,null,null,null,null,null,null,null,null,null,null,null,null,null,null,null,null,null,null,null,null,null,null,"",null,"Crushing Impact_5","Set","Melee Damage",30,"DMG END ACC","U","Spell Ink","Masterwork Weapon","Data Drive"]
[null,null,"",null,null,null,null,null,null,null,null,null,null,null,null,null,null,null,null,null,null,null,null,null,null,null,null,null,null,null,null,null,"",null,"Crushing Impact_5","Set","Melee Damage",41,"DMG END ACC","U","Spirit Thorn","Nevermelting Ice","Pneumatic Piston"]
[null,null,"",null,null,null,null,null,null,null,null,null,null,null,null,null,null,null,null,null,null,null,null,null,null,null,null,null,null,null,null,null,"",null,"Crushing Impact_6","Set","Melee Damage",30,"DMG END RCH","U","Rune","Demonic Blood Sample","Alchemical Gold"]
[null,null,"",null,null,null,null,null,null,null,null,null,null,null,null,null,null,null,null,null,null,null,null,null,null,null,null,null,null,null,null,null,"",null,"Crushing Impact_6","Set","Melee Damage",41,"DMG END RCH","U","Fortune","Ruby","Psionic Threat Report"]
[null,null,"",null,null,null,null,null,null,null,null,null,null,null,null,null,null,null,null,null,null,null,null,null,null,null,null,null,null,null,null,null,"",null,"Curtail Speed_1","Set","Slow",10,"ACC SLW","U","Brass","Luck Charm","Heavy Water"]
[null,null,"",null,null,null,null,null,null,null,null,null,null,null,null,null,null,null,null,null,null,null,null,null,null,null,null,null,null,null,null,null,"",null,"Curtail Speed_1","Set","Slow",26,"ACC SLW","U","Stabilized Mutant Genome","Rune","Corrosive Gas"]
[null,null,"",null,null,null,null,null,null,null,null,null,null,null,null,null,null,null,null,null,null,null,null,null,null,null,null,null,null,null,null,null,"",null,"Curtail Speed_2","Set","Slow",10,"DMG SLW","U","Computer Virus","Spell Scroll","Chemical Formula"]
[null,null,"",null,null,null,null,null,null,null,null,null,null,null,null,null,null,null,null,null,null,null,null,null,null,null,null,null,null,null,null,null,"",null,"Curtail Speed_2","Set","Slow",26,"DMG SLW","U","Scientific Theory","Alchemical Silver","Data Drive"]
[null,null,"",null,null,null,null,null,null,null,null,null,null,null,null,null,null,null,null,null,null,null,null,null,null,null,null,null,null,null,null,null,"",null,"Curtail Speed_3","Set","Slow",10,"ACC END","U","Boresight","Runebound Armor","Polycarbon"]
[null,null,"",null,null,null,null,null,null,null,null,null,null,null,null,null,null,null,null,null,null,null,null,null,null,null,null,null,null,null,null,null,"",null,"Curtail Speed_3","Set","Slow",26,"ACC END","U","Iron","Spell Ink","Mutant DNA Strand"]
[null,null,"",null,null,null,null,null,null,null,null,null,null,null,null,null,null,null,null,null,null,null,null,null,null,null,null,null,null,null,null,null,"",null,"Curtail Speed_4","Set","Slow",10,"RNG SLW","U","Human Blood Sample","Ancient Artifact","Unearthed Relic"]
[null,null,"",null,null,null,null,null,null,null,null,null,null,null,null,null,null,null,null,null,null,null,null,null,null,null,null,null,null,null,null,null,"",null,"Curtail Speed_4","Set","Slow",26,"RNG SLW","U","Improvised Cybernetic","Masterwork Weapon","Enscorcelled Weapon"]
[null,null,"",null,null,null,null,null,null,null,null,null,null,null,null,null,null,null,null,null,null,null,null,null,null,null,null,null,null,null,null,null,"",null,"Curtail Speed_5","Set","Slow",10,"END RCH SLW","U","Brass","Spiritual Essence","Temporal Sands"]
[null,null,"",null,null,null,null,null,null,null,null,null,null,null,null,null,null,null,null,null,null,null,null,null,null,null,null,null,null,null,null,null,"",null,"Curtail Speed_5","Set","Slow",26,"END RCH SLW","U","Stabilized Mutant Genome","Ancient Bone","Symbol"]
[null,null,"",null,null,null,null,null,null,null,null,null,null,null,null,null,null,null,null,null,null,null,null,null,null,null,null,null,null,null,null,null,"",null,"Debilitative Action_1","Set","Immobilize",10,"ACC RCH","U","Inanimate Carbon Rod","Clockwork Winder","Unearthed Relic","Symbiotic Armor"]
[null,null,"",null,null,null,null,null,null,null,null,null,null,null,null,null,null,null,null,null,null,null,null,null,null,null,null,null,null,null,null,null,"",null,"Debilitative Action_1","Set","Immobilize",26,"ACC RCH","U","Inert Gas","Demonic Blood Sample","Enscorcelled Weapon","Soul Trapped Gem"]
[null,null,"",null,null,null,null,null,null,null,null,null,null,null,null,null,null,null,null,null,null,null,null,null,null,null,null,null,null,null,null,null,"",null,"Debilitative Action_2","Set","Immobilize",10,"RCH IMB","R","Simple Chemical","Spiritual Essence","Heavy Water","Alien Blood Sample"]
[null,null,"",null,null,null,null,null,null,null,null,null,null,null,null,null,null,null,null,null,null,null,null,null,null,null,null,null,null,null,null,null,"",null,"Debilitative Action_2","Set","Immobilize",26,"RCH IMB","R","Circuit Board","Ancient Bone","Corrosive Gas","Military Cybernetic"]
[null,null,"",null,null,null,null,null,null,null,null,null,null,null,null,null,null,null,null,null,null,null,null,null,null,null,null,null,null,null,null,null,"",null,"Debilitative Action_3","Set","Immobilize",10,"ACC END","R","Brass","Luck Charm","Psionic Ectoplasm","Lament Box"]
[null,null,"",null,null,null,null,null,null,null,null,null,null,null,null,null,null,null,null,null,null,null,null,null,null,null,null,null,null,null,null,null,"",null,"Debilitative Action_3","Set","Immobilize",26,"ACC END","R","Stabilized Mutant Genome","Rune","Carnival of Shadows Mask","Deific Weapon"]
[null,null,"",null,null,null,null,null,null,null,null,null,null,null,null,null,null,null,null,null,null,null,null,null,null,null,null,null,null,null,null,null,"",null,"Debilitative Action_4","Set","Immobilize",10,"IMB RNG","R","Computer Virus","Spell Scroll","Polycarbon","Source Code"]
[null,null,"",null,null,null,null,null,null,null,null,null,null,null,null,null,null,null,null,null,null,null,null,null,null,null,null,null,null,null,null,null,"",null,"Debilitative Action_4","Set","Immobilize",26,"IMB RNG","R","Scientific Theory","Alchemical Silver","Mutant DNA Strand","Conspiratorial Evidence"]
[null,null,"",null,null,null,null,null,null,null,null,null,null,null,null,null,null,null,null,null,null,null,null,null,null,null,null,null,null,null,null,null,"",null,"Debilitative Action_5","Set","Immobilize",10,"ACC RCH IMB","R","Boresight","Ancient Artifact","Temporal Sands","Psionicly Charged Brass"]
[null,null,"",null,null,null,null,null,null,null,null,null,null,null,null,null,null,null,null,null,null,null,null,null,null,null,null,null,null,null,null,null,"",null,"Debilitative Action_5","Set","Immobilize",26,"ACC RCH IMB","R","Iron","Masterwork Weapon","Symbol","Black Blood of the Earth"]
[null,null,"",null,null,null,null,null,null,null,null,null,null,null,null,null,null,null,null,null,null,null,null,null,null,null,null,null,null,null,null,null,"",null,"Debilitative Action_6","Set","Immobilize",10,"2% chance (Stun)","R","Human Blood Sample","Runebound Armor","Chemical Formula","Heads Up Display","Psionic Manifestation"]
[null,null,"",null,null,null,null,null,null,null,null,null,null,null,null,null,null,null,null,null,null,null,null,null,null,null,null,null,null,null,null,null,"",null,"Debilitative Action_6","Set","Immobilize",26,"2% chance (Stun)","R","Improvised Cybernetic","Spell Ink","Data Drive","Impervium","Mu Vestment"]
[null,null,"",null,null,null,null,null,null,null,null,null,null,null,null,null,null,null,null,null,null,null,null,null,null,null,null,null,null,null,null,null,{"$f":"IF(ISERROR(MID(AG67,2,LEN(AG67)-1)),\"\",MID(AG67,2,LEN(AG67)-1))","v":""},null,"Decimation_1","Set","Ranged Damage",25,"DMG ACC","U","Demonic Blood Sample","Circuit Board","Scientific Law"]
[null,null,"",null,null,null,null,null,null,null,null,null,null,null,null,null,null,null,null,null,null,null,null,null,null,null,null,null,null,null,null,null,"",null,"Decimation_2","Set","Ranged Damage",25,"DMG END","R","Rune","Stabilized Mutant Genome","Blood of the Incarnate","Holographic Memory"]
[null,null,"",null,null,null,null,null,null,null,null,null,null,null,null,null,null,null,null,null,null,null,null,null,null,null,null,null,null,null,null,null,"",null,"Decimation_3","Set","Ranged Damage",25,"DMG RCH","R","Masterwork Weapon","Iron","Mutant DNA Strand","Enchanted Impervium"]
[null,null,"",null,null,null,null,null,null,null,null,null,null,null,null,null,null,null,null,null,null,null,null,null,null,null,null,null,null,null,null,null,"",null,"Decimation_4","Set","Ranged Damage",25,"ACC END RCH","R","Alchemical Silver","Scientific Theory","Alchemical Gold","Mu Vestment"]
[null,null,"",null,null,null,null,null,null,null,null,null,null,null,null,null,null,null,null,null,null,null,null,null,null,null,null,null,null,null,null,null,"",null,"Decimation_5","Set","Ranged Damage",25,"DMG ACC RCH","R","Ancient Bone","Inert Gas","Commercial Cybernetic","Military Cybernetic","Deific Weapon"]
[null,null,"",null,null,null,null,null,null,null,null,null,null,null,null,null,null,null,null,null,null,null,null,null,null,null,null,null,null,null,null,null,"",null,"Decimation_6","Set","Ranged Damage",25,"UNIQUE: 5% chance Build Up (10 sec)","R","Spell Ink","Improvised Cybernetic","Carnival of Shadows Mask","Impervium"]
[null,null,"",null,null,null,null,null,null,null,null,null,null,null,null,null,null,null,null,null,null,null,null,null,null,null,null,null,null,null,null,null,"",null,"Detonation_1","Set","Ranged AoE",20,"DMG ACC","U","Spiritual Essence","Inanimate Carbon Rod","Polycarbon"]
[null,null,"",null,null,null,null,null,null,null,null,null,null,null,null,null,null,null,null,null,null,null,null,null,null,null,null,null,null,null,null,null,"",null,"Detonation_1","Set","Ranged AoE",26,"DMG ACC","U","Ancient Bone","Inert Gas","Mutant DNA Strand"]
[null,null,"",null,null,null,null,null,null,null,null,null,null,null,null,null,null,null,null,null,null,null,null,null,null,null,null,null,null,null,null,null,"",null,"Detonation_1","Set","Ranged AoE",41,"DMG ACC","U","Regenerating Flesh","Temporal Analyzer","Gold"]
[null,null,"",null,null,null,null,null,null,null,null,null,null,null,null,null,null,null,null,null,null,null,null,null,null,null,null,null,null,null,null,null,"",null,"Detonation_2","Set","Ranged AoE",20,"DMG END","U","Luck Charm","Simple Chemical","Psionic Ectoplasm"]
[null,null,"",null,null,null,null,null,null,null,null,null,null,null,null,null,null,null,null,null,null,null,null,null,null,null,null,null,null,null,null,null,"",null,"Detonation_2","Set","Ranged AoE",26,"DMG END","U","Rune","Circuit Board","Carnival of Shadows Mask"]
[null,null,"",null,null,null,null,null,null,null,null,null,null,null,null,null,null,null,null,null,null,null,null,null,null,null,null,null,null,null,null,null,"",null,"Detonation_2","Set","Ranged AoE",41,"DMG END","U","Fortune","Hydraulic Piston","Bleeding Stone"]
[null,null,"",null,null,null,null,null,null,null,null,null,null,null,null,null,null,null,null,null,null,null,null,null,null,null,null,null,null,null,null,null,"",null,"Detonation_3","Set","Ranged AoE",20,"DMG RCH","U","Clockwork Winder","Boresight","Clockwork Gear"]
[null,null,"",null,null,null,null,null,null,null,null,null,null,null,null,null,null,null,null,null,null,null,null,null,null,null,null,null,null,null,null,null,"",null,"Detonation_3","Set","Ranged AoE",26,"DMG RCH","U","Demonic Blood Sample","Iron","Blood of the Incarnate"]
[null,null,"",null,null,null,null,null,null,null,null,null,null,null,null,null,null,null,null,null,null,null,null,null,null,null,null,null,null,null,null,null,"",null,"Detonation_3","Set","Ranged AoE",41,"DMG RCH","U","Ruby","Mathematic Proof","Sapphire"]
[null,null,"",null,null,null,null,null,null,null,null,null,null,null,null,null,null,null,null,null,null,null,null,null,null,null,null,null,null,null,null,null,"",null,"Detonation_4","Set","Ranged AoE",20,"DMG RNG","U","Spell Scroll","Brass","Mutant Blood Sample"]
[null,null,"",null,null,null,null,null,null,null,null,null,null,null,null,null,null,null,null,null,null,null,null,null,null,null,null,null,null,null,null,null,"",null,"Detonation_4","Set","Ranged AoE",26,"DMG RNG","U","Alchemical Silver","Stabilized Mutant Genome","Commercial Cybernetic"]
[null,null,"",null,null,null,null,null,null,null,null,null,null,null,null,null,null,null,null,null,null,null,null,null,null,null,null,null,null,null,null,null,"",null,"Detonation_4","Set","Ranged AoE",41,"DMG RNG","U","Demonic Threat Report","Silver","Energy Weapon"]
[null,null,"",null,null,null,null,null,null,null,null,null,null,null,null,null,null,null,null,null,null,null,null,null,null,null,null,null,null,null,null,null,"",null,"Detonation_5","Set","Ranged AoE",20,"DMG END ACC","U","Ancient Artifact","Computer Virus","Heavy Water"]
[null,null,"",null,null,null,null,null,null,null,null,null,null,null,null,null,null,null,null,null,null,null,null,null,null,null,null,null,null,null,null,null,"",null,"Detonation_5","Set","Ranged AoE",26,"DMG END ACC","U","Masterwork Weapon","Scientific Theory","Corrosive Gas"]
[null,null,"",null,null,null,null,null,null,null,null,null,null,null,null,null,null,null,null,null,null,null,null,null,null,null,null,null,null,null,null,null,"",null,"Detonation_5","Set","Ranged AoE",41,"DMG END ACC","U","Nevermelting Ice","Ceramic Armor Plate","Temporal Tracer"]
[null,null,"",null,null,null,null,null,null,null,null,null,null,null,null,null,null,null,null,null,null,null,null,null,null,null,null,null,null,null,null,null,"",null,"Detonation_6","Set","Ranged AoE",20,"DMG END RNG","U","Runebound Armor","Human Blood Sample","Volume of the Obsidian Librum"]
[null,null,"",null,null,null,null,null,null,null,null,null,null,null,null,null,null,null,null,null,null,null,null,null,null,null,null,null,null,null,null,null,"",null,"Detonation_6","Set","Ranged AoE",26,"DMG END RNG","U","Spell Ink","Improvised Cybernetic","Alchemical Gold"]
[null,null,"",null,null,null,null,null,null,null,null,null,null,null,null,null,null,null,null,null,null,null,null,null,null,null,null,null,null,null,null,null,"",null,"Detonation_6","Set","Ranged AoE",41,"DMG END RNG","U","Spirit Thorn","Kinetic Weapon","Psionic Threat Report"]
[null,null,"",null,null,null,null,null,null,null,null,null,null,null,null,null,null,null,null,null,null,null,null,null,null,null,null,null,null,null,null,null,"",null,"Devastation_1","Set","Ranged Damage",30,"DMG ACC","R","Rune","Improvised Cybernetic","Commercial Cybernetic","Conspiratorial Evidence"]
[null,null,"",null,null,null,null,null,null,null,null,null,null,null,null,null,null,null,null,null,null,null,null,null,null,null,null,null,null,null,null,null,"",null,"Devastation_1","Set","Ranged Damage",41,"DMG ACC","R","Fortune","Kinetic Weapon","Energy Weapon","Rikti Alloy"]
[null,null,"",null,null,null,null,null,null,null,null,null,null,null,null,null,null,null,null,null,null,null,null,null,null,null,null,null,null,null,null,null,"",null,"Devastation_2","Set","Ranged Damage",30,"DMG END","R","Alchemical Silver","Inert Gas","Data Drive","Deific Weapon"]
[null,null,"",null,null,null,null,null,null,null,null,null,null,null,null,null,null,null,null,null,null,null,null,null,null,null,null,null,null,null,null,null,"",null,"Devastation_2","Set","Ranged Damage",41,"DMG END","R","Demonic Threat Report","Temporal Analyzer","Pneumatic Piston","Pangean Soil"]
[null,null,"",null,null,null,null,null,null,null,null,null,null,null,null,null,null,null,null,null,null,null,null,null,null,null,null,null,null,null,null,null,"",null,"Devastation_3","Set","Ranged Damage",30,"DMG RCH","R","Ancient Bone","Circuit Board","Steel","Holographic Memory"]
[null,null,"",null,null,null,null,null,null,null,null,null,null,null,null,null,null,null,null,null,null,null,null,null,null,null,null,null,null,null,null,null,"",null,"Devastation_3","Set","Ranged Damage",41,"DMG RCH","R","Regenerating Flesh","Hydraulic Piston","Chaos Theorem","Positronic Matrix"]
[null,null,"",null,null,null,null,null,null,null,null,null,null,null,null,null,null,null,null,null,null,null,null,null,null,null,null,null,null,null,null,null,"",null,"Devastation_4","Set","Ranged Damage",30,"DMG ACC RCH","R","Masterwork Weapon","Scientific Theory","Enscorcelled Weapon","Black Blood of the Earth"]
[null,null,"",null,null,null,null,null,null,null,null,null,null,null,null,null,null,null,null,null,null,null,null,null,null,null,null,null,null,null,null,null,"",null,"Devastation_4","Set","Ranged Damage",41,"DMG ACC RCH","R","Nevermelting Ice","Ceramic Armor Plate","Unquenchable Flame","Diamond"]
[null,null,"",null,null,null,null,null,null,null,null,null,null,null,null,null,null,null,null,null,null,null,null,null,null,null,null,null,null,null,null,null,{"$f":"IF(ISERROR(MID(AG99,2,LEN(AG99)-1)),\"\",MID(AG99,2,LEN(AG99)-1))","v":""},null,"Devastation_5","Set","Ranged Damage",30,"DMG ACC RCH END","R","Spell Ink","Stabilized Mutant Genome","Blood of the Incarnate","Mutating Genome"]
[null,null,"",null,null,null,null,null,null,null,null,null,null,null,null,null,null,null,null,null,null,null,null,null,null,null,null,null,null,null,null,null,{"$f":"IF(ISERROR(MID(AG100,2,LEN(AG100)-1)),\"\",MID(AG100,2,LEN(AG100)-1))","v":""},null,"Devastation_5","Set","Ranged Damage",41,"DMG ACC RCH END","R","Spirit Thorn","Silver","Sapphire","Platinum"]
[null,null,"",null,null,null,null,null,null,null,null,null,null,null,null,null,null,null,null,null,null,null,null,null,null,null,null,null,null,null,null,null,{"$f":"IF(ISERROR(MID(AG101,2,LEN(AG101)-1)),\"\",MID(AG101,2,LEN(AG101)-1))","v":""},null,"Devastation_6","Set","Ranged Damage",30,"15% chance (Hold)","R","Demonic Blood Sample","Iron","Carnival of Shadows Mask","Soul Trapped Gem","Deific Weapon"]
[null,null,"",null,null,null,null,null,null,null,null,null,null,null,null,null,null,null,null,null,null,null,null,null,null,null,null,null,null,null,null,null,{"$f":"IF(ISERROR(MID(AG126,2,LEN(AG126)-1)),\"\",MID(AG126,2,LEN(AG126)-1))","v":""},null,"Devastation_6","Set","Ranged Damage",41,"15% chance (Hold)","R","Ruby","Mathematic Proof","Bleeding Stone","Hamidon Goo","Pangean Soil"]
[null,null,"",null,null,null,null,null,null,null,null,null,null,null,null,null,null,null,null,null,null,null,null,null,null,null,null,null,null,null,null,null,"",null,"Doctored Wounds_1","Set","Heal",30,"HEL END","U","Demonic Blood Sample","Inert Gas","Steel"]
[null,null,"",null,null,null,null,null,null,null,null,null,null,null,null,null,null,null,null,null,null,null,null,null,null,null,null,null,null,null,null,null,"",null,"Doctored Wounds_1","Set","Heal",41,"HEL END","U","Ruby","Temporal Analyzer","Chaos Theorem"]
[null,null,"",null,null,null,null,null,null,null,null,null,null,null,null,null,null,null,null,null,null,null,null,null,null,null,null,null,null,null,null,null,"",null,"Doctored Wounds_2","Set","Heal",30,"END RCH","U","Rune","Scientific Theory","Symbol"]
[null,null,"",null,null,null,null,null,null,null,null,null,null,null,null,null,null,null,null,null,null,null,null,null,null,null,null,null,null,null,null,null,"",null,"Doctored Wounds_2","Set","Heal",41,"END RCH","U","Fortune","Ceramic Armor Plate","Destiny"]
[null,null,"",null,null,null,null,null,null,null,null,null,null,null,null,null,null,null,null,null,null,null,null,null,null,null,null,null,null,null,null,null,"",null,"Doctored Wounds_3","Set","Heal",30,"HEL RCH","U","Spell Ink","Improvised Cybernetic","Commercial Cybernetic"]
[null,null,"",null,null,null,null,null,null,null,null,null,null,null,null,null,null,null,null,null,null,null,null,null,null,null,null,null,null,null,null,null,"",null,"Doctored Wounds_3","Set","Heal",41,"HEL RCH","U","Spirit Thorn","Kinetic Weapon","Energy Weapon"]
[null,null,"",null,null,null,null,null,null,null,null,null,null,null,null,null,null,null,null,null,null,null,null,null,null,null,null,null,null,null,null,null,"",null,"Doctored Wounds_4","Set","Heal",30,"HEL END RCH","U","Masterwork Weapon","Iron","Blood of the Incarnate"]
[null,null,"",null,null,null,null,null,null,null,null,null,null,null,null,null,null,null,null,null,null,null,null,null,null,null,null,null,null,null,null,null,"",null,"Doctored Wounds_4","Set","Heal",41,"HEL END RCH","U","Nevermelting Ice","Mathematic Proof","Sapphire"]
[null,null,"",null,null,null,null,null,null,null,null,null,null,null,null,null,null,null,null,null,null,null,null,null,null,null,null,null,null,null,null,null,"",null,"Doctored Wounds_5","Set","Heal",30,"HEL","U","Ancient Bone","Circuit Board","Mutant DNA Strand"]
[null,null,"",null,null,null,null,null,null,null,null,null,null,null,null,null,null,null,null,null,null,null,null,null,null,null,null,null,null,null,null,null,"",null,"Doctored Wounds_5","Set","Heal",41,"HEL","U","Regenerating Flesh","Hydraulic Piston","Gold"]
[null,null,"",null,null,null,null,null,null,null,null,null,null,null,null,null,null,null,null,null,null,null,null,null,null,null,null,null,null,null,null,null,"",null,"Doctored Wounds_6","Set","Heal",30,"RCH","U","Alchemical Silver","Stabilized Mutant Genome","Living Tattoo"]
[null,null,"",null,null,null,null,null,null,null,null,null,null,null,null,null,null,null,null,null,null,null,null,null,null,null,null,null,null,null,null,null,"",null,"Doctored Wounds_6","Set","Heal",41,"RCH","U","Demonic Threat Report","Silver","Thorn Tree Vine"]
[null,null,"",null,null,null,null,null,null,null,null,null,null,null,null,null,null,null,null,null,null,null,null,null,null,null,null,null,null,null,null,null,"",null,"Edict of the Master_1","Set","Pet",15,"DMG ACC","U","Simple Chemical","Luck Charm","Clockwork Gear"]
[null,null,"",null,null,null,null,null,null,null,null,null,null,null,null,null,null,null,null,null,null,null,null,null,null,null,null,null,null,null,null,null,"",null,"Edict of the Master_1","Set","Pet",26,"DMG ACC","U","Circuit Board","Rune","Blood of the Incarnate"]
[null,null,"",null,null,null,null,null,null,null,null,null,null,null,null,null,null,null,null,null,null,null,null,null,null,null,null,null,null,null,null,null,"",null,"Edict of the Master_2","Set","Pet",15,"DMG END","R","Boresight","Spell Scroll","Soulbound Armor","Enriched Plutonium"]
[null,null,"",null,null,null,null,null,null,null,null,null,null,null,null,null,null,null,null,null,null,null,null,null,null,null,null,null,null,null,null,null,"",null,"Edict of the Master_2","Set","Pet",26,"DMG END","R","Iron","Alchemical Silver","Living Tattoo","Reactive Gas"]
[null,null,"",null,null,null,null,null,null,null,null,null,null,null,null,null,null,null,null,null,null,null,null,null,null,null,null,null,null,null,null,null,"",null,"Edict of the Master_3","Set","Pet",15,"ACC END","R","Computer Virus","Runebound Armor","Unearthed Relic","Complex Chemical Formula"]
[null,null,"",null,null,null,null,null,null,null,null,null,null,null,null,null,null,null,null,null,null,null,null,null,null,null,null,null,null,null,null,null,"",null,"Edict of the Master_3","Set","Pet",26,"ACC END","R","Scientific Theory","Spell Ink","Enscorcelled Weapon","Holographic Memory"]
[null,null,"",null,null,null,null,null,null,null,null,null,null,null,null,null,null,null,null,null,null,null,null,null,null,null,null,null,null,null,null,null,"",null,"Edict of the Master_4","Set","Pet",15,"DMG END ACC","R","Inanimate Carbon Rod","Ancient Artifact","Heavy Water","Psionicly Charged Brass"]
[null,null,"",null,null,null,null,null,null,null,null,null,null,null,null,null,null,null,null,null,null,null,null,null,null,null,null,null,null,null,null,null,"",null,"Edict of the Master_4","Set","Pet",26,"DMG END ACC","R","Inert Gas","Masterwork Weapon","Corrosive Gas","Black Blood of the Earth"]
[null,null,"",null,null,null,null,null,null,null,null,null,null,null,null,null,null,null,null,null,null,null,null,null,null,null,null,null,null,null,null,null,"",null,"Edict of the Master_5","Set","Pet",15,"DMG","R","Brass","Spiritual Essence","Daemon Program","Psionic Manifestation"]
[null,null,"",null,null,null,null,null,null,null,null,null,null,null,null,null,null,null,null,null,null,null,null,null,null,null,null,null,null,null,null,null,"",null,"Edict of the Master_5","Set","Pet",26,"DMG","R","Stabilized Mutant Genome","Ancient Bone","Scientific Law","Mu Vestment"]
[null,null,"",null,null,null,null,null,null,null,null,null,null,null,null,null,null,null,null,null,null,null,null,null,null,null,null,null,null,null,null,null,null,null,"Edict of the Master_6","Set","Pet",15,"UNIQUE: PBAoE (20ft) Pet +Def(All)","R","Human Blood Sample","Clockwork Winder","Mutant Blood Sample","Lament Box","Symbiotic Armor"]
[null,null,"",null,null,null,null,null,null,null,null,null,null,null,null,null,null,null,null,null,null,null,null,null,null,null,null,null,null,null,null,null,null,null,"Edict of the Master_6","Set","Pet",26,"UNIQUE: PBAoE (20ft) Pet +Def(All)","R","Improvised Cybernetic","Demonic Blood Sample","Commercial Cybernetic","Deific Weapon","Soul Trapped Gem"]
[null,null,"",null,null,null,null,null,null,null,null,null,null,null,null,null,null,null,null,null,null,null,null,null,null,null,null,null,null,null,null,null,null,null,"Enfeebled Operation_1","Set","Immobilize",20,"ACC RCH","U","Luck Charm","Inanimate Carbon Rod","Chemical Formula"]
[null,null,"",null,null,null,null,null,null,null,null,null,null,null,null,null,null,null,null,null,null,null,null,null,null,null,null,null,null,null,null,null,null,null,"Enfeebled Operation_1","Set","Immobilize",26,"ACC RCH","U","Rune","Inert Gas","Data Drive"]
[null,null,"",null,null,null,null,null,null,null,null,null,null,null,null,null,null,null,null,null,null,null,null,null,null,null,null,null,null,null,null,null,null,null,"Enfeebled Operation_1","Set","Immobilize",41,"ACC RCH","U","Fortune","Temporal Analyzer","Pneumatic Piston"]
[null,null,"",null,null,null,null,null,null,null,null,null,null,null,null,null,null,null,null,null,null,null,null,null,null,null,null,null,null,null,null,null,null,null,"Enfeebled Operation_2","Set","Immobilize",20,"END IMB","U","Ancient Artifact","Human Blood Sample","Soulbound Armor"]
[null,null,"",null,null,null,null,null,null,null,null,null,null,null,null,null,null,null,null,null,null,null,null,null,null,null,null,null,null,null,null,null,null,null,"Enfeebled Operation_2","Set","Immobilize",26,"END IMB","U","Masterwork Weapon","Improvised Cybernetic","Living Tattoo"]
[null,null,"",null,null,null,null,null,null,null,null,null,null,null,null,null,null,null,null,null,null,null,null,null,null,null,null,null,null,null,null,null,null,null,"Enfeebled Operation_2","Set","Immobilize",41,"END IMB","U","Nevermelting Ice","Kinetic Weapon","Thorn Tree Vine"]
[null,null,"",null,null,null,null,null,null,null,null,null,null,null,null,null,null,null,null,null,null,null,null,null,null,null,null,null,null,null,null,null,null,null,"Enfeebled Operation_3","Set","Immobilize",20,"ACC END","U","Runebound Armor","Boresight","Unearthed Relic"]
[null,null,"",null,null,null,null,null,null,null,null,null,null,null,null,null,null,null,null,null,null,null,null,null,null,null,null,null,null,null,null,null,null,null,"Enfeebled Operation_3","Set","Immobilize",26,"ACC END","U","Spell Ink","Iron","Enscorcelled Weapon"]
[null,null,"",null,null,null,null,null,null,null,null,null,null,null,null,null,null,null,null,null,null,null,null,null,null,null,null,null,null,null,null,null,null,null,"Enfeebled Operation_3","Set","Immobilize",41,"ACC END","U","Spirit Thorn","Mathematic Proof","Unquenchable Flame"]
[null,null,"",null,null,null,null,null,null,null,null,null,null,null,null,null,null,null,null,null,null,null,null,null,null,null,null,null,null,null,null,null,null,null,"Enfeebled Operation_4","Set","Immobilize",20,"IMB RNG","U","Clockwork Winder","Simple Chemical","Clockwork Gear"]
[null,null,"",null,null,null,null,null,null,null,null,null,null,null,null,null,null,null,null,null,null,null,null,null,null,null,null,null,null,null,null,null,null,null,"Enfeebled Operation_4","Set","Immobilize",26,"IMB RNG","U","Demonic Blood Sample","Circuit Board","Blood of the Incarnate"]
[null,null,"",null,null,null,null,null,null,null,null,null,null,null,null,null,null,null,null,null,null,null,null,null,null,null,null,null,null,null,null,null,null,null,"Enfeebled Operation_4","Set","Immobilize",41,"IMB RNG","U","Ruby","Hydraulic Piston","Sapphire"]
[null,null,"",null,null,null,null,null,null,null,null,null,null,null,null,null,null,null,null,null,null,null,null,null,null,null,null,null,null,null,null,null,null,null,"Enfeebled Operation_5","Set","Immobilize",20,"ACC IMB RCH","U","Spell Scroll","Brass","Heavy Water"]
[null,null,"",null,null,null,null,null,null,null,null,null,null,null,null,null,null,null,null,null,null,null,null,null,null,null,null,null,null,null,null,null,null,null,"Enfeebled Operation_5","Set","Immobilize",26,"ACC IMB RCH","U","Alchemical Silver","Stabilized Mutant Genome","Corrosive Gas"]
[null,null,"",null,null,null,null,null,null,null,null,null,null,null,null,null,null,null,null,null,null,null,null,null,null,null,null,null,null,null,null,null,null,null,"Enfeebled Operation_5","Set","Immobilize",41,"ACC IMB RCH","U","Demonic Threat Report","Silver","Temporal Tracer"]
[null,null,"",null,null,null,null,null,null,null,null,null,null,null,null,null,null,null,null,null,null,null,null,null,null,null,null,null,null,null,null,null,null,null,"Enfeebled Operation_6","Set","Immobilize",20,"ACC IMB","U","Spiritual Essence","Computer Virus","Temporal Sands"]
[null,null,"",null,null,null,null,null,null,null,null,null,null,null,null,null,null,null,null,null,null,null,null,null,null,null,null,null,null,null,null,null,null,null,"Enfeebled Operation_6","Set","Immobilize",26,"ACC IMB","U","Ancient Bone","Scientific Theory","Symbol"]
[null,null,"",null,null,null,null,null,null,null,null,null,null,null,null,null,null,null,null,null,null,null,null,null,null,null,null,null,null,null,null,null,null,null,"Enfeebled Operation_6","Set","Immobilize",41,"ACC IMB","U","Regenerating Flesh","Ceramic Armor Plate","Destiny"]
[null,null,"",null,null,null,null,null,null,null,null,null,null,null,null,null,null,null,null,null,null,null,null,null,null,null,null,null,null,null,null,null,null,null,"Entropic Chaos_1","Set","Ranged Damage",20,"DMG ACC","U","Clockwork Winder","Boresight","Scope","Alien Blood Sample"]
[null,null,"",null,null,null,null,null,null,null,null,null,null,null,null,null,null,null,null,null,null,null,null,null,null,null,null,null,null,null,null,null,null,null,"Entropic Chaos_1","Set","Ranged Damage",26,"DMG ACC","U","Demonic Blood Sample","Iron","Steel","Military Cybernetic"]
[null,null,"",null,null,null,null,null,null,null,null,null,null,null,null,null,null,null,null,null,null,null,null,null,null,null,null,null,null,null,null,null,null,null,"Entropic Chaos_2","Set","Ranged Damage",20,"DMG END","R","Ancient Artifact","Simple Chemical","Volume of the Obsidian Librum","Psionicly Charged Brass"]
[null,null,"",null,null,null,null,null,null,null,null,null,null,null,null,null,null,null,null,null,null,null,null,null,null,null,null,null,null,null,null,null,null,null,"Entropic Chaos_2","Set","Ranged Damage",26,"DMG END","R","Masterwork Weapon","Circuit Board","Alchemical Gold","Black Blood of the Earth"]
[null,null,"",null,null,null,null,null,null,null,null,null,null,null,null,null,null,null,null,null,null,null,null,null,null,null,null,null,null,null,null,null,null,null,"Entropic Chaos_3","Set","Ranged Damage",20,"DMG RCH","R","Runebound Armor","Human Blood Sample","Soulbound Armor","Heads Up Display"]
[null,null,"",null,null,null,null,null,null,null,null,null,null,null,null,null,null,null,null,null,null,null,null,null,null,null,null,null,null,null,null,null,null,null,"Entropic Chaos_3","Set","Ranged Damage",26,"DMG RCH","R","Spell Ink","Improvised Cybernetic","Living Tattoo","Impervium"]
[null,null,"",null,null,null,null,null,null,null,null,null,null,null,null,null,null,null,null,null,null,null,null,null,null,null,null,null,null,null,null,null,null,null,"Entropic Chaos_4","Set","Ranged Damage",20,"DMG END RCH","R","Spell Scroll","Computer Virus","Chemical Formula","Strand of Fate"]
[null,null,"",null,null,null,null,null,null,null,null,null,null,null,null,null,null,null,null,null,null,null,null,null,null,null,null,null,null,null,null,null,null,null,"Entropic Chaos_4","Set","Ranged Damage",26,"DMG END RCH","R","Alchemical Silver","Scientific Theory","Data Drive","Empowered Sigil"]
[null,null,"",null,null,null,null,null,null,null,null,null,null,null,null,null,null,null,null,null,null,null,null,null,null,null,null,null,null,null,null,null,null,null,"Entropic Chaos_5","Set","Ranged Damage",20,"10% chance 5% self heal.","R","Spiritual Essence","Brass","Polycarbon","Source Code","Symbiotic Armor"]
[null,null,"",null,null,null,null,null,null,null,null,null,null,null,null,null,null,null,null,null,null,null,null,null,null,null,null,null,null,null,null,null,null,null,"Entropic Chaos_5","Set","Ranged Damage",26,"10% chance 5% self heal.","R","Ancient Bone","Stabilized Mutant Genome","Mutant DNA Strand","Conspiratorial Evidence","Soul Trapped Gem"]
[null,null,"",null,null,null,null,null,null,null,null,null,null,null,null,null,null,null,null,null,null,null,null,null,null,null,null,null,null,null,null,null,null,null,"Essence of Curare_1","Set","Hold",20,"ACC RCH","U","Luck Charm","Human Blood Sample","Scope"]
[null,null,"",null,null,null,null,null,null,null,null,null,null,null,null,null,null,null,null,null,null,null,null,null,null,null,null,null,null,null,null,null,null,null,"Essence of Curare_1","Set","Hold",26,"ACC RCH","U","Rune","Improvised Cybernetic","Steel"]
[null,null,"",null,null,null,null,null,null,null,null,null,null,null,null,null,null,null,null,null,null,null,null,null,null,null,null,null,null,null,null,null,null,null,"Essence of Curare_1","Set","Hold",41,"ACC RCH","U","Fortune","Kinetic Weapon","Chaos Theorem"]
[null,null,"",null,null,null,null,null,null,null,null,null,null,null,null,null,null,null,null,null,null,null,null,null,null,null,null,null,null,null,null,null,null,null,"Essence of Curare_2","Set","Hold",20,"END HLD","U","Ancient Artifact","Simple Chemical","Unearthed Relic"]
[null,null,"",null,null,null,null,null,null,null,null,null,null,null,null,null,null,null,null,null,null,null,null,null,null,null,null,null,null,null,null,null,null,null,"Essence of Curare_2","Set","Hold",26,"END HLD","U","Masterwork Weapon","Circuit Board","Enscorcelled Weapon"]
[null,null,"",null,null,null,null,null,null,null,null,null,null,null,null,null,null,null,null,null,null,null,null,null,null,null,null,null,null,null,null,null,null,null,"Essence of Curare_2","Set","Hold",41,"END HLD","U","Nevermelting Ice","Hydraulic Piston","Unquenchable Flame"]
[null,null,"",null,null,null,null,null,null,null,null,null,null,null,null,null,null,null,null,null,null,null,null,null,null,null,null,null,null,null,null,null,null,null,"Essence of Curare_3","Set","Hold",20,"ACC END","U","Spell Scroll","Boresight","Clockwork Gear"]
[null,null,"",null,null,null,null,null,null,null,null,null,null,null,null,null,null,null,null,null,null,null,null,null,null,null,null,null,null,null,null,null,null,null,"Essence of Curare_3","Set","Hold",26,"ACC END","U","Alchemical Silver","Iron","Blood of the Incarnate"]
[null,null,"",null,null,null,null,null,null,null,null,null,null,null,null,null,null,null,null,null,null,null,null,null,null,null,null,null,null,null,null,null,null,null,"Essence of Curare_3","Set","Hold",41,"ACC END","U","Demonic Threat Report","Mathematic Proof","Sapphire"]
[null,null,"",null,null,null,null,null,null,null,null,null,null,null,null,null,null,null,null,null,null,null,null,null,null,null,null,null,null,null,null,null,null,null,"Essence of Curare_4","Set","Hold",20,"HLD RNG","U","Runebound Armor","Brass","Psionic Ectoplasm"]
[null,null,"",null,null,null,null,null,null,null,null,null,null,null,null,null,null,null,null,null,null,null,null,null,null,null,null,null,null,null,null,null,null,null,"Essence of Curare_4","Set","Hold",26,"HLD RNG","U","Spell Ink","Stabilized Mutant Genome","Carnival of Shadows Mask"]
[null,null,"",null,null,null,null,null,null,null,null,null,null,null,null,null,null,null,null,null,null,null,null,null,null,null,null,null,null,null,null,null,null,null,"Essence of Curare_4","Set","Hold",41,"HLD RNG","U","Spirit Thorn","Silver","Bleeding Stone"]
[null,null,"",null,null,null,null,null,null,null,null,null,null,null,null,null,null,null,null,null,null,null,null,null,null,null,null,null,null,null,null,null,null,null,"Essence of Curare_5","Set","Hold",20,"ACC HLD","U","Clockwork Winder","Inanimate Carbon Rod","Mutant Blood Sample"]
[null,null,"",null,null,null,null,null,null,null,null,null,null,null,null,null,null,null,null,null,null,null,null,null,null,null,null,null,null,null,null,null,null,null,"Essence of Curare_5","Set","Hold",26,"ACC HLD","U","Demonic Blood Sample","Inert Gas","Commercial Cybernetic"]
[null,null,"",null,null,null,null,null,null,null,null,null,null,null,null,null,null,null,null,null,null,null,null,null,null,null,null,null,null,null,null,null,null,null,"Essence of Curare_5","Set","Hold",41,"ACC HLD","U","Ruby","Temporal Analyzer","Energy Weapon"]
[null,null,"",null,null,null,null,null,null,null,null,null,null,null,null,null,null,null,null,null,null,null,null,null,null,null,null,null,null,null,null,null,null,null,"Essence of Curare_6","Set","Hold",20,"ACC HLD RCH","U","Spiritual Essence","Computer Virus","Chemical Formula"]
[null,null,"",null,null,null,null,null,null,null,null,null,null,null,null,null,null,null,null,null,null,null,null,null,null,null,null,null,null,null,null,null,null,null,"Essence of Curare_6","Set","Hold",26,"ACC HLD RCH","U","Ancient Bone","Scientific Theory","Data Drive"]
[null,null,"",null,null,null,null,null,null,null,null,null,null,null,null,null,null,null,null,null,null,null,null,null,null,null,null,null,null,null,null,null,null,null,"Essence of Curare_6","Set","Hold",41,"ACC HLD RCH","U","Regenerating Flesh","Ceramic Armor Plate","Pneumatic Piston"]
[null,null,"",null,null,null,null,null,null,null,null,null,null,null,null,null,null,null,null,null,null,null,null,null,null,null,null,null,null,null,null,null,null,null,"Executioners Contract_1","Set","Sniper/AS",20,"DMG ACC","R","Runebound Armor","Boresight","Temporal Sands","Heads Up Display"]
[null,null,"",null,null,null,null,null,null,null,null,null,null,null,null,null,null,null,null,null,null,null,null,null,null,null,null,null,null,null,null,null,null,null,"Executioners Contract_1","Set","Sniper/AS",26,"DMG ACC","R","Spell Ink","Iron","Symbol","Impervium"]
[null,null,"",null,null,null,null,null,null,null,null,null,null,null,null,null,null,null,null,null,null,null,null,null,null,null,null,null,null,null,null,null,null,null,"Executioners Contract_1","Set","Sniper/AS",41,"DMG ACC","R","Spirit Thorn","Mathematic Proof","Destiny","Synthetic Intelligence Unit"]
[null,null,"",null,null,null,null,null,null,null,null,null,null,null,null,null,null,null,null,null,null,null,null,null,null,null,null,null,null,null,null,null,null,null,"Executioners Contract_2","Set","Sniper/AS",20,"DMG END","R","Ancient Artifact","Computer Virus","Mutant Blood Sample","Psionicly Charged Brass"]
[null,null,"",null,null,null,null,null,null,null,null,null,null,null,null,null,null,null,null,null,null,null,null,null,null,null,null,null,null,null,null,null,null,null,"Executioners Contract_2","Set","Sniper/AS",26,"DMG END","R","Masterwork Weapon","Scientific Theory","Commercial Cybernetic","Black Blood of the Earth"]
[null,null,"",null,null,null,null,null,null,null,null,null,null,null,null,null,null,null,null,null,null,null,null,null,null,null,null,null,null,null,null,null,null,null,"Executioners Contract_2","Set","Sniper/AS",41,"DMG END","R","Nevermelting Ice","Ceramic Armor Plate","Energy Weapon","Diamond"]
[null,null,"",null,null,null,null,null,null,null,null,null,null,null,null,null,null,null,null,null,null,null,null,null,null,null,null,null,null,null,null,null,null,null,"Executioners Contract_3","Set","Sniper/AS",20,"DMG INT","R","Luck Charm","Human Blood Sample","Chemical Formula","Enriched Plutonium"]
[null,null,"",null,null,null,null,null,null,null,null,null,null,null,null,null,null,null,null,null,null,null,null,null,null,null,null,null,null,null,null,null,null,null,"Executioners Contract_3","Set","Sniper/AS",26,"DMG INT","R","Rune","Improvised Cybernetic","Data Drive","Reactive Gas"]
[null,null,"",null,null,null,null,null,null,null,null,null,null,null,null,null,null,null,null,null,null,null,null,null,null,null,null,null,null,null,null,null,null,null,"Executioners Contract_3","Set","Sniper/AS",41,"DMG INT","R","Fortune","Kinetic Weapon","Pneumatic Piston","Chronal Skip"]
[null,null,"",null,null,null,null,null,null,null,null,null,null,null,null,null,null,null,null,null,null,null,null,null,null,null,null,null,null,null,null,null,null,null,"Executioners Contract_4","Set","Sniper/AS",20,"DMG RNG","R","Spell Scroll","Brass","Soulbound Armor","Page from the Malleus Mundi"]
[null,null,"",null,null,null,null,null,null,null,null,null,null,null,null,null,null,null,null,null,null,null,null,null,null,null,null,null,null,null,null,null,null,null,"Executioners Contract_4","Set","Sniper/AS",26,"DMG RNG","R","Alchemical Silver","Stabilized Mutant Genome","Living Tattoo","Enchanted Impervium"]
[null,null,"",null,null,null,null,null,null,null,null,null,null,null,null,null,null,null,null,null,null,null,null,null,null,null,null,null,null,null,null,null,null,null,"Executioners Contract_4","Set","Sniper/AS",41,"DMG RNG","R","Demonic Threat Report","Silver","Thorn Tree Vine","Magical Conspiracy"]
[null,null,"",null,null,null,null,null,null,null,null,null,null,null,null,null,null,null,null,null,null,null,null,null,null,null,null,null,null,null,null,null,null,null,"Executioners Contract_5","Set","Sniper/AS",20,"DMG RCH","R","Clockwork Winder","Computer Virus","Psionic Ectoplasm","Complex Chemical Formula"]
[null,null,"",null,null,null,null,null,null,null,null,null,null,null,null,null,null,null,null,null,null,null,null,null,null,null,null,null,null,null,null,null,null,null,"Executioners Contract_5","Set","Sniper/AS",26,"DMG RCH","R","Demonic Blood Sample","Scientific Theory","Carnival of Shadows Mask","Holographic Memory"]
[null,null,"",null,null,null,null,null,null,null,null,null,null,null,null,null,null,null,null,null,null,null,null,null,null,null,null,null,null,null,null,null,null,null,"Executioners Contract_5","Set","Sniper/AS",41,"DMG RCH","R","Ruby","Ceramic Armor Plate","Bleeding Stone","Positronic Matrix"]
[null,null,"",null,null,null,null,null,null,null,null,null,null,null,null,null,null,null,null,null,null,null,null,null,null,null,null,null,null,null,null,null,null,null,"Executioners Contract_6","Set","Sniper/AS",20,"20% Chance to Stun Foes","R","Spiritual Essence","Simple Chemical","Daemon Program","Psionic Manifestation","Plasma Capacitor"]
[null,null,"",null,null,null,null,null,null,null,null,null,null,null,null,null,null,null,null,null,null,null,null,null,null,null,null,null,null,null,null,null,null,null,"Executioners Contract_6","Set","Sniper/AS",26,"20% Chance to Stun Foes","R","Ancient Bone","Circuit Board","Scientific Law","Mu Vestment","Mutating Genome"]
[null,null,"",null,null,null,null,null,null,null,null,null,null,null,null,null,null,null,null,null,null,null,null,null,null,null,null,null,null,null,null,null,null,null,"Executioners Contract_6","Set","Sniper/AS",41,"20% Chance to Stun Foes","R","Regenerating Flesh","Hydraulic Piston","Titanium Shard","Essence of the Furies","Platinum"]
[null,null,"",null,null,null,null,null,null,null,null,null,null,null,null,null,null,null,null,null,null,null,null,null,null,null,null,null,null,null,null,null,null,null,"Exploit Weakness_1","Set","Sniper/AS",10,"DMG ACC","U","Boresight","Spiritual Essence","Polycarbon"]
[null,null,"",null,null,null,null,null,null,null,null,null,null,null,null,null,null,null,null,null,null,null,null,null,null,null,null,null,null,null,null,null,null,null,"Exploit Weakness_1","Set","Sniper/AS",26,"DMG ACC","U","Iron","Ancient Bone","Mutant DNA Strand"]
[null,null,"",null,null,null,null,null,null,null,null,null,null,null,null,null,null,null,null,null,null,null,null,null,null,null,null,null,null,null,null,null,null,null,"Exploit Weakness_1","Set","Sniper/AS",40,"DMG ACC","U","Mathematic Proof","Regenerating Flesh","Gold"]
[null,null,"",null,null,null,null,null,null,null,null,null,null,null,null,null,null,null,null,null,null,null,null,null,null,null,null,null,null,null,null,null,null,null,"Exploit Weakness_2","Set","Sniper/AS",10,"DMG END","U","Computer Virus","Luck Charm","Unearthed Relic"]
[null,null,"",null,null,null,null,null,null,null,null,null,null,null,null,null,null,null,null,null,null,null,null,null,null,null,null,null,null,null,null,null,null,null,"Exploit Weakness_2","Set","Sniper/AS",26,"DMG END","U","Scientific Theory","Rune","Enscorcelled Weapon"]
[null,null,"",null,null,null,null,null,null,null,null,null,null,null,null,null,null,null,null,null,null,null,null,null,null,null,null,null,null,null,null,null,null,null,"Exploit Weakness_2","Set","Sniper/AS",40,"DMG END","U","Ceramic Armor Plate","Fortune","Unquenchable Flame"]
[null,null,"",null,null,null,null,null,null,null,null,null,null,null,null,null,null,null,null,null,null,null,null,null,null,null,null,null,null,null,null,null,null,null,"Exploit Weakness_3","Set","Sniper/AS",10,"DMG RNG","U","Simple Chemical","Clockwork Winder","Daemon Program"]
[null,null,"",null,null,null,null,null,null,null,null,null,null,null,null,null,null,null,null,null,null,null,null,null,null,null,null,null,null,null,null,null,null,null,"Exploit Weakness_3","Set","Sniper/AS",26,"DMG RNG","U","Circuit Board","Demonic Blood Sample","Scientific Law"]
[null,null,"",null,null,null,null,null,null,null,null,null,null,null,null,null,null,null,null,null,null,null,null,null,null,null,null,null,null,null,null,null,null,null,"Exploit Weakness_3","Set","Sniper/AS",40,"DMG RNG","U","Hydraulic Piston","Ruby","Titanium Shard"]
[null,null,"",null,null,null,null,null,null,null,null,null,null,null,null,null,null,null,null,null,null,null,null,null,null,null,null,null,null,null,null,null,null,null,"Exploit Weakness_4","Set","Sniper/AS",10,"DMG RCH","U","Brass","Spell Scroll","Clockwork Gear","Complex Chemical Formula"]
[null,null,"",null,null,null,null,null,null,null,null,null,null,null,null,null,null,null,null,null,null,null,null,null,null,null,null,null,null,null,null,null,null,null,"Exploit Weakness_4","Set","Sniper/AS",26,"DMG RCH","U","Stabilized Mutant Genome","Alchemical Silver","Blood of the Incarnate","Holographic Memory"]
[null,null,"",null,null,null,null,null,null,null,null,null,null,null,null,null,null,null,null,null,null,null,null,null,null,null,null,null,null,null,null,null,null,null,"Exploit Weakness_4","Set","Sniper/AS",40,"DMG RCH","U","Silver","Demonic Threat Report","Sapphire","Positronic Matrix"]
[null,null,"",null,null,null,null,null,null,null,null,null,null,null,null,null,null,null,null,null,null,null,null,null,null,null,null,null,null,null,null,null,null,null,"Extreme Measures_1","Set","Sniper/AS",35,"DMG ACC","U","Alchemical Silver","Iron","Mutant DNA Strand"]
[null,null,"",null,null,null,null,null,null,null,null,null,null,null,null,null,null,null,null,null,null,null,null,null,null,null,null,null,null,null,null,null,null,null,"Extreme Measures_1","Set","Sniper/AS",41,"DMG ACC","U","Demonic Threat Report","Mathematic Proof","Gold"]
[null,null,"",null,null,null,null,null,null,null,null,null,null,null,null,null,null,null,null,null,null,null,null,null,null,null,null,null,null,null,null,null,null,null,"Extreme Measures_2","Set","Sniper/AS",35,"DMG END","U","Rune","Inert Gas","Symbol"]
[null,null,"",null,null,null,null,null,null,null,null,null,null,null,null,null,null,null,null,null,null,null,null,null,null,null,null,null,null,null,null,null,null,null,"Extreme Measures_2","Set","Sniper/AS",41,"DMG END","U","Fortune","Temporal Analyzer","Destiny"]
[null,null,"",null,null,null,null,null,null,null,null,null,null,null,null,null,null,null,null,null,null,null,null,null,null,null,null,null,null,null,null,null,null,null,"Extreme Measures_3","Set","Sniper/AS",35,"ACC INT RNG","U","Masterwork Weapon","Circuit Board","Living Tattoo"]
[null,null,"",null,null,null,null,null,null,null,null,null,null,null,null,null,null,null,null,null,null,null,null,null,null,null,null,null,null,null,null,null,null,null,"Extreme Measures_3","Set","Sniper/AS",41,"ACC INT RNG","U","Nevermelting Ice","Hydraulic Piston","Thorn Tree Vine"]
[null,null,"",null,null,null,null,null,null,null,null,null,null,null,null,null,null,null,null,null,null,null,null,null,null,null,null,null,null,null,null,null,null,null,"Extreme Measures_4","Set","Sniper/AS",35,"DMG INT RCH","U","Demonic Blood Sample","Improvised Cybernetic","Alchemical Gold"]
[null,null,"",null,null,null,null,null,null,null,null,null,null,null,null,null,null,null,null,null,null,null,null,null,null,null,null,null,null,null,null,null,null,null,"Extreme Measures_4","Set","Sniper/AS",41,"DMG INT RCH","U","Ruby","Kinetic Weapon","Psionic Threat Report"]
[null,null,"",null,null,null,null,null,null,null,null,null,null,null,null,null,null,null,null,null,null,null,null,null,null,null,null,null,null,null,null,null,null,null,"Extreme Measures_5","Set","Sniper/AS",35,"DMG END RCH","U","Ancient Bone","Scientific Theory","Corrosive Gas"]
[null,null,"",null,null,null,null,null,null,null,null,null,null,null,null,null,null,null,null,null,null,null,null,null,null,null,null,null,null,null,null,null,null,null,"Extreme Measures_5","Set","Sniper/AS",41,"DMG END RCH","U","Regenerating Flesh","Ceramic Armor Plate","Temporal Tracer"]
[null,null,"",null,null,null,null,null,null,null,null,null,null,null,null,null,null,null,null,null,null,null,null,null,null,null,null,null,null,null,null,null,null,null,"Extreme Measures_6","Set","Sniper/AS",35,"ACC RCH RNG","U","Spell Ink","Stabilized Mutant Genome","Steel"]
[null,null,"",null,null,null,null,null,null,null,null,null,null,null,null,null,null,null,null,null,null,null,null,null,null,null,null,null,null,null,null,null,null,null,"Extreme Measures_6","Set","Sniper/AS",41,"ACC RCH RNG","U","Spirit Thorn","Silver","Chaos Theorem"]
[null,null,"",null,null,null,null,null,null,null,null,null,null,null,null,null,null,null,null,null,null,null,null,null,null,null,null,null,null,null,null,null,null,null,"Far Strike_1","Set","Ranged Damage",10,"DMG RNG","U","Spiritual Essence","Brass","Clockwork Gear"]
[null,null,"",null,null,null,null,null,null,null,null,null,null,null,null,null,null,null,null,null,null,null,null,null,null,null,null,null,null,null,null,null,null,null,"Far Strike_2","Set","Ranged Damage",10,"DMG RCH","U","Simple Chemical","Clockwork Winder","Polycarbon"]
[null,null,"",null,null,null,null,null,null,null,null,null,null,null,null,null,null,null,null,null,null,null,null,null,null,null,null,null,null,null,null,null,null,null,"Far Strike_3","Set","Ranged Damage",10,"ACC END","U","Inanimate Carbon Rod","Luck Charm","Psionic Ectoplasm","Plasma Capacitor"]
[null,null,"",null,null,null,null,null,null,null,null,null,null,null,null,null,null,null,null,null,null,null,null,null,null,null,null,null,null,null,null,null,null,null,"Focused Smite_1","Set","Melee Damage",25,"DMG ACC","U","Alchemical Silver","Scientific Theory","Commercial Cybernetic"]
[null,null,"",null,null,null,null,null,null,null,null,null,null,null,null,null,null,null,null,null,null,null,null,null,null,null,null,null,null,null,null,null,null,null,"Focused Smite_2","Set","Melee Damage",25,"DMG END","U","Demonic Blood Sample","Iron","Symbol"]
[null,null,"",null,null,null,null,null,null,null,null,null,null,null,null,null,null,null,null,null,null,null,null,null,null,null,null,null,null,null,null,null,null,null,"Focused Smite_3","Set","Melee Damage",25,"DMG RCH","U","Spell Ink","Circuit Board","Steel"]
[null,null,"",null,null,null,null,null,null,null,null,null,null,null,null,null,null,null,null,null,null,null,null,null,null,null,null,null,null,null,null,null,null,null,"Focused Smite_4","Set","Melee Damage",25,"ACC END RCH","U","Masterwork Weapon","Improvised Cybernetic","Mutant DNA Strand"]
[null,null,"",null,null,null,null,null,null,null,null,null,null,null,null,null,null,null,null,null,null,null,null,null,null,null,null,null,null,null,null,null,null,null,"Focused Smite_5","Set","Melee Damage",25,"DMG ACC RCH","U","Rune","Inert Gas","Blood of the Incarnate"]
[null,null,"",null,null,null,null,null,null,null,null,null,null,null,null,null,null,null,null,null,null,null,null,null,null,null,null,null,null,null,null,null,null,null,"Freebird_1","Set","Flight",15,"END","R","Luck Charm","Human Blood Sample","Symbiotic Armor"]
[null,null,"",null,null,null,null,null,null,null,null,null,null,null,null,null,null,null,null,null,null,null,null,null,null,null,null,null,null,null,null,null,null,null,"Freebird_1","Set","Flight",26,"END","R","Rune","Improvised Cybernetic","Soul Trapped Gem"]
[null,null,"",null,null,null,null,null,null,null,null,null,null,null,null,null,null,null,null,null,null,null,null,null,null,null,null,null,null,null,null,null,null,null,"Freebird_1","Set","Flight",41,"END","R","Fortune","Kinetic Weapon","Hamidon Goo"]
[null,null,"",null,null,null,null,null,null,null,null,null,null,null,null,null,null,null,null,null,null,null,null,null,null,null,null,null,null,null,null,null,null,null,"Freebird_2","Set","Flight",15,"FLY","R","Spell Scroll","Boresight","Source Code"]
[null,null,"",null,null,null,null,null,null,null,null,null,null,null,null,null,null,null,null,null,null,null,null,null,null,null,null,null,null,null,null,null,null,null,"Freebird_2","Set","Flight",26,"FLY","R","Alchemical Silver","Iron","Conspiratorial Evidence"]
[null,null,"",null,null,null,null,null,null,null,null,null,null,null,null,null,null,null,null,null,null,null,null,null,null,null,null,null,null,null,null,null,null,null,"Freebird_2","Set","Flight",41,"FLY","R","Demonic Threat Report","Mathematic Proof","Rikti Alloy"]
[null,null,"",null,null,null,null,null,null,null,null,null,null,null,null,null,null,null,null,null,null,null,null,null,null,null,null,null,null,null,null,null,null,null,"Freebird_3","Set","Flight",15,"UNIQUE: +Stealth (35ft PvE/389ft PvP)","R","Runebound Armor","Brass","Lament Box"]
[null,null,"",null,null,null,null,null,null,null,null,null,null,null,null,null,null,null,null,null,null,null,null,null,null,null,null,null,null,null,null,null,null,null,"Freebird_3","Set","Flight",26,"UNIQUE: +Stealth (35ft PvE/389ft PvP)","R","Spell Ink","Stabilized Mutant Genome","Deific Weapon"]
[null,null,"",null,null,null,null,null,null,null,null,null,null,null,null,null,null,null,null,null,null,null,null,null,null,null,null,null,null,null,null,null,null,null,"Freebird_3","Set","Flight",41,"UNIQUE: +Stealth (35ft PvE/389ft PvP)","R","Spirit Thorn","Silver","Pangean Soil"]
[null,null,"",null,null,null,null,null,null,null,null,null,null,null,null,null,null,null,null,null,null,null,null,null,null,null,null,null,null,null,null,null,null,null,"Ghost Widows Embrace_1","Set","Hold",20,"ACC RCH","R","Ancient Artifact","Boresight","Temporal Sands","Enriched Plutonium"]
[null,null,"",null,null,null,null,null,null,null,null,null,null,null,null,null,null,null,null,null,null,null,null,null,null,null,null,null,null,null,null,null,null,null,"Ghost Widows Embrace_1","Set","Hold",26,"ACC RCH","R","Masterwork Weapon","Iron","Symbol","Reactive Gas"]
[null,null,"",null,null,null,null,null,null,null,null,null,null,null,null,null,null,null,null,null,null,null,null,null,null,null,null,null,null,null,null,null,null,null,"Ghost Widows Embrace_1","Set","Hold",41,"ACC RCH","R","Nevermelting Ice","Mathematic Proof","Destiny","Chronal Skip"]
[null,null,"",null,null,null,null,null,null,null,null,null,null,null,null,null,null,null,null,null,null,null,null,null,null,null,null,null,null,null,null,null,null,null,"Ghost Widows Embrace_2","Set","Hold",20,"END HLD","R","Runebound Armor","Inanimate Carbon Rod","Heavy Water","Plasma Capacitor"]
[null,null,"",null,null,null,null,null,null,null,null,null,null,null,null,null,null,null,null,null,null,null,null,null,null,null,null,null,null,null,null,null,null,null,"Ghost Widows Embrace_2","Set","Hold",26,"END HLD","R","Spell Ink","Inert Gas","Corrosive Gas","Mutating Genome"]
[null,null,"",null,null,null,null,null,null,null,null,null,null,null,null,null,null,null,null,null,null,null,null,null,null,null,null,null,null,null,null,null,null,null,"Ghost Widows Embrace_2","Set","Hold",41,"END HLD","R","Spirit Thorn","Temporal Analyzer","Temporal Tracer","Platinum"]
[null,null,"",null,null,null,null,null,null,null,null,null,null,null,null,null,null,null,null,null,null,null,null,null,null,null,null,null,null,null,null,null,null,null,"Ghost Widows Embrace_3","Set","Hold",20,"ACC END","R","Luck Charm","Simple Chemical","Scope","Strand of Fate"]
[null,null,"",null,null,null,null,null,null,null,null,null,null,null,null,null,null,null,null,null,null,null,null,null,null,null,null,null,null,null,null,null,null,null,"Ghost Widows Embrace_3","Set","Hold",26,"ACC END","R","Rune","Circuit Board","Steel","Empowered Sigil"]
[null,null,"",null,null,null,null,null,null,null,null,null,null,null,null,null,null,null,null,null,null,null,null,null,null,null,null,null,null,null,null,null,null,null,"Ghost Widows Embrace_3","Set","Hold",41,"ACC END","R","Fortune","Hydraulic Piston","Chaos Theorem","Prophecy"]
[null,null,"",null,null,null,null,null,null,null,null,null,null,null,null,null,null,null,null,null,null,null,null,null,null,null,null,null,null,null,null,null,null,null,"Ghost Widows Embrace_4","Set","Hold",20,"HLD RNG","R","Spiritual Essence","Computer Virus","Soulbound Armor","Psionic Manifestation"]
[null,null,"",null,null,null,null,null,null,null,null,null,null,null,null,null,null,null,null,null,null,null,null,null,null,null,null,null,null,null,null,null,null,null,"Ghost Widows Embrace_4","Set","Hold",26,"HLD RNG","R","Ancient Bone","Scientific Theory","Living Tattoo","Mu Vestment"]
[null,null,"",null,null,null,null,null,null,null,null,null,null,null,null,null,null,null,null,null,null,null,null,null,null,null,null,null,null,null,null,null,null,null,"Ghost Widows Embrace_4","Set","Hold",41,"HLD RNG","R","Regenerating Flesh","Ceramic Armor Plate","Thorn Tree Vine","Essence of the Furies"]
[null,null,"",null,null,null,null,null,null,null,null,null,null,null,null,null,null,null,null,null,null,null,null,null,null,null,null,null,null,null,null,null,null,null,"Ghost Widows Embrace_5","Set","Hold",20,"ACC HLD RCH","R","Clockwork Winder","Human Blood Sample","Daemon Program","Source Code"]
[null,null,"",null,null,null,null,null,null,null,null,null,null,null,null,null,null,null,null,null,null,null,null,null,null,null,null,null,null,null,null,null,null,null,"Ghost Widows Embrace_5","Set","Hold",26,"ACC HLD RCH","R","Demonic Blood Sample","Improvised Cybernetic","Scientific Law","Conspiratorial Evidence"]
[null,null,"",null,null,null,null,null,null,null,null,null,null,null,null,null,null,null,null,null,null,null,null,null,null,null,null,null,null,null,null,null,null,null,"Ghost Widows Embrace_5","Set","Hold",41,"ACC HLD RCH","R","Ruby","Kinetic Weapon","Titanium Shard","Rikti Alloy"]
[null,null,"",null,null,null,null,null,null,null,null,null,null,null,null,null,null,null,null,null,null,null,null,null,null,null,null,null,null,null,null,null,null,null,"Ghost Widows Embrace_6","Set","Hold",20,"20% chance (Psionic)","R","Spell Scroll","Brass","Volume of the Obsidian Librum","Symbiotic Armor","Enriched Plutonium"]
[null,null,"",null,null,null,null,null,null,null,null,null,null,null,null,null,null,null,null,null,null,null,null,null,null,null,null,null,null,null,null,null,null,null,"Ghost Widows Embrace_6","Set","Hold",26,"20% chance (Psionic)","R","Alchemical Silver","Stabilized Mutant Genome","Alchemical Gold","Soul Trapped Gem","Reactive Gas"]
[null,null,"",null,null,null,null,null,null,null,null,null,null,null,null,null,null,null,null,null,null,null,null,null,null,null,null,null,null,null,null,null,null,null,"Ghost Widows Embrace_6","Set","Hold",41,"20% chance (Psionic)","R","Demonic Threat Report","Silver","Psionic Threat Report","Hamidon Goo","Chronal Skip"]
[null,null,"",null,null,null,null,null,null,null,null,null,null,null,null,null,null,null,null,null,null,null,null,null,null,null,null,null,null,null,null,null,null,null,"Gift of the Ancients_1","Set","Defense",15,"DEF END","U","Inanimate Carbon Rod","Spiritual Essence","Mutant Blood Sample"]
[null,null,"",null,null,null,null,null,null,null,null,null,null,null,null,null,null,null,null,null,null,null,null,null,null,null,null,null,null,null,null,null,null,null,"Gift of the Ancients_1","Set","Defense",26,"DEF END","U","Inert Gas","Ancient Bone","Commercial Cybernetic"]
[null,null,"",null,null,null,null,null,null,null,null,null,null,null,null,null,null,null,null,null,null,null,null,null,null,null,null,null,null,null,null,null,null,null,"Gift of the Ancients_2","Set","Defense",15,"DEF RCH","R","Brass","Ancient Artifact","Unearthed Relic","Enriched Plutonium"]
[null,null,"",null,null,null,null,null,null,null,null,null,null,null,null,null,null,null,null,null,null,null,null,null,null,null,null,null,null,null,null,null,null,null,"Gift of the Ancients_2","Set","Defense",26,"DEF RCH","R","Stabilized Mutant Genome","Masterwork Weapon","Enscorcelled Weapon","Reactive Gas"]
[null,null,"",null,null,null,null,null,null,null,null,null,null,null,null,null,null,null,null,null,null,null,null,null,null,null,null,null,null,null,null,null,null,null,"Gift of the Ancients_3","Set","Defense",15,"END RCH","R","Human Blood Sample","Luck Charm","Heavy Water","Source Code"]
[null,null,"",null,null,null,null,null,null,null,null,null,null,null,null,null,null,null,null,null,null,null,null,null,null,null,null,null,null,null,null,null,null,null,"Gift of the Ancients_3","Set","Defense",26,"END RCH","R","Improvised Cybernetic","Rune","Corrosive Gas","Conspiratorial Evidence"]
[null,null,"",null,null,null,null,null,null,null,null,null,null,null,null,null,null,null,null,null,null,null,null,null,null,null,null,null,null,null,null,null,null,null,"Gift of the Ancients_4","Set","Defense",15,"DEF END RCH","R","Simple Chemical","Runebound Armor","Temporal Sands","Psionic Manifestation"]
[null,null,"",null,null,null,null,null,null,null,null,null,null,null,null,null,null,null,null,null,null,null,null,null,null,null,null,null,null,null,null,null,null,null,"Gift of the Ancients_4","Set","Defense",26,"DEF END RCH","R","Circuit Board","Spell Ink","Symbol","Mu Vestment"]
[null,null,"",null,null,null,null,null,null,null,null,null,null,null,null,null,null,null,null,null,null,null,null,null,null,null,null,null,null,null,null,null,null,null,"Gift of the Ancients_5","Set","Defense",15,"DEF","R","Computer Virus","Clockwork Winder","Daemon Program","Symbiotic Armor"]
[null,null,"",null,null,null,null,null,null,null,null,null,null,null,null,null,null,null,null,null,null,null,null,null,null,null,null,null,null,null,null,null,null,null,"Gift of the Ancients_5","Set","Defense",26,"DEF","R","Scientific Theory","Demonic Blood Sample","Scientific Law","Soul Trapped Gem"]
[null,null,"",null,null,null,null,null,null,null,null,null,null,null,null,null,null,null,null,null,null,null,null,null,null,null,null,null,null,null,null,null,null,null,"Gift of the Ancients_6","Set","Defense",15,"DEF +7.5% RunSpeed","R","Boresight","Spell Scroll","Psionicly Charged Brass","Alien Blood Sample","Strand of Fate"]
[null,null,"",null,null,null,null,null,null,null,null,null,null,null,null,null,null,null,null,null,null,null,null,null,null,null,null,null,null,null,null,null,null,null,"Gift of the Ancients_6","Set","Defense",26,"DEF +7.5% RunSpeed","R","Iron","Alchemical Silver","Black Blood of the Earth","Military Cybernetic","Empowered Sigil"]
[null,null,"",null,null,null,null,null,null,null,null,null,null,null,null,null,null,null,null,null,null,null,null,null,null,null,null,null,null,null,null,null,null,null,"Glimpse of the Abyss_1","Set","Fear",20,"ACC RCH","R","Clockwork Winder","Human Blood Sample","Unearthed Relic","Symbiotic Armor"]
[null,null,"",null,null,null,null,null,null,null,null,null,null,null,null,null,null,null,null,null,null,null,null,null,null,null,null,null,null,null,null,null,null,null,"Glimpse of the Abyss_1","Set","Fear",26,"ACC RCH","R","Demonic Blood Sample","Improvised Cybernetic","Enscorcelled Weapon","Soul Trapped Gem"]
[null,null,"",null,null,null,null,null,null,null,null,null,null,null,null,null,null,null,null,null,null,null,null,null,null,null,null,null,null,null,null,null,null,null,"Glimpse of the Abyss_1","Set","Fear",41,"ACC RCH","R","Ruby","Kinetic Weapon","Unquenchable Flame","Hamidon Goo"]
[null,null,"",null,null,null,null,null,null,null,null,null,null,null,null,null,null,null,null,null,null,null,null,null,null,null,null,null,null,null,null,null,null,null,"Glimpse of the Abyss_2","Set","Fear",20,"END FER","R","Spell Scroll","Brass","Heavy Water","Complex Chemical Formula"]
[null,null,"",null,null,null,null,null,null,null,null,null,null,null,null,null,null,null,null,null,null,null,null,null,null,null,null,null,null,null,null,null,null,null,"Glimpse of the Abyss_2","Set","Fear",26,"END FER","R","Alchemical Silver","Stabilized Mutant Genome","Corrosive Gas","Holographic Memory"]
[null,null,"",null,null,null,null,null,null,null,null,null,null,null,null,null,null,null,null,null,null,null,null,null,null,null,null,null,null,null,null,null,null,null,"Glimpse of the Abyss_2","Set","Fear",41,"END FER","R","Demonic Threat Report","Silver","Temporal Tracer","Positronic Matrix"]
[null,null,"",null,null,null,null,null,null,null,null,null,null,null,null,null,null,null,null,null,null,null,null,null,null,null,null,null,null,null,null,null,null,null,"Glimpse of the Abyss_3","Set","Fear",20,"ACC END","R","Luck Charm","Boresight","Polycarbon","Source Code"]
[null,null,"",null,null,null,null,null,null,null,null,null,null,null,null,null,null,null,null,null,null,null,null,null,null,null,null,null,null,null,null,null,null,null,"Glimpse of the Abyss_3","Set","Fear",26,"ACC END","R","Rune","Iron","Mutant DNA Strand","Conspiratorial Evidence"]
[null,null,"",null,null,null,null,null,null,null,null,null,null,null,null,null,null,null,null,null,null,null,null,null,null,null,null,null,null,null,null,null,null,null,"Glimpse of the Abyss_3","Set","Fear",41,"ACC END","R","Fortune","Mathematic Proof","Gold","Rikti Alloy"]
[null,null,"",null,null,null,null,null,null,null,null,null,null,null,null,null,null,null,null,null,null,null,null,null,null,null,null,null,null,null,null,null,null,null,"Glimpse of the Abyss_4","Set","Fear",20,"FER RNG","R","Ancient Artifact","Inanimate Carbon Rod","Scope","Enriched Plutonium"]
[null,null,"",null,null,null,null,null,null,null,null,null,null,null,null,null,null,null,null,null,null,null,null,null,null,null,null,null,null,null,null,null,null,null,"Glimpse of the Abyss_4","Set","Fear",26,"FER RNG","R","Masterwork Weapon","Inert Gas","Steel","Reactive Gas"]
[null,null,"",null,null,null,null,null,null,null,null,null,null,null,null,null,null,null,null,null,null,null,null,null,null,null,null,null,null,null,null,null,null,null,"Glimpse of the Abyss_4","Set","Fear",41,"FER RNG","R","Nevermelting Ice","Temporal Analyzer","Chaos Theorem","Chronal Skip"]
[null,null,"",null,null,null,null,null,null,null,null,null,null,null,null,null,null,null,null,null,null,null,null,null,null,null,null,null,null,null,null,null,null,null,"Glimpse of the Abyss_5","Set","Fear",20,"ACC FER RCH","R","Runebound Armor","Computer Virus","Psionic Ectoplasm","Page from the Malleus Mundi"]
[null,null,"",null,null,null,null,null,null,null,null,null,null,null,null,null,null,null,null,null,null,null,null,null,null,null,null,null,null,null,null,null,null,null,"Glimpse of the Abyss_5","Set","Fear",26,"ACC FER RCH","R","Spell Ink","Scientific Theory","Carnival of Shadows Mask","Enchanted Impervium"]
[null,null,"",null,null,null,null,null,null,null,null,null,null,null,null,null,null,null,null,null,null,null,null,null,null,null,null,null,null,null,null,null,null,null,"Glimpse of the Abyss_5","Set","Fear",41,"ACC FER RCH","R","Spirit Thorn","Ceramic Armor Plate","Bleeding Stone","Magical Conspiracy"]
[null,null,"",null,null,null,null,null,null,null,null,null,null,null,null,null,null,null,null,null,null,null,null,null,null,null,null,null,null,null,null,null,null,null,"Glimpse of the Abyss_6","Set","Fear",20,"20% chance (Psionic)","R","Spiritual Essence","Simple Chemical","Volume of the Obsidian Librum","Psionic Manifestation","Plasma Capacitor"]
[null,null,"",null,null,null,null,null,null,null,null,null,null,null,null,null,null,null,null,null,null,null,null,null,null,null,null,null,null,null,null,null,null,null,"Glimpse of the Abyss_6","Set","Fear",26,"20% chance (Psionic)","R","Ancient Bone","Circuit Board","Alchemical Gold","Mu Vestment","Mutating Genome"]
[null,null,"",null,null,null,null,null,null,null,null,null,null,null,null,null,null,null,null,null,null,null,null,null,null,null,null,null,null,null,null,null,null,null,"Glimpse of the Abyss_6","Set","Fear",41,"20% chance (Psionic)","R","Regenerating Flesh","Hydraulic Piston","Psionic Threat Report","Essence of the Furies","Platinum"]
[null,null,"",null,null,null,null,null,null,null,null,null,null,null,null,null,null,null,null,null,null,null,null,null,null,null,null,null,null,null,null,null,null,null,"Harmonized Healing_1","Set","Heal",20,"HEL END","U","Ancient Artifact","Brass","Temporal Sands"]
[null,null,"",null,null,null,null,null,null,null,null,null,null,null,null,null,null,null,null,null,null,null,null,null,null,null,null,null,null,null,null,null,null,null,"Harmonized Healing_1","Set","Heal",26,"HEL END","U","Masterwork Weapon","Stabilized Mutant Genome","Symbol"]
[null,null,"",null,null,null,null,null,null,null,null,null,null,null,null,null,null,null,null,null,null,null,null,null,null,null,null,null,null,null,null,null,null,null,"Harmonized Healing_2","Set","Heal",20,"END RCH","U","Clockwork Winder","Simple Chemical","Clockwork Gear"]
[null,null,"",null,null,null,null,null,null,null,null,null,null,null,null,null,null,null,null,null,null,null,null,null,null,null,null,null,null,null,null,null,null,null,"Harmonized Healing_2","Set","Heal",26,"END RCH","U","Demonic Blood Sample","Circuit Board","Blood of the Incarnate"]
[null,null,"",null,null,null,null,null,null,null,null,null,null,null,null,null,null,null,null,null,null,null,null,null,null,null,null,null,null,null,null,null,null,null,"Harmonized Healing_3","Set","Heal",20,"HEL RCH","U","Spiritual Essence","Computer Virus","Volume of the Obsidian Librum"]
[null,null,"",null,null,null,null,null,null,null,null,null,null,null,null,null,null,null,null,null,null,null,null,null,null,null,null,null,null,null,null,null,null,null,"Harmonized Healing_3","Set","Heal",26,"HEL RCH","U","Ancient Bone","Scientific Theory","Alchemical Gold"]
[null,null,"",null,null,null,null,null,null,null,null,null,null,null,null,null,null,null,null,null,null,null,null,null,null,null,null,null,null,null,null,null,null,null,"Harmonized Healing_4","Set","Heal",20,"HEL END RCH","U","Runebound Armor","Inanimate Carbon Rod","Heavy Water"]
[null,null,"",null,null,null,null,null,null,null,null,null,null,null,null,null,null,null,null,null,null,null,null,null,null,null,null,null,null,null,null,null,null,null,"Harmonized Healing_4","Set","Heal",26,"HEL END RCH","U","Spell Ink","Inert Gas","Corrosive Gas"]
[null,null,"",null,null,null,null,null,null,null,null,null,null,null,null,null,null,null,null,null,null,null,null,null,null,null,null,null,null,null,null,null,null,null,"Harmonized Healing_5","Set","Heal",20,"HEL","U","Luck Charm","Boresight","Daemon Program"]
[null,null,"",null,null,null,null,null,null,null,null,null,null,null,null,null,null,null,null,null,null,null,null,null,null,null,null,null,null,null,null,null,null,null,"Harmonized Healing_5","Set","Heal",26,"HEL","U","Rune","Iron","Scientific Law"]
[null,null,"",null,null,null,null,null,null,null,null,null,null,null,null,null,null,null,null,null,null,null,null,null,null,null,null,null,null,null,null,null,null,null,"Harmonized Healing_6","Set","Heal",20,"END","U","Spell Scroll","Human Blood Sample","Chemical Formula"]
[null,null,"",null,null,null,null,null,null,null,null,null,null,null,null,null,null,null,null,null,null,null,null,null,null,null,null,null,null,null,null,null,null,null,"Harmonized Healing_6","Set","Heal",26,"END","U","Alchemical Silver","Improvised Cybernetic","Data Drive"]
[null,null,"",null,null,null,null,null,null,null,null,null,null,null,null,null,null,null,null,null,null,null,null,null,null,null,null,null,null,null,null,null,null,null,"Hibernation_1","Set","Sleep",10,"ACC RCH","U","Boresight","Clockwork Winder","Daemon Program"]
[null,null,"",null,null,null,null,null,null,null,null,null,null,null,null,null,null,null,null,null,null,null,null,null,null,null,null,null,null,null,null,null,null,null,"Hibernation_1","Set","Sleep",26,"ACC RCH","U","Iron","Demonic Blood Sample","Scientific Law"]
[null,null,"",null,null,null,null,null,null,null,null,null,null,null,null,null,null,null,null,null,null,null,null,null,null,null,null,null,null,null,null,null,null,null,"Hibernation_2","Set","Sleep",10,"END SLP","U","Computer Virus","Runebound Armor","Volume of the Obsidian Librum"]
[null,null,"",null,null,null,null,null,null,null,null,null,null,null,null,null,null,null,null,null,null,null,null,null,null,null,null,null,null,null,null,null,null,null,"Hibernation_2","Set","Sleep",26,"END SLP","U","Scientific Theory","Spell Ink","Alchemical Gold"]
[null,null,"",null,null,null,null,null,null,null,null,null,null,null,null,null,null,null,null,null,null,null,null,null,null,null,null,null,null,null,null,null,null,null,"Hibernation_3","Set","Sleep",10,"ACC END","U","Human Blood Sample","Spell Scroll","Chemical Formula"]
[null,null,"",null,null,null,null,null,null,null,null,null,null,null,null,null,null,null,null,null,null,null,null,null,null,null,null,null,null,null,null,null,null,null,"Hibernation_3","Set","Sleep",26,"ACC END","U","Improvised Cybernetic","Alchemical Silver","Data Drive"]
[null,null,"",null,null,null,null,null,null,null,null,null,null,null,null,null,null,null,null,null,null,null,null,null,null,null,null,null,null,null,null,null,null,null,"Hibernation_4","Set","Sleep",10,"SLP RNG","U","Inanimate Carbon Rod","Ancient Artifact","Psionic Ectoplasm"]
[null,null,"",null,null,null,null,null,null,null,null,null,null,null,null,null,null,null,null,null,null,null,null,null,null,null,null,null,null,null,null,null,null,null,"Hibernation_4","Set","Sleep",26,"SLP RNG","U","Inert Gas","Masterwork Weapon","Carnival of Shadows Mask"]
[null,null,"",null,null,null,null,null,null,null,null,null,null,null,null,null,null,null,null,null,null,null,null,null,null,null,null,null,null,null,null,null,null,null,"Hibernation_5","Set","Sleep",10,"ACC SLP RCH","U","Brass","Spiritual Essence","Daemon Program"]
[null,null,"",null,null,null,null,null,null,null,null,null,null,null,null,null,null,null,null,null,null,null,null,null,null,null,null,null,null,null,null,null,null,null,"Hibernation_5","Set","Sleep",26,"ACC SLP RCH","U","Stabilized Mutant Genome","Ancient Bone","Scientific Law"]
[null,null,"",null,null,null,null,null,null,null,null,null,null,null,null,null,null,null,null,null,null,null,null,null,null,null,null,null,null,null,null,null,null,null,"Horror_1","Set","Fear",10,"ACC RCH","U","Simple Chemical","Clockwork Winder","Mutant Blood Sample"]
[null,null,"",null,null,null,null,null,null,null,null,null,null,null,null,null,null,null,null,null,null,null,null,null,null,null,null,null,null,null,null,null,null,null,"Horror_1","Set","Fear",26,"ACC RCH","U","Circuit Board","Demonic Blood Sample","Commercial Cybernetic"]
[null,null,"",null,null,null,null,null,null,null,null,null,null,null,null,null,null,null,null,null,null,null,null,null,null,null,null,null,null,null,null,null,null,null,"Horror_2","Set","Fear",10,"END FER","U","Brass","Ancient Artifact","Clockwork Gear"]
[null,null,"",null,null,null,null,null,null,null,null,null,null,null,null,null,null,null,null,null,null,null,null,null,null,null,null,null,null,null,null,null,null,null,"Horror_2","Set","Fear",26,"END FER","U","Stabilized Mutant Genome","Masterwork Weapon","Blood of the Incarnate"]
[null,null,"",null,null,null,null,null,null,null,null,null,null,null,null,null,null,null,null,null,null,null,null,null,null,null,null,null,null,null,null,null,null,null,"Horror_3","Set","Fear",10,"ACC END","U","Computer Virus","Luck Charm","Scope"]
[null,null,"",null,null,null,null,null,null,null,null,null,null,null,null,null,null,null,null,null,null,null,null,null,null,null,null,null,null,null,null,null,null,null,"Horror_3","Set","Fear",26,"ACC END","U","Scientific Theory","Rune","Steel"]
[null,null,"",null,null,null,null,null,null,null,null,null,null,null,null,null,null,null,null,null,null,null,null,null,null,null,null,null,null,null,null,null,null,null,"Horror_4","Set","Fear",10,"FER RNG","U","Human Blood Sample","Spiritual Essence","Volume of the Obsidian Librum"]
[null,null,"",null,null,null,null,null,null,null,null,null,null,null,null,null,null,null,null,null,null,null,null,null,null,null,null,null,null,null,null,null,null,null,"Horror_4","Set","Fear",26,"FER RNG","U","Improvised Cybernetic","Ancient Bone","Alchemical Gold"]
[null,null,"",null,null,null,null,null,null,null,null,null,null,null,null,null,null,null,null,null,null,null,null,null,null,null,null,null,null,null,null,null,null,null,"Horror_5","Set","Fear",10,"ACC FER RCH","U","Inanimate Carbon Rod","Spell Scroll","Chemical Formula"]
[null,null,"",null,null,null,null,null,null,null,null,null,null,null,null,null,null,null,null,null,null,null,null,null,null,null,null,null,null,null,null,null,null,null,"Horror_5","Set","Fear",26,"ACC FER RCH","U","Inert Gas","Alchemical Silver","Data Drive"]
[null,null,"",null,null,null,null,null,null,null,null,null,null,null,null,null,null,null,null,null,null,null,null,null,null,null,null,null,null,null,null,null,null,null,"Impeded Swiftness_1","Set","Slow",10,"ACC SLW","U","Computer Virus","Luck Charm","Temporal Sands","Heads Up Display"]
[null,null,"",null,null,null,null,null,null,null,null,null,null,null,null,null,null,null,null,null,null,null,null,null,null,null,null,null,null,null,null,null,null,null,"Impeded Swiftness_1","Set","Slow",26,"ACC SLW","U","Scientific Theory","Rune","Symbol","Impervium"]
[null,null,"",null,null,null,null,null,null,null,null,null,null,null,null,null,null,null,null,null,null,null,null,null,null,null,null,null,null,null,null,null,null,null,"Impeded Swiftness_2","Set","Slow",10,"DMG SLW","R","Human Blood Sample","Clockwork Winder","Unearthed Relic","Page from the Malleus Mundi"]
[null,null,"",null,null,null,null,null,null,null,null,null,null,null,null,null,null,null,null,null,null,null,null,null,null,null,null,null,null,null,null,null,null,null,"Impeded Swiftness_2","Set","Slow",26,"DMG SLW","R","Improvised Cybernetic","Demonic Blood Sample","Enscorcelled Weapon","Enchanted Impervium"]
[null,null,"",null,null,null,null,null,null,null,null,null,null,null,null,null,null,null,null,null,null,null,null,null,null,null,null,null,null,null,null,null,null,null,"Impeded Swiftness_3","Set","Slow",10,"ACC END","R","Boresight","Spiritual Essence","Volume of the Obsidian Librum","Symbiotic Armor"]
[null,null,"",null,null,null,null,null,null,null,null,null,null,null,null,null,null,null,null,null,null,null,null,null,null,null,null,null,null,null,null,null,null,null,"Impeded Swiftness_3","Set","Slow",26,"ACC END","R","Iron","Ancient Bone","Alchemical Gold","Soul Trapped Gem"]
[null,null,"",null,null,null,null,null,null,null,null,null,null,null,null,null,null,null,null,null,null,null,null,null,null,null,null,null,null,null,null,null,null,null,"Impeded Swiftness_4","Set","Slow",10,"RNG SLW","R","Inanimate Carbon Rod","Runebound Armor","Daemon Program","Complex Chemical Formula"]
[null,null,"",null,null,null,null,null,null,null,null,null,null,null,null,null,null,null,null,null,null,null,null,null,null,null,null,null,null,null,null,null,null,null,"Impeded Swiftness_4","Set","Slow",26,"RNG SLW","R","Inert Gas","Spell Ink","Scientific Law","Holographic Memory"]
[null,null,"",null,null,null,null,null,null,null,null,null,null,null,null,null,null,null,null,null,null,null,null,null,null,null,null,null,null,null,null,null,null,null,"Impeded Swiftness_5","Set","Slow",10,"END RCH SLW","R","Brass","Ancient Artifact","Scope","Strand of Fate"]
[null,null,"",null,null,null,null,null,null,null,null,null,null,null,null,null,null,null,null,null,null,null,null,null,null,null,null,null,null,null,null,null,null,null,"Impeded Swiftness_5","Set","Slow",26,"END RCH SLW","R","Stabilized Mutant Genome","Masterwork Weapon","Steel","Empowered Sigil"]
[null,null,"",null,null,null,null,null,null,null,null,null,null,null,null,null,null,null,null,null,null,null,null,null,null,null,null,null,null,null,null,null,null,null,"Impeded Swiftness_6","Set","Slow",10,"20% chance (Smashing)","R","Simple Chemical","Spell Scroll","Plasma Capacitor","Symbiotic Armor","Heads Up Display"]
[null,null,"",null,null,null,null,null,null,null,null,null,null,null,null,null,null,null,null,null,null,null,null,null,null,null,null,null,null,null,null,null,null,null,"Impeded Swiftness_6","Set","Slow",26,"20% chance (Smashing)","R","Circuit Board","Alchemical Silver","Mutating Genome","Soul Trapped Gem","Impervium"]
[null,null,"",null,null,null,null,null,null,null,null,null,null,null,null,null,null,null,null,null,null,null,null,null,null,null,null,null,null,null,null,null,null,null,"Impervious Skin_1","Set","Resist",10,"RES END","U","Human Blood Sample","Spiritual Essence","Heavy Water"]
[null,null,"",null,null,null,null,null,null,null,null,null,null,null,null,null,null,null,null,null,null,null,null,null,null,null,null,null,null,null,null,null,null,null,"Impervious Skin_1","Set","Resist",26,"RES END","U","Improvised Cybernetic","Ancient Bone","Corrosive Gas"]
[null,null,"",null,null,null,null,null,null,null,null,null,null,null,null,null,null,null,null,null,null,null,null,null,null,null,null,null,null,null,null,null,null,null,"Impervious Skin_2","Set","Resist",10,"END RCH","R","Computer Virus","Luck Charm","Daemon Program","Lament Box"]
[null,null,"",null,null,null,null,null,null,null,null,null,null,null,null,null,null,null,null,null,null,null,null,null,null,null,null,null,null,null,null,null,null,null,"Impervious Skin_2","Set","Resist",26,"END RCH","R","Scientific Theory","Rune","Scientific Law","Deific Weapon"]
[null,null,"",null,null,null,null,null,null,null,null,null,null,null,null,null,null,null,null,null,null,null,null,null,null,null,null,null,null,null,null,null,null,null,"Impervious Skin_3","Set","Resist",10,"RES RCH","R","Ancient Artifact","Inanimate Carbon Rod","Heavy Water","Symbiotic Armor"]
[null,null,"",null,null,null,null,null,null,null,null,null,null,null,null,null,null,null,null,null,null,null,null,null,null,null,null,null,null,null,null,null,null,null,"Impervious Skin_3","Set","Resist",26,"RES RCH","R","Masterwork Weapon","Inert Gas","Corrosive Gas","Soul Trapped Gem"]
[null,null,"",null,null,null,null,null,null,null,null,null,null,null,null,null,null,null,null,null,null,null,null,null,null,null,null,null,null,null,null,null,null,null,"Impervious Skin_4","Set","Resist",10,"RES END RCH","R","Clockwork Winder","Computer Virus","Temporal Sands","Alien Blood Sample"]
[null,null,"",null,null,null,null,null,null,null,null,null,null,null,null,null,null,null,null,null,null,null,null,null,null,null,null,null,null,null,null,null,null,null,"Impervious Skin_4","Set","Resist",26,"RES END RCH","R","Demonic Blood Sample","Scientific Theory","Symbol","Military Cybernetic"]
[null,null,"",null,null,null,null,null,null,null,null,null,null,null,null,null,null,null,null,null,null,null,null,null,null,null,null,null,null,null,null,null,null,null,"Impervious Skin_5","Set","Resist",10,"30% Res(Mez effects)","R","Spiritual Essence","Brass","Volume of the Obsidian Librum","Psionicly Charged Brass","Complex Chemical Formula"]
[null,null,"",null,null,null,null,null,null,null,null,null,null,null,null,null,null,null,null,null,null,null,null,null,null,null,null,null,null,null,null,null,null,null,"Impervious Skin_5","Set","Resist",26,"30% Res(Mez effects)","R","Ancient Bone","Stabilized Mutant Genome","Alchemical Gold","Black Blood of the Earth","Holographic Memory"]
[null,null,"",null,null,null,null,null,null,null,null,null,null,null,null,null,null,null,null,null,null,null,null,null,null,null,null,null,null,null,null,null,null,null,"Impervium Armor_1","Set","Resist",15,"RES END","U","Runebound Armor","Inanimate Carbon Rod","Page from the Malleus Mundi"]
[null,null,"",null,null,null,null,null,null,null,null,null,null,null,null,null,null,null,null,null,null,null,null,null,null,null,null,null,null,null,null,null,null,null,"Impervium Armor_1","Set","Resist",26,"RES END","U","Spell Ink","Inert Gas","Enchanted Impervium"]
[null,null,"",null,null,null,null,null,null,null,null,null,null,null,null,null,null,null,null,null,null,null,null,null,null,null,null,null,null,null,null,null,null,null,"Impervium Armor_2","Set","Resist",15,"END RCH","R","Luck Charm","Brass","Temporal Sands","Heads Up Display"]
[null,null,"",null,null,null,null,null,null,null,null,null,null,null,null,null,null,null,null,null,null,null,null,null,null,null,null,null,null,null,null,null,null,null,"Impervium Armor_2","Set","Resist",26,"END RCH","R","Rune","Stabilized Mutant Genome","Symbol","Impervium"]
[null,null,"",null,null,null,null,null,null,null,null,null,null,null,null,null,null,null,null,null,null,null,null,null,null,null,null,null,null,null,null,null,null,null,"Impervium Armor_3","Set","Resist",15,"RES RCH","R","Ancient Artifact","Computer Virus","Unearthed Relic","Page from the Malleus Mundi"]
[null,null,"",null,null,null,null,null,null,null,null,null,null,null,null,null,null,null,null,null,null,null,null,null,null,null,null,null,null,null,null,null,null,null,"Impervium Armor_3","Set","Resist",26,"RES RCH","R","Masterwork Weapon","Scientific Theory","Enscorcelled Weapon","Enchanted Impervium"]
[null,null,"",null,null,null,null,null,null,null,null,null,null,null,null,null,null,null,null,null,null,null,null,null,null,null,null,null,null,null,null,null,null,null,"Impervium Armor_4","Set","Resist",15,"RES END RCH","R","Spell Scroll","Simple Chemical","Volume of the Obsidian Librum","Heads Up Display"]
[null,null,"",null,null,null,null,null,null,null,null,null,null,null,null,null,null,null,null,null,null,null,null,null,null,null,null,null,null,null,null,null,null,null,"Impervium Armor_4","Set","Resist",26,"RES END RCH","R","Alchemical Silver","Circuit Board","Alchemical Gold","Impervium"]
[null,null,"",null,null,null,null,null,null,null,null,null,null,null,null,null,null,null,null,null,null,null,null,null,null,null,null,null,null,null,null,null,null,null,"Impervium Armor_5","Set","Resist",15,"RES","R","Spiritual Essence","Brass","Psionic Ectoplasm","Page from the Malleus Mundi"]
[null,null,"",null,null,null,null,null,null,null,null,null,null,null,null,null,null,null,null,null,null,null,null,null,null,null,null,null,null,null,null,null,null,null,"Impervium Armor_5","Set","Resist",26,"RES","R","Ancient Bone","Stabilized Mutant Genome","Carnival of Shadows Mask","Enchanted Impervium"]
[null,null,"",null,null,null,null,null,null,null,null,null,null,null,null,null,null,null,null,null,null,null,null,null,null,null,null,null,null,null,null,null,null,null,"Impervium Armor_6","Set","Resist",15,"3% Rez (Psionic)","R","Clockwork Winder","Human Blood Sample","Psionicly Charged Brass","Heads Up Display"]
[null,null,"",null,null,null,null,null,null,null,null,null,null,null,null,null,null,null,null,null,null,null,null,null,null,null,null,null,null,null,null,null,null,null,"Impervium Armor_6","Set","Resist",26,"3% Rez (Psionic)","R","Demonic Blood Sample","Improvised Cybernetic","Black Blood of the Earth","Impervium"]
[null,null,"",null,null,null,null,null,null,null,null,null,null,null,null,null,null,null,null,null,null,null,null,null,null,null,null,null,null,null,null,null,null,null,"Induced Coma_1","Set","Sleep",10,"ACC RCH","U","Computer Virus","Spell Scroll","Soulbound Armor"]
[null,null,null,null,null,null,null,null,null,null,null,null,null,null,null,null,null,null,null,null,null,null,null,null,null,null,null,null,null,null,null,null,null,null,"Induced Coma_1","Set","Sleep",26,"ACC RCH","U","Scientific Theory","Alchemical Silver","Living Tattoo"]
[null,null,null,null,null,null,null,null,null,null,null,null,null,null,null,null,null,null,null,null,null,null,null,null,null,null,null,null,null,null,null,null,null,null,"Induced Coma_2","Set","Sleep",10,"END SLP","R","Simple Chemical","Spiritual Essence","Mutant Blood Sample","Psionic Manifestation"]
[null,null,null,null,null,null,null,null,null,null,null,null,null,null,null,null,null,null,null,null,null,null,null,null,null,null,null,null,null,null,null,null,null,null,"Induced Coma_2","Set","Sleep",26,"END SLP","R","Circuit Board","Ancient Bone","Commercial Cybernetic","Mu Vestment"]
[null,null,null,null,null,null,null,null,null,null,null,null,null,null,null,null,null,null,null,null,null,null,null,null,null,null,null,null,null,null,null,null,null,null,"Induced Coma_3","Set","Sleep",10,"ACC END","R","Boresight","Ancient Artifact","Clockwork Gear","Strand of Fate"]
[null,null,null,null,null,null,null,null,null,null,null,null,null,null,null,null,null,null,null,null,null,null,null,null,null,null,null,null,null,null,null,null,null,null,"Induced Coma_3","Set","Sleep",26,"ACC END","R","Iron","Masterwork Weapon","Blood of the Incarnate","Empowered Sigil"]
[null,null,null,null,null,null,null,null,null,null,null,null,null,null,null,null,null,null,null,null,null,null,null,null,null,null,null,null,null,null,null,null,null,null,"Induced Coma_4","Set","Sleep",10,"SLP RNG","R","Brass","Runebound Armor","Heavy Water","Source Code"]
[null,null,null,null,null,null,null,null,null,null,null,null,null,null,null,null,null,null,null,null,null,null,null,null,null,null,null,null,null,null,null,null,null,null,"Induced Coma_4","Set","Sleep",26,"SLP RNG","R","Stabilized Mutant Genome","Spell Ink","Corrosive Gas","Conspiratorial Evidence"]
[null,null,null,null,null,null,null,null,null,null,null,null,null,null,null,null,null,null,null,null,null,null,null,null,null,null,null,null,null,null,null,null,null,null,"Induced Coma_5","Set","Sleep",10,"ACC SLP RCH","R","Inanimate Carbon Rod","Clockwork Winder","Volume of the Obsidian Librum","Complex Chemical Formula"]
[null,null,null,null,null,null,null,null,null,null,null,null,null,null,null,null,null,null,null,null,null,null,null,null,null,null,null,null,null,null,null,null,null,null,"Induced Coma_5","Set","Sleep",26,"ACC SLP RCH","R","Inert Gas","Demonic Blood Sample","Alchemical Gold","Holographic Memory"]
[null,null,null,null,null,null,null,null,null,null,null,null,null,null,null,null,null,null,null,null,null,null,null,null,null,null,null,null,null,null,null,null,null,null,"Induced Coma_6","Set","Sleep",10,"20% chance -20% Recharge","R","Human Blood Sample","Luck Charm","Plasma Capacitor","Psionic Manifestation"]
[null,null,null,null,null,null,null,null,null,null,null,null,null,null,null,null,null,null,null,null,null,null,null,null,null,null,null,null,null,null,null,null,null,null,"Induced Coma_6","Set","Sleep",26,"20% chance -20% Recharge","R","Improvised Cybernetic","Rune","Mutating Genome","Mu Vestment"]
[null,null,null,null,null,null,null,null,null,null,null,null,null,null,null,null,null,null,null,null,null,null,null,null,null,null,null,null,null,null,null,null,null,"A","Bat Wing_1","Costume",null,0,null,"U","Demonic Threat Report","Spirit Thorn","Regenerating Flesh"]
[null,null,null,null,null,null,null,null,null,null,null,null,null,null,null,null,null,null,null,null,null,null,null,null,null,null,null,null,null,null,null,null,null,"A","Bone Wing_1","Costume",null,0,null,"U","Regenerating Flesh","Ruby","Silver"]
[null,null,null,null,null,null,null,null,null,null,null,null,null,null,null,null,null,null,null,null,null,null,null,null,null,null,null,null,null,null,null,null,null,"A","Burned Wing_1","Costume",null,0,null,"U","Demonic Blood Sample","Masterwork Weapon","Rune"]
[null,null,null,null,null,null,null,null,null,null,null,null,null,null,null,null,null,null,null,null,null,null,null,null,null,null,null,null,null,null,null,null,null,"A","Cherub Wing_1","Costume",null,0,null,"U","Nevermelting Ice","Fortune","Ruby"]
[null,null,null,null,null,null,null,null,null,null,null,null,null,null,null,null,null,null,null,null,null,null,null,null,null,null,null,null,null,null,null,null,null,"A","Dragon Wing_1","Costume",null,0,null,"U","Alchemical Silver","Ancient Bone","Spell Ink"]
[null,null,null,null,null,null,null,null,null,null,null,null,null,null,null,null,null,null,null,null,null,null,null,null,null,null,null,null,null,null,null,null,null,"A","Fairy Wing_1","Costume",null,0,null,"U","Spell Scroll","Spiritual Essence","Runebound Armor"]
[null,null,null,null,null,null,null,null,null,null,null,null,null,null,null,null,null,null,null,null,null,null,null,null,null,null,null,null,null,null,null,null,null,"A","Insect Wing_1","Costume",null,0,null,"U","Ancient Artifact","Luck Charm","Clockwork Winder"]
[null,null,null,null,null,null,null,null,null,null,null,null,null,null,null,null,null,null,null,null,null,null,null,null,null,null,null,null,null,null,null,null,null,"A","Tech Wing_1","Costume",null,0,null,"U","Kinetic Weapon","Temporal Analyzer","Ceramic Armor Plate"]
[null,null,null,null,null,null,null,null,null,null,null,null,null,null,null,null,null,null,null,null,null,null,null,null,null,null,null,null,null,null,null,null,null,"A","Accuracy_1","Invention",null,10,null,"C","Luck Charm","Boresight"]
[null,null,null,null,null,null,null,null,null,null,null,null,null,null,null,null,null,null,null,null,null,null,null,null,null,null,null,null,null,null,null,null,null,"A","Accuracy_1","Invention",null,30,null,"C","Alchemical Silver","Scientific Theory"]
[null,null,null,null,null,null,null,null,null,null,null,null,null,null,null,null,null,null,null,null,null,null,null,null,null,null,null,null,null,null,null,null,null,"A","Accuracy_1","Invention",null,45,null,"C","Fortune","Mathematic Proof"]
[null,null,null,null,null,null,null,null,null,null,null,null,null,null,null,null,null,null,null,null,null,null,null,null,null,null,null,null,null,null,null,null,null,"A","Confuse_1","Invention",null,10,null,"C","Human Blood Sample","Computer Virus","Brass"]
[null,null,null,null,null,null,null,null,null,null,null,null,null,null,null,null,null,null,null,null,null,null,null,null,null,null,null,null,null,null,null,null,null,"A","Confuse_1","Invention",null,30,null,"C","Masterwork Weapon,2","Alchemical Silver"]
[null,null,null,null,null,null,null,null,null,null,null,null,null,null,null,null,null,null,null,null,null,null,null,null,null,null,null,null,null,null,null,null,null,"A","Confuse_1","Invention",null,45,null,"C","Regenerating Flesh","Spirit Thorn","Hydraulic Piston"]
[null,null,null,null,null,null,null,null,null,null,null,null,null,null,null,null,null,null,null,null,null,null,null,null,null,null,null,null,null,null,null,null,null,"A","Damage_1","Invention",null,10,null,"C","Inanimate Carbon Rod","Brass"]
[null,null,null,null,null,null,null,null,null,null,null,null,null,null,null,null,null,null,null,null,null,null,null,null,null,null,null,null,null,null,null,null,null,"A","Damage_1","Invention",null,30,null,"C","Masterwork Weapon","Iron"]
[null,null,null,null,null,null,null,null,null,null,null,null,null,null,null,null,null,null,null,null,null,null,null,null,null,null,null,null,null,null,null,null,null,"A","Damage_1","Invention",null,45,null,"C","Demonic Threat Report","Kinetic Weapon"]
[null,null,null,null,null,null,null,null,null,null,null,null,null,null,null,null,null,null,null,null,null,null,null,null,null,null,null,null,null,null,null,null,null,"A","Defense Buff_1","Invention",null,10,null,"C","Ancient Artifact","Luck Charm","Runebound Armor"]
[null,null,null,null,null,null,null,null,null,null,null,null,null,null,null,null,null,null,null,null,null,null,null,null,null,null,null,null,null,null,null,null,null,"A","Defense Buff_1","Invention",null,30,null,"C","Rune,2","Alchemical Silver"]
[null,null,null,null,null,null,null,null,null,null,null,null,null,null,null,null,null,null,null,null,null,null,null,null,null,null,null,null,null,null,null,null,null,"A","Defense Buff_1","Invention",null,45,null,"C","Fortune","Ruby","Ceramic Armor Plate"]
[null,null,null,null,null,null,null,null,null,null,null,null,null,null,null,null,null,null,null,null,null,null,null,null,null,null,null,null,null,null,null,null,null,"A","Defense Debuff_1","Invention",null,10,null,"C","Runebound Armor","Computer Virus","Brass"]
[null,null,null,null,null,null,null,null,null,null,null,null,null,null,null,null,null,null,null,null,null,null,null,null,null,null,null,null,null,null,null,null,null,"A","Defense Debuff_1","Invention",null,30,null,"C","Masterwork Weapon","Inert Gas","Circuit Board"]
[null,null,null,null,null,null,null,null,null,null,null,null,null,null,null,null,null,null,null,null,null,null,null,null,null,null,null,null,null,null,null,null,null,"A","Defense Debuff_1","Invention",null,45,null,"C","Demonic Threat Report","Ceramic Armor Plate","Hydraulic Piston"]
[null,null,null,null,null,null,null,null,null,null,null,null,null,null,null,null,null,null,null,null,null,null,null,null,null,null,null,null,null,null,null,null,null,"A","Endurance Discount_1","Invention",null,10,null,"C","Ancient Artifact","Spell Scroll"]
[null,null,null,null,null,null,null,null,null,null,null,null,null,null,null,null,null,null,null,null,null,null,null,null,null,null,null,null,null,null,null,null,null,"A","Endurance Discount_1","Invention",null,30,null,"C","Inert Gas","Stabilized Mutant Genome"]
[null,null,null,null,null,null,null,null,null,null,null,null,null,null,null,null,null,null,null,null,null,null,null,null,null,null,null,null,null,null,null,null,null,"A","Endurance Discount_1","Invention",null,45,null,"C","Nevermelting Ice","Silver"]
[null,null,null,null,null,null,null,null,null,null,null,null,null,null,null,null,null,null,null,null,null,null,null,null,null,null,null,null,null,null,null,null,null,"A","Endurance Modification_1","Invention",null,10,null,"C","Spell Scroll","Spiritual Essence","Simple Chemical"]
[null,null,null,null,null,null,null,null,null,null,null,null,null,null,null,null,null,null,null,null,null,null,null,null,null,null,null,null,null,null,null,null,null,"A","Endurance Modification_1","Invention",null,30,null,"C","Inert Gas","Stabilized Mutant Genome","Demonic Blood Sample"]
[null,null,null,null,null,null,null,null,null,null,null,null,null,null,null,null,null,null,null,null,null,null,null,null,null,null,null,null,null,null,null,null,null,"A","Endurance Modification_1","Invention",null,45,null,"C","Ruby","Spirit Thorn","Mathematic Proof"]
[null,null,null,null,null,null,null,null,null,null,null,null,null,null,null,null,null,null,null,null,null,null,null,null,null,null,null,null,null,null,null,null,null,"A","Fear_1","Invention",null,10,null,"C","Spiritual Essence","Human Blood Sample","Brass"]
[null,null,null,null,null,null,null,null,null,null,null,null,null,null,null,null,null,null,null,null,null,null,null,null,null,null,null,null,null,null,null,null,null,"A","Fear_1","Invention",null,30,null,"C","Masterwork Weapon","Ancient Bone","Stabilized Mutant Genome"]
[null,null,null,null,null,null,null,null,null,null,null,null,null,null,null,null,null,null,null,null,null,null,null,null,null,null,null,null,null,null,null,null,null,"A","Fear_1","Invention",null,45,null,"C","Demonic Threat Report,2","Kinetic Weapon"]
[null,null,null,null,null,null,null,null,null,null,null,null,null,null,null,null,null,null,null,null,null,null,null,null,null,null,null,null,null,null,null,null,null,"A","Fly_1","Invention",null,10,null,"C","Spell Scroll","Spiritual Essence"]
[null,null,null,null,null,null,null,null,null,null,null,null,null,null,null,null,null,null,null,null,null,null,null,null,null,null,null,null,null,null,null,null,null,"A","Fly_1","Invention",null,30,null,"C","Ancient Bone","Scientific Theory"]
[null,null,null,null,null,null,null,null,null,null,null,null,null,null,null,null,null,null,null,null,null,null,null,null,null,null,null,null,null,null,null,null,null,"A","Fly_1","Invention",null,45,null,"C","Ruby","Spirit Thorn"]
[null,null,null,null,null,null,null,null,null,null,null,null,null,null,null,null,null,null,null,null,null,null,null,null,null,null,null,null,null,null,null,null,null,"A","Heal_1","Invention",null,10,null,"C","Spiritual Essence","Human Blood Sample,2"]
[null,null,null,null,null,null,null,null,null,null,null,null,null,null,null,null,null,null,null,null,null,null,null,null,null,null,null,null,null,null,null,null,null,"A","Heal_1","Invention",null,30,null,"C","Demonic Blood Sample","Ancient Bone,2"]
[null,null,null,null,null,null,null,null,null,null,null,null,null,null,null,null,null,null,null,null,null,null,null,null,null,null,null,null,null,null,null,null,null,"A","Heal_1","Invention",null,45,null,"C","Regenerating Flesh,2","Spirit Thorn"]
[null,null,null,null,null,null,null,null,null,null,null,null,null,null,null,null,null,null,null,null,null,null,null,null,null,null,null,null,null,null,null,null,null,"A","Hold_1","Invention",null,10,null,"C","Human Blood Sample","Simple Chemical,2"]
[null,null,null,null,null,null,null,null,null,null,null,null,null,null,null,null,null,null,null,null,null,null,null,null,null,null,null,null,null,null,null,null,null,"A","Hold_1","Invention",null,30,null,"C","Demonic Blood Sample,2","Stabilized Mutant Genome"]
[null,null,null,null,null,null,null,null,null,null,null,null,null,null,null,null,null,null,null,null,null,null,null,null,null,null,null,null,null,null,null,null,null,"A","Hold_1","Invention",null,45,null,"C","Ruby","Regenerating Flesh","Mathematic Proof"]
[null,null,null,null,null,null,null,null,null,null,null,null,null,null,null,null,null,null,null,null,null,null,null,null,null,null,null,null,null,null,null,null,null,"A","Immobilize_1","Invention",null,10,null,"C","Spell Scroll","Inanimate Carbon Rod","Computer Virus"]
[null,null,null,null,null,null,null,null,null,null,null,null,null,null,null,null,null,null,null,null,null,null,null,null,null,null,null,null,null,null,null,null,null,"A","Immobilize_1","Invention",null,30,null,"C","Rune","Inert Gas","Iron"]
[null,null,null,null,null,null,null,null,null,null,null,null,null,null,null,null,null,null,null,null,null,null,null,null,null,null,null,null,null,null,null,null,null,"A","Immobilize_1","Invention",null,45,null,"C","Nevermelting Ice","Regenerating Flesh","Temporal Analyzer"]
[null,null,null,null,null,null,null,null,null,null,null,null,null,null,null,null,null,null,null,null,null,null,null,null,null,null,null,null,null,null,null,null,null,"A","Intangible_1","Invention",null,10,null,"C","Spiritual Essence","Inanimate Carbon Rod","Computer Virus"]
[null,null,null,null,null,null,null,null,null,null,null,null,null,null,null,null,null,null,null,null,null,null,null,null,null,null,null,null,null,null,null,null,null,"A","Intangible_1","Invention",null,30,null,"C","Alchemical Silver","Ancient Bone","Circuit Board"]
[null,null,null,null,null,null,null,null,null,null,null,null,null,null,null,null,null,null,null,null,null,null,null,null,null,null,null,null,null,null,null,null,null,"A","Intangible_1","Invention",null,45,null,"C","Spirit Thorn","Temporal Analyzer","Mathematic Proof"]
[null,null,null,null,null,null,null,null,null,null,null,null,null,null,null,null,null,null,null,null,null,null,null,null,null,null,null,null,null,null,null,null,null,"A","Interrupt Time_1","Invention",null,10,null,"C","Luck Charm","Clockwork Winder","Inanimate Carbon Rod"]
[null,null,null,null,null,null,null,null,null,null,null,null,null,null,null,null,null,null,null,null,null,null,null,null,null,null,null,null,null,null,null,null,null,"A","Interrupt Time_1","Invention",null,30,null,"C","Spell Ink","Circuit Board","Iron"]
[null,null,null,null,null,null,null,null,null,null,null,null,null,null,null,null,null,null,null,null,null,null,null,null,null,null,null,null,null,null,null,null,null,"A","Interrupt Time_1","Invention",null,45,null,"C","Temporal Analyzer","Hydraulic Piston","Mathematic Proof"]
[null,null,null,null,null,null,null,null,null,null,null,null,null,null,null,null,null,null,null,null,null,null,null,null,null,null,null,null,null,null,null,null,null,"A","Jump_1","Invention",null,10,null,"C","Luck Charm","Simple Chemical"]
[null,null,null,null,null,null,null,null,null,null,null,null,null,null,null,null,null,null,null,null,null,null,null,null,null,null,null,null,null,null,null,null,null,"A","Jump_1","Invention",null,30,null,"C","Improvised Cybernetic","Scientific Theory"]
[null,null,null,null,null,null,null,null,null,null,null,null,null,null,null,null,null,null,null,null,null,null,null,null,null,null,null,null,null,null,null,null,null,"A","Jump_1","Invention",null,45,null,"C","Spirit Thorn","Silver"]
[null,null,null,null,null,null,null,null,null,null,null,null,null,null,null,null,null,null,null,null,null,null,null,null,null,null,null,null,null,null,null,null,null,"A","Knockback_1","Invention",null,10,null,"C","Ancient Artifact","Clockwork Winder","Brass"]
[null,null,null,null,null,null,null,null,null,null,null,null,null,null,null,null,null,null,null,null,null,null,null,null,null,null,null,null,null,null,null,null,null,"A","Knockback_1","Invention",null,30,null,"C","Masterwork Weapon","Demonic Blood Sample","Circuit Board"]
[null,null,null,null,null,null,null,null,null,null,null,null,null,null,null,null,null,null,null,null,null,null,null,null,null,null,null,null,null,null,null,null,null,"A","Knockback_1","Invention",null,45,null,"C","Kinetic Weapon,2","Hydraulic Piston"]
[null,null,null,null,null,null,null,null,null,null,null,null,null,null,null,null,null,null,null,null,null,null,null,null,null,null,null,null,null,null,null,null,null,"A","Range_1","Invention",null,10,null,"C","Spiritual Essence","Simple Chemical","Boresight"]
[null,null,null,null,null,null,null,null,null,null,null,null,null,null,null,null,null,null,null,null,null,null,null,null,null,null,null,null,null,null,null,null,null,"A","Range_1","Invention",null,30,null,"C","Rune","Scientific Theory,2"]
[null,null,null,null,null,null,null,null,null,null,null,null,null,null,null,null,null,null,null,null,null,null,null,null,null,null,null,null,null,null,null,null,null,"A","Range_1","Invention",null,45,null,"C","Ruby,2","Silver"]
[null,null,null,null,null,null,null,null,null,null,null,null,null,null,null,null,null,null,null,null,null,null,null,null,null,null,null,null,null,null,null,null,null,"A","Recharge Reduction_1","Invention",null,10,null,"C","Clockwork Winder","Computer Virus"]
[null,null,null,null,null,null,null,null,null,null,null,null,null,null,null,null,null,null,null,null,null,null,null,null,null,null,null,null,null,null,null,null,null,"A","Recharge Reduction_1","Invention",null,30,null,"C","Spell Ink","Circuit Board"]
[null,null,null,null,null,null,null,null,null,null,null,null,null,null,null,null,null,null,null,null,null,null,null,null,null,null,null,null,null,null,null,null,null,"A","Recharge Reduction_1","Invention",null,45,null,"C","Temporal Analyzer","Hydraulic Piston"]
[null,null,null,null,null,null,null,null,null,null,null,null,null,null,null,null,null,null,null,null,null,null,null,null,null,null,null,null,null,null,null,null,null,"A","Recovery_1","Invention",null,10,null,"C","Spell Scroll","Spiritual Essence","Simple Chemical"]
[null,null,null,null,null,null,null,null,null,null,null,null,null,null,null,null,null,null,null,null,null,null,null,null,null,null,null,null,null,null,null,null,null,"A","Recovery_1","Invention",null,30,null,"C","Demonic Blood Sample","Inert Gas","Stabilized Mutant Genome"]
[null,null,null,null,null,null,null,null,null,null,null,null,null,null,null,null,null,null,null,null,null,null,null,null,null,null,null,null,null,null,null,null,null,"A","Recovery_1","Invention",null,45,null,"C","Ruby","Spirit Thorn","Mathematic Proof"]
[null,null,null,null,null,null,null,null,null,null,null,null,null,null,null,null,null,null,null,null,null,null,null,null,null,null,null,null,null,null,null,null,null,"A","Resist Damage_1","Invention",null,10,null,"C","Runebound Armor,2","Simple Chemical"]
[null,null,null,null,null,null,null,null,null,null,null,null,null,null,null,null,null,null,null,null,null,null,null,null,null,null,null,null,null,null,null,null,null,"A","Resist Damage_1","Invention",null,30,null,"C","Rune","Improvised Cybernetic,2"]
[null,null,null,null,null,null,null,null,null,null,null,null,null,null,null,null,null,null,null,null,null,null,null,null,null,null,null,null,null,null,null,null,null,"A","Resist Damage_1","Invention",null,45,null,"C","Nevermelting Ice","Ceramic Armor Plate,2"]
[null,null,null,null,null,null,null,null,null,null,null,null,null,null,null,null,null,null,null,null,null,null,null,null,null,null,null,null,null,null,null,null,null,"A","Run_1","Invention",null,10,null,"C","Ancient Artifact","Boresight"]
[null,null,null,null,null,null,null,null,null,null,null,null,null,null,null,null,null,null,null,null,null,null,null,null,null,null,null,null,null,null,null,null,null,"A","Run_1","Invention",null,30,null,"C","Alchemical Silver","Improvised Cybernetic"]
[null,null,null,null,null,null,null,null,null,null,null,null,null,null,null,null,null,null,null,null,null,null,null,null,null,null,null,null,null,null,null,null,null,"A","Run_1","Invention",null,45,null,"C","Nevermelting Ice","Silver"]
[null,null,null,null,null,null,null,null,null,null,null,null,null,null,null,null,null,null,null,null,null,null,null,null,null,null,null,null,null,null,null,null,null,"A","Sleep_1","Invention",null,10,null,"C","Luck Charm","Clockwork Winder","Inanimate Carbon Rod"]
[null,null,null,null,null,null,null,null,null,null,null,null,null,null,null,null,null,null,null,null,null,null,null,null,null,null,null,null,null,null,null,null,null,"A","Sleep_1","Invention",null,30,null,"C","Ancient Bone","Spell Ink","Iron"]
[null,null,null,null,null,null,null,null,null,null,null,null,null,null,null,null,null,null,null,null,null,null,null,null,null,null,null,null,null,null,null,null,null,"A","Sleep_1","Invention",null,45,null,"C","Nevermelting Ice","Temporal Analyzer","Mathematic Proof"]
[null,null,null,null,null,null,null,null,null,null,null,null,null,null,null,null,null,null,null,null,null,null,null,null,null,null,null,null,null,null,null,null,null,"A","Slow_1","Invention",null,10,null,"C","Ancient Artifact","Clockwork Winder","Spell Scroll"]
[null,null,null,null,null,null,null,null,null,null,null,null,null,null,null,null,null,null,null,null,null,null,null,null,null,null,null,null,null,null,null,null,null,"A","Slow_1","Invention",null,30,null,"C","Spell Ink","Improvised Cybernetic","Stabilized Mutant Genome"]
[null,null,null,null,null,null,null,null,null,null,null,null,null,null,null,null,null,null,null,null,null,null,null,null,null,null,null,null,null,null,null,null,null,"A","Slow_1","Invention",null,45,null,"C","Nevermelting Ice","Fortune","Hydraulic Piston"]
[null,null,null,null,null,null,null,null,null,null,null,null,null,null,null,null,null,null,null,null,null,null,null,null,null,null,null,null,null,null,null,null,null,"A","Stun_1","Invention",null,10,null,"C","Ancient Artifact","Inanimate Carbon Rod","Boresight"]
[null,null,null,null,null,null,null,null,null,null,null,null,null,null,null,null,null,null,null,null,null,null,null,null,null,null,null,null,null,null,null,null,null,"A","Stun_1","Invention",null,30,null,"C","Spell Ink","Inert Gas","Iron"]
[null,null,null,null,null,null,null,null,null,null,null,null,null,null,null,null,null,null,null,null,null,null,null,null,null,null,null,null,null,null,null,null,null,"A","Stun_1","Invention",null,45,null,"C","Kinetic Weapon","Ceramic Armor Plate","Silver"]
[null,null,null,null,null,null,null,null,null,null,null,null,null,null,null,null,null,null,null,null,null,null,null,null,null,null,null,null,null,null,null,null,null,"A","Taunt_1","Invention",null,10,null,"C","Human Blood Sample","Simple Chemical","Brass"]
[null,null,null,null,null,null,null,null,null,null,null,null,null,null,null,null,null,null,null,null,null,null,null,null,null,null,null,null,null,null,null,null,null,"A","Taunt_1","Invention",null,30,null,"C","Rune","Spell Ink","Stabilized Mutant Genome"]
[null,null,null,null,null,null,null,null,null,null,null,null,null,null,null,null,null,null,null,null,null,null,null,null,null,null,null,null,null,null,null,null,null,"A","Taunt_1","Invention",null,45,null,"C","Fortune","Demonic Threat Report","Regenerating Flesh"]
[null,null,null,null,null,null,null,null,null,null,null,null,null,null,null,null,null,null,null,null,null,null,null,null,null,null,null,null,null,null,null,null,null,"A","To Hit Buff_1","Invention",null,10,null,"C","Runebound Armor","Boresight,2"]
[null,null,null,null,null,null,null,null,null,null,null,null,null,null,null,null,null,null,null,null,null,null,null,null,null,null,null,null,null,null,null,null,null,"A","To Hit Buff_1","Invention",null,30,null,"C","Improvised Cybernetic","Inert Gas","Scientific Theory"]
[null,null,null,null,null,null,null,null,null,null,null,null,null,null,null,null,null,null,null,null,null,null,null,null,null,null,null,null,null,null,null,null,null,"A","To Hit Buff_1","Invention",null,45,null,"C","Fortune","Silver,2"]
[null,null,null,null,null,null,null,null,null,null,null,null,null,null,null,null,null,null,null,null,null,null,null,null,null,null,null,null,null,null,null,null,null,"A","To Hit Debuff_1","Invention",null,10,null,"C","Luck Charm","Computer Virus","Boresight"]
[null,null,null,null,null,null,null,null,null,null,null,null,null,null,null,null,null,null,null,null,null,null,null,null,null,null,null,null,null,null,null,null,null,"A","To Hit Debuff_1","Invention",null,30,null,"C","Demonic Blood Sample","Improvised Cybernetic","Circuit Board"]
[null,null,null,null,null,null,null,null,null,null,null,null,null,null,null,null,null,null,null,null,null,null,null,null,null,null,null,null,null,null,null,null,null,"A","To Hit Debuff_1","Invention",null,45,null,"C","Fortune","Temporal Analyzer","Ceramic Armor Plate"]
[null,null,null,null,null,null,null,null,null,null,null,null,null,null,null,null,null,null,null,null,null,null,null,null,null,null,null,null,null,null,null,null,null,null,"Jaunt_1","Set","Teleport",15,"RNG","U","Luck Charm","Inanimate Carbon Rod","Polycarbon"]
[null,null,null,null,null,null,null,null,null,null,null,null,null,null,null,null,null,null,null,null,null,null,null,null,null,null,null,null,null,null,null,null,null,null,"Jaunt_1","Set","Teleport",26,"RNG","U","Rune","Inert Gas","Mutant DNA Strand"]
[null,null,null,null,null,null,null,null,null,null,null,null,null,null,null,null,null,null,null,null,null,null,null,null,null,null,null,null,null,null,null,null,null,null,"Jaunt_1","Set","Teleport",41,"RNG","U","Fortune","Temporal Analyzer","Gold"]
[null,null,null,null,null,null,null,null,null,null,null,null,null,null,null,null,null,null,null,null,null,null,null,null,null,null,null,null,null,null,null,null,null,null,"Jaunt_2","Set","Teleport",15,"END","U","Spell Scroll","Simple Chemical","Soulbound Armor"]
[null,null,null,null,null,null,null,null,null,null,null,null,null,null,null,null,null,null,null,null,null,null,null,null,null,null,null,null,null,null,null,null,null,null,"Jaunt_2","Set","Teleport",26,"END","U","Alchemical Silver","Circuit Board","Living Tattoo"]
[null,null,null,null,null,null,null,null,null,null,null,null,null,null,null,null,null,null,null,null,null,null,null,null,null,null,null,null,null,null,null,null,null,null,"Jaunt_2","Set","Teleport",41,"END","U","Demonic Threat Report","Hydraulic Piston","Thorn Tree Vine"]
[null,null,null,null,null,null,null,null,null,null,null,null,null,null,null,null,null,null,null,null,null,null,null,null,null,null,null,null,null,null,null,null,null,null,"Jaunt_3","Set","Teleport",15,"END RNG","U","Runebound Armor","Computer Virus","Mutant Blood Sample"]
[null,null,null,null,null,null,null,null,null,null,null,null,null,null,null,null,null,null,null,null,null,null,null,null,null,null,null,null,null,null,null,null,null,null,"Jaunt_3","Set","Teleport",26,"END RNG","U","Spell Ink","Scientific Theory","Commercial Cybernetic"]
[null,null,null,null,null,null,null,null,null,null,null,null,null,null,null,null,null,null,null,null,null,null,null,null,null,null,null,null,null,null,null,null,null,null,"Jaunt_3","Set","Teleport",41,"END RNG","U","Spirit Thorn","Ceramic Armor Plate","Energy Weapon"]
[null,null,null,null,null,null,null,null,null,null,null,null,null,null,null,null,null,null,null,null,null,null,null,null,null,null,null,null,null,null,null,null,null,null,"Karma_1","Set","Defense",10,"DEF END","U","Human Blood Sample","Spell Scroll","Soulbound Armor"]
[null,null,null,null,null,null,null,null,null,null,null,null,null,null,null,null,null,null,null,null,null,null,null,null,null,null,null,null,null,null,null,null,null,null,"Karma_1","Set","Defense",26,"DEF END","U","Improvised Cybernetic","Alchemical Silver","Living Tattoo"]
[null,null,null,null,null,null,null,null,null,null,null,null,null,null,null,null,null,null,null,null,null,null,null,null,null,null,null,null,null,null,null,null,null,null,"Karma_2","Set","Defense",10,"DEF RCH","U","Inanimate Carbon Rod","Clockwork Winder","Soulbound Armor"]
[null,null,null,null,null,null,null,null,null,null,null,null,null,null,null,null,null,null,null,null,null,null,null,null,null,null,null,null,null,null,null,null,null,null,"Karma_2","Set","Defense",26,"DEF RCH","U","Inert Gas","Demonic Blood Sample","Living Tattoo"]
[null,null,null,null,null,null,null,null,null,null,null,null,null,null,null,null,null,null,null,null,null,null,null,null,null,null,null,null,null,null,null,null,null,null,"Karma_3","Set","Defense",10,"Mag -4 Knockback/up Protection","U","Simple Chemical","Luck Charm","Soulbound Armor"]
[null,null,null,null,null,null,null,null,null,null,null,null,null,null,null,null,null,null,null,null,null,null,null,null,null,null,null,null,null,null,null,null,null,null,"Karma_3","Set","Defense",26,"Mag -4 Knockback/up Protection","U","Circuit Board","Rune","Living Tattoo"]
[null,null,null,null,null,null,null,null,null,null,null,null,null,null,null,null,null,null,null,null,null,null,null,null,null,null,null,null,null,null,null,null,null,null,"Kinetic Combat_1","Set","Melee Damage",20,"DMG ACC","U","Clockwork Winder","Boresight","Clockwork Gear"]
[null,null,null,null,null,null,null,null,null,null,null,null,null,null,null,null,null,null,null,null,null,null,null,null,null,null,null,null,null,null,null,null,null,null,"Kinetic Combat_1","Set","Melee Damage",26,"DMG ACC","U","Demonic Blood Sample","Iron","Blood of the Incarnate","Steel"]
[null,null,null,null,null,null,null,null,null,null,null,null,null,null,null,null,null,null,null,null,null,null,null,null,null,null,null,null,null,null,null,null,null,null,"Kinetic Combat_2","Set","Melee Damage",20,"DMG END","R","Spell Scroll","Inanimate Carbon Rod","Mutant Blood Sample","Strand of Fate"]
[null,null,null,null,null,null,null,null,null,null,null,null,null,null,null,null,null,null,null,null,null,null,null,null,null,null,null,null,null,null,null,null,null,null,"Kinetic Combat_2","Set","Melee Damage",26,"DMG END","R","Alchemical Silver","Inert Gas","Commercial Cybernetic","Empowered Sigil"]
[null,null,null,null,null,null,null,null,null,null,null,null,null,null,null,null,null,null,null,null,null,null,null,null,null,null,null,null,null,null,null,null,null,null,"Kinetic Combat_3","Set","Melee Damage",20,"DMG RCH","R","Runebound Armor","Human Blood Sample","Volume of the Obsidian Librum","Symbiotic Armor"]
[null,null,null,null,null,null,null,null,null,null,null,null,null,null,null,null,null,null,null,null,null,null,null,null,null,null,null,null,null,null,null,null,null,null,"Kinetic Combat_3","Set","Melee Damage",26,"DMG RCH","R","Spell Ink","Improvised Cybernetic","Alchemical Gold","Soul Trapped Gem"]
[null,null,null,null,null,null,null,null,null,null,null,null,null,null,null,null,null,null,null,null,null,null,null,null,null,null,null,null,null,null,null,null,null,null,"Kinetic Combat_4","Set","Melee Damage",20,"DMG END RCH","R","Ancient Artifact","Simple Chemical","Scope","Alien Blood Sample"]
[null,null,null,null,null,null,null,null,null,null,null,null,null,null,null,null,null,null,null,null,null,null,null,null,null,null,null,null,null,null,null,null,null,null,"Kinetic Combat_4","Set","Melee Damage",26,"DMG END RCH","R","Masterwork Weapon","Circuit Board","Steel","Military Cybernetic"]
[null,null,null,null,null,null,null,null,null,null,null,null,null,null,null,null,null,null,null,null,null,null,null,null,null,null,null,null,null,null,null,null,null,null,"Kinetic Combat_5","Set","Melee Damage",20,"20% chance Knockup","R","Luck Charm","Computer Virus","Soulbound Armor","Complex Chemical Formula","Alien Blood Sample"]
[null,null,null,null,null,null,null,null,null,null,null,null,null,null,null,null,null,null,null,null,null,null,null,null,null,null,null,null,null,null,null,null,null,null,"Kinetic Combat_5","Set","Melee Damage",26,"20% chance Knockup","R","Rune","Scientific Theory","Living Tattoo","Holographic Memory","Military Cybernetic"]
[null,null,null,null,null,null,null,null,null,null,null,null,null,null,null,null,null,null,null,null,null,null,null,null,null,null,null,null,null,null,null,null,null,null,"Kismet_1","Set","Defense",10,"DEF END","U","Simple Chemical","Spell Scroll","Polycarbon"]
[null,null,null,null,null,null,null,null,null,null,null,null,null,null,null,null,null,null,null,null,null,null,null,null,null,null,null,null,null,null,null,null,null,null,"Kismet_1","Set","Defense",26,"DEF END","U","Circuit Board","Alchemical Silver","Mutant DNA Strand"]
[null,null,null,null,null,null,null,null,null,null,null,null,null,null,null,null,null,null,null,null,null,null,null,null,null,null,null,null,null,null,null,null,null,null,"Kismet_2","Set","Defense",10,"DEF RCH","R","Brass","Clockwork Winder","Daemon Program","Psionicly Charged Brass"]
[null,null,null,null,null,null,null,null,null,null,null,null,null,null,null,null,null,null,null,null,null,null,null,null,null,null,null,null,null,null,null,null,null,null,"Kismet_2","Set","Defense",26,"DEF RCH","R","Stabilized Mutant Genome","Demonic Blood Sample","Scientific Law","Black Blood of the Earth"]
[null,null,null,null,null,null,null,null,null,null,null,null,null,null,null,null,null,null,null,null,null,null,null,null,null,null,null,null,null,null,null,null,null,null,"Kismet_3","Set","Defense",10,"END RCH","R","Boresight","Luck Charm","Heavy Water","Lament Box"]
[null,null,null,null,null,null,null,null,null,null,null,null,null,null,null,null,null,null,null,null,null,null,null,null,null,null,null,null,null,null,null,null,null,null,"Kismet_3","Set","Defense",26,"END RCH","R","Iron","Rune","Corrosive Gas","Deific Weapon"]
[null,null,null,null,null,null,null,null,null,null,null,null,null,null,null,null,null,null,null,null,null,null,null,null,null,null,null,null,null,null,null,null,null,null,"Kismet_4","Set","Defense",10,"DEF END RCH","R","Inanimate Carbon Rod","Ancient Artifact","Clockwork Gear","Plasma Capacitor"]
[null,null,null,null,null,null,null,null,null,null,null,null,null,null,null,null,null,null,null,null,null,null,null,null,null,null,null,null,null,null,null,null,null,null,"Kismet_4","Set","Defense",26,"DEF END RCH","R","Inert Gas","Masterwork Weapon","Blood of the Incarnate","Mutating Genome"]
[null,null,null,null,null,null,null,null,null,null,null,null,null,null,null,null,null,null,null,null,null,null,null,null,null,null,null,null,null,null,null,null,null,null,"Kismet_5","Set","Defense",10,"UNIQUE: +6% Accuracy for 120 seconds","R","Human Blood Sample","Runebound Armor","Volume of the Obsidian Librum","Enriched Plutonium","Psionicly Charged Brass"]
[null,null,null,null,null,null,null,null,null,null,null,null,null,null,null,null,null,null,null,null,null,null,null,null,null,null,null,null,null,null,null,null,null,null,"Kismet_5","Set","Defense",26,"UNIQUE: +6% Accuracy for 120 seconds","R","Improvised Cybernetic","Spell Ink","Alchemical Gold","Reactive Gas","Black Blood of the Earth"]
[null,null,null,null,null,null,null,null,null,null,null,null,null,null,null,null,null,null,null,null,null,null,null,null,null,null,null,null,null,null,null,null,null,null,"Lethargic Repose_1","Set","Sleep",20,"ACC RCH","U","Ancient Artifact","Inanimate Carbon Rod","Volume of the Obsidian Librum"]
[null,null,null,null,null,null,null,null,null,null,null,null,null,null,null,null,null,null,null,null,null,null,null,null,null,null,null,null,null,null,null,null,null,null,"Lethargic Repose_1","Set","Sleep",26,"ACC RCH","U","Masterwork Weapon","Inert Gas","Alchemical Gold"]
[null,null,null,null,null,null,null,null,null,null,null,null,null,null,null,null,null,null,null,null,null,null,null,null,null,null,null,null,null,null,null,null,null,null,"Lethargic Repose_1","Set","Sleep",41,"ACC RCH","U","Nevermelting Ice","Temporal Analyzer","Psionic Threat Report"]
[null,null,null,null,null,null,null,null,null,null,null,null,null,null,null,null,null,null,null,null,null,null,null,null,null,null,null,null,null,null,null,null,null,null,"Lethargic Repose_2","Set","Sleep",20,"END SLP","U","Luck Charm","Human Blood Sample","Heavy Water"]
[null,null,null,null,null,null,null,null,null,null,null,null,null,null,null,null,null,null,null,null,null,null,null,null,null,null,null,null,null,null,null,null,null,null,"Lethargic Repose_2","Set","Sleep",26,"END SLP","U","Rune","Improvised Cybernetic","Corrosive Gas"]
[null,null,null,null,null,null,null,null,null,null,null,null,null,null,null,null,null,null,null,null,null,null,null,null,null,null,null,null,null,null,null,null,null,null,"Lethargic Repose_2","Set","Sleep",41,"END SLP","U","Fortune","Kinetic Weapon","Temporal Tracer"]
[null,null,null,null,null,null,null,null,null,null,null,null,null,null,null,null,null,null,null,null,null,null,null,null,null,null,null,null,null,null,null,null,null,null,"Lethargic Repose_3","Set","Sleep",20,"ACC END","U","Spiritual Essence","Boresight","Chemical Formula"]
[null,null,null,null,null,null,null,null,null,null,null,null,null,null,null,null,null,null,null,null,null,null,null,null,null,null,null,null,null,null,null,null,null,null,"Lethargic Repose_3","Set","Sleep",26,"ACC END","U","Ancient Bone","Iron","Data Drive"]
[null,null,null,null,null,null,null,null,null,null,null,null,null,null,null,null,null,null,null,null,null,null,null,null,null,null,null,null,null,null,null,null,null,null,"Lethargic Repose_3","Set","Sleep",41,"ACC END","U","Regenerating Flesh","Mathematic Proof","Pneumatic Piston"]
[null,null,null,null,null,null,null,null,null,null,null,null,null,null,null,null,null,null,null,null,null,null,null,null,null,null,null,null,null,null,null,null,null,null,"Lethargic Repose_4","Set","Sleep",20,"SLP RNG","U","Spell Scroll","Brass","Unearthed Relic"]
[null,null,null,null,null,null,null,null,null,null,null,null,null,null,null,null,null,null,null,null,null,null,null,null,null,null,null,null,null,null,null,null,null,null,"Lethargic Repose_4","Set","Sleep",26,"SLP RNG","U","Alchemical Silver","Stabilized Mutant Genome","Enscorcelled Weapon"]
[null,null,null,null,null,null,null,null,null,null,null,null,null,null,null,null,null,null,null,null,null,null,null,null,null,null,null,null,null,null,null,null,null,null,"Lethargic Repose_4","Set","Sleep",41,"SLP RNG","U","Demonic Threat Report","Silver","Unquenchable Flame"]
[null,null,null,null,null,null,null,null,null,null,null,null,null,null,null,null,null,null,null,null,null,null,null,null,null,null,null,null,null,null,null,null,null,null,"Lethargic Repose_5","Set","Sleep",20,"ACC SLP RCH","U","Runebound Armor","Computer Virus","Clockwork Gear"]
[null,null,null,null,null,null,null,null,null,null,null,null,null,null,null,null,null,null,null,null,null,null,null,null,null,null,null,null,null,null,null,null,null,null,"Lethargic Repose_5","Set","Sleep",26,"ACC SLP RCH","U","Spell Ink","Scientific Theory","Blood of the Incarnate"]
[null,null,null,null,null,null,null,null,null,null,null,null,null,null,null,null,null,null,null,null,null,null,null,null,null,null,null,null,null,null,null,null,null,null,"Lethargic Repose_5","Set","Sleep",41,"ACC SLP RCH","U","Spirit Thorn","Ceramic Armor Plate","Sapphire"]
[null,null,null,null,null,null,null,null,null,null,null,null,null,null,null,null,null,null,null,null,null,null,null,null,null,null,null,null,null,null,null,null,null,null,"Lethargic Repose_6","Set","Sleep",20,"SLP ACC","U","Clockwork Winder","Simple Chemical","Polycarbon"]
[null,null,null,null,null,null,null,null,null,null,null,null,null,null,null,null,null,null,null,null,null,null,null,null,null,null,null,null,null,null,null,null,null,null,"Lethargic Repose_6","Set","Sleep",26,"SLP ACC","U","Demonic Blood Sample","Circuit Board","Mutant DNA Strand"]
[null,null,null,null,null,null,null,null,null,null,null,null,null,null,null,null,null,null,null,null,null,null,null,null,null,null,null,null,null,null,null,null,null,null,"Lethargic Repose_6","Set","Sleep",41,"SLP ACC","U","Ruby","Hydraulic Piston","Gold"]
[null,null,null,null,null,null,null,null,null,null,null,null,null,null,null,null,null,null,null,null,null,null,null,null,null,null,null,null,null,null,null,null,null,null,"Luck of the Gambler_1","Set","Defense",25,"DEF END","R","Alchemical Silver","Inert Gas","Symbol","Empowered Sigil"]
[null,null,null,null,null,null,null,null,null,null,null,null,null,null,null,null,null,null,null,null,null,null,null,null,null,null,null,null,null,null,null,null,null,null,"Luck of the Gambler_1","Set","Defense",41,"DEF END","R","Demonic Threat Report","Temporal Analyzer","Destiny","Prophecy"]
[null,null,null,null,null,null,null,null,null,null,null,null,null,null,null,null,null,null,null,null,null,null,null,null,null,null,null,null,null,null,null,null,null,null,"Luck of the Gambler_2","Set","Defense",25,"DEF RCH","R","Rune","Iron","Enscorcelled Weapon","Conspiratorial Evidence"]
[null,null,null,null,null,null,null,null,null,null,null,null,null,null,null,null,null,null,null,null,null,null,null,null,null,null,null,null,null,null,null,null,null,null,"Luck of the Gambler_2","Set","Defense",41,"DEF RCH","R","Fortune","Mathematic Proof","Unquenchable Flame","Rikti Alloy"]
[null,null,null,null,null,null,null,null,null,null,null,null,null,null,null,null,null,null,null,null,null,null,null,null,null,null,null,null,null,null,null,null,null,null,"Luck of the Gambler_3","Set","Defense",25,"END RCH","R","Ancient Bone","Improvised Cybernetic","Carnival of Shadows Mask","Mutating Genome"]
[null,null,null,null,null,null,null,null,null,null,null,null,null,null,null,null,null,null,null,null,null,null,null,null,null,null,null,null,null,null,null,null,null,null,"Luck of the Gambler_3","Set","Defense",41,"END RCH","R","Regenerating Flesh","Kinetic Weapon","Bleeding Stone","Platinum"]
[null,null,null,null,null,null,null,null,null,null,null,null,null,null,null,null,null,null,null,null,null,null,null,null,null,null,null,null,null,null,null,null,null,null,"Luck of the Gambler_4","Set","Defense",25,"DEF END RCH","R","Masterwork Weapon","Scientific Theory","Corrosive Gas","Military Cybernetic"]
[null,null,null,null,null,null,null,null,null,null,null,null,null,null,null,null,null,null,null,null,null,null,null,null,null,null,null,null,null,null,null,null,null,null,"Luck of the Gambler_4","Set","Defense",41,"DEF END RCH","R","Nevermelting Ice","Ceramic Armor Plate","Temporal Tracer","Photonic Weapon"]
[null,null,null,null,null,null,null,null,null,null,null,null,null,null,null,null,null,null,null,null,null,null,null,null,null,null,null,null,null,null,null,null,null,null,"Luck of the Gambler_5","Set","Defense",25,"DEF","R","Spell Ink","Stabilized Mutant Genome","Data Drive","Enchanted Impervium"]
[null,null,null,null,null,null,null,null,null,null,null,null,null,null,null,null,null,null,null,null,null,null,null,null,null,null,null,null,null,null,null,null,null,null,"Luck of the Gambler_5","Set","Defense",41,"DEF","R","Spirit Thorn","Silver","Pneumatic Piston","Magical Conspiracy"]
[null,null,null,null,null,null,null,null,null,null,null,null,null,null,null,null,null,null,null,null,null,null,null,null,null,null,null,null,null,null,null,null,null,null,"Luck of the Gambler_6","Set","Defense",25,"DEF +7.5% Recharge","R","Demonic Blood Sample","Circuit Board","Mutant DNA Strand","Mu Vestment","Deific Weapon"]
[null,null,null,null,null,null,null,null,null,null,null,null,null,null,null,null,null,null,null,null,null,null,null,null,null,null,null,null,null,null,null,null,null,null,"Luck of the Gambler_6","Set","Defense",41,"DEF +7.5% Recharge","R","Ruby","Hydraulic Piston","Gold","Essence of the Furies","Pangean Soil"]
[null,null,null,null,null,null,null,null,null,null,null,null,null,null,null,null,null,null,null,null,null,null,null,null,null,null,null,null,null,null,null,null,null,null,"Maelstroms Fury_1","Set","Ranged Damage",20,"DMG ACC","U","Ancient Artifact","Simple Chemical","Mutant Blood Sample"]
[null,null,null,null,null,null,null,null,null,null,null,null,null,null,null,null,null,null,null,null,null,null,null,null,null,null,null,null,null,null,null,null,null,null,"Maelstroms Fury_1","Set","Ranged Damage",26,"DMG ACC","U","Masterwork Weapon","Circuit Board","Commercial Cybernetic"]
[null,null,null,null,null,null,null,null,null,null,null,null,null,null,null,null,null,null,null,null,null,null,null,null,null,null,null,null,null,null,null,null,null,null,"Maelstroms Fury_2","Set","Ranged Damage",20,"DMG END","U","Clockwork Winder","Brass","Clockwork Gear"]
[null,null,null,null,null,null,null,null,null,null,null,null,null,null,null,null,null,null,null,null,null,null,null,null,null,null,null,null,null,null,null,null,null,null,"Maelstroms Fury_2","Set","Ranged Damage",26,"DMG END","U","Demonic Blood Sample","Stabilized Mutant Genome","Blood of the Incarnate"]
[null,null,null,null,null,null,null,null,null,null,null,null,null,null,null,null,null,null,null,null,null,null,null,null,null,null,null,null,null,null,null,null,null,null,"Maelstroms Fury_3","Set","Ranged Damage",20,"DMG RCH","U","Runebound Armor","Boresight","Scope"]
[null,null,null,null,null,null,null,null,null,null,null,null,null,null,null,null,null,null,null,null,null,null,null,null,null,null,null,null,null,null,null,null,null,null,"Maelstroms Fury_3","Set","Ranged Damage",26,"DMG RCH","U","Spell Ink","Iron","Steel"]
[null,null,null,null,null,null,null,null,null,null,null,null,null,null,null,null,null,null,null,null,null,null,null,null,null,null,null,null,null,null,null,null,null,null,"Maelstroms Fury_4","Set","Ranged Damage",20,"DMG END RCH","U","Spiritual Essence","Computer Virus","Psionic Ectoplasm"]
[null,null,null,null,null,null,null,null,null,null,null,null,null,null,null,null,null,null,null,null,null,null,null,null,null,null,null,null,null,null,null,null,null,null,"Maelstroms Fury_4","Set","Ranged Damage",26,"DMG END RCH","U","Ancient Bone","Scientific Theory","Carnival of Shadows Mask"]
[null,null,null,null,null,null,null,null,null,null,null,null,null,null,null,null,null,null,null,null,null,null,null,null,null,null,null,null,null,null,null,null,null,null,"Makos Bite_1","Set","Melee Damage",30,"DMG ACC","R","Masterwork Weapon","Circuit Board","Steel","Steel"]
[null,null,null,null,null,null,null,null,null,null,null,null,null,null,null,null,null,null,null,null,null,null,null,null,null,null,null,null,null,null,null,null,null,null,"Makos Bite_1","Set","Melee Damage",41,"DMG ACC","R","Nevermelting Ice","Hydraulic Piston","Chaos Theorem","Chaos Theorem"]
[null,null,null,null,null,null,null,null,null,null,null,null,null,null,null,null,null,null,null,null,null,null,null,null,null,null,null,null,null,null,null,null,null,null,"Makos Bite_2","Set","Melee Damage",30,"DMG END","R","Alchemical Silver","Iron","Mutant DNA Strand","Empowered Sigil"]
[null,null,null,null,null,null,null,null,null,null,null,null,null,null,null,null,null,null,null,null,null,null,null,null,null,null,null,null,null,null,null,null,null,null,"Makos Bite_2","Set","Melee Damage",41,"DMG END","R","Demonic Threat Report","Mathematic Proof","Gold","Prophecy"]
[null,null,null,null,null,null,null,null,null,null,null,null,null,null,null,null,null,null,null,null,null,null,null,null,null,null,null,null,null,null,null,null,null,null,"Makos Bite_3","Set","Melee Damage",30,"DMG RCH","R","Spell Ink","Stabilized Mutant Genome","Living Tattoo","Enchanted Impervium"]
[null,null,null,null,null,null,null,null,null,null,null,null,null,null,null,null,null,null,null,null,null,null,null,null,null,null,null,null,null,null,null,null,null,null,"Makos Bite_3","Set","Melee Damage",41,"DMG RCH","R","Spirit Thorn","Silver","Thorn Tree Vine","Magical Conspiracy"]
[null,null,null,null,null,null,null,null,null,null,null,null,null,null,null,null,null,null,null,null,null,null,null,null,null,null,null,null,null,null,null,null,null,null,"Makos Bite_4","Set","Melee Damage",30,"ACC END RCH","R","Ancient Bone","Inert Gas","Enscorcelled Weapon","Conspiratorial Evidence"]
[null,null,null,null,null,null,null,null,null,null,null,null,null,null,null,null,null,null,null,null,null,null,null,null,null,null,null,null,null,null,null,null,null,null,"Makos Bite_4","Set","Melee Damage",41,"ACC END RCH","R","Regenerating Flesh","Temporal Analyzer","Unquenchable Flame","Rikti Alloy"]
[null,null,null,null,null,null,null,null,null,null,null,null,null,null,null,null,null,null,null,null,null,null,null,null,null,null,null,null,null,null,null,null,null,null,"Makos Bite_5","Set","Melee Damage",30,"DMG ACC RCH END","R","Rune","Scientific Theory","Corrosive Gas","Deific Weapon"]
[null,null,null,null,null,null,null,null,null,null,null,null,null,null,null,null,null,null,null,null,null,null,null,null,null,null,null,null,null,null,null,null,null,null,"Makos Bite_5","Set","Melee Damage",41,"DMG ACC RCH END","R","Fortune","Ceramic Armor Plate","Temporal Tracer","Pangean Soil"]
[null,null,null,null,null,null,null,null,null,null,null,null,null,null,null,null,null,null,null,null,null,null,null,null,null,null,null,null,null,null,null,null,null,null,"Makos Bite_6","Set","Melee Damage",30,"20% chance (Energy)","R","Demonic Blood Sample","Improvised Cybernetic","Symbol","Soul Trapped Gem","Deific Weapon"]
[null,null,null,null,null,null,null,null,null,null,null,null,null,null,null,null,null,null,null,null,null,null,null,null,null,null,null,null,null,null,null,null,null,null,"Makos Bite_6","Set","Melee Damage",41,"20% chance (Energy)","R","Ruby","Kinetic Weapon","Destiny","Hamidon Goo","Pangean Soil"]
[null,null,null,null,null,null,null,null,null,null,null,null,null,null,null,null,null,null,null,null,null,null,null,null,null,null,null,null,null,null,null,null,null,null,"Malaises Illusions_1","Set","Confuse",20,"ACC RCH","R","Luck Charm","Boresight","Heavy Water","Strand of Fate"]
[null,null,null,null,null,null,null,null,null,null,null,null,null,null,null,null,null,null,null,null,null,null,null,null,null,null,null,null,null,null,null,null,null,null,"Malaises Illusions_1","Set","Confuse",26,"ACC RCH","R","Rune","Iron","Corrosive Gas","Empowered Sigil"]
[null,null,null,null,null,null,null,null,null,null,null,null,null,null,null,null,null,null,null,null,null,null,null,null,null,null,null,null,null,null,null,null,null,null,"Malaises Illusions_1","Set","Confuse",41,"ACC RCH","R","Fortune","Mathematic Proof","Temporal Tracer","Prophecy"]
[null,null,null,null,null,null,null,null,null,null,null,null,null,null,null,null,null,null,null,null,null,null,null,null,null,null,null,null,null,null,null,null,null,null,"Malaises Illusions_2","Set","Confuse",20,"END CNF","R","Spell Scroll","Brass","Chemical Formula","Alien Blood Sample"]
[null,null,null,null,null,null,null,null,null,null,null,null,null,null,null,null,null,null,null,null,null,null,null,null,null,null,null,null,null,null,null,null,null,null,"Malaises Illusions_2","Set","Confuse",26,"END CNF","R","Alchemical Silver","Stabilized Mutant Genome","Data Drive","Military Cybernetic"]
[null,null,null,null,null,null,null,null,null,null,null,null,null,null,null,null,null,null,null,null,null,null,null,null,null,null,null,null,null,null,null,null,null,null,"Malaises Illusions_2","Set","Confuse",41,"END CNF","R","Demonic Threat Report","Silver","Pneumatic Piston","Photonic Weapon"]
[null,null,null,null,null,null,null,null,null,null,null,null,null,null,null,null,null,null,null,null,null,null,null,null,null,null,null,null,null,null,null,null,null,null,"Malaises Illusions_3","Set","Confuse",20,"ACC END","R","Runebound Armor","Computer Virus","Polycarbon","Lament Box"]
[null,null,null,null,null,null,null,null,null,null,null,null,null,null,null,null,null,null,null,null,null,null,null,null,null,null,null,null,null,null,null,null,null,null,"Malaises Illusions_3","Set","Confuse",26,"ACC END","R","Spell Ink","Scientific Theory","Mutant DNA Strand","Deific Weapon"]
[null,null,null,null,null,null,null,null,null,null,null,null,null,null,null,null,null,null,null,null,null,null,null,null,null,null,null,null,null,null,null,null,null,null,"Malaises Illusions_3","Set","Confuse",41,"ACC END","R","Spirit Thorn","Ceramic Armor Plate","Gold","Pangean Soil"]
[null,null,null,null,null,null,null,null,null,null,null,null,null,null,null,null,null,null,null,null,null,null,null,null,null,null,null,null,null,null,null,null,null,null,"Malaises Illusions_4","Set","Confuse",20,"CNF RNG","R","Ancient Artifact","Simple Chemical","Clockwork Gear","Heads Up Display"]
[null,null,null,null,null,null,null,null,null,null,null,null,null,null,null,null,null,null,null,null,null,null,null,null,null,null,null,null,null,null,null,null,null,null,"Malaises Illusions_4","Set","Confuse",26,"CNF RNG","R","Masterwork Weapon","Circuit Board","Blood of the Incarnate","Impervium"]
[null,null,null,null,null,null,null,null,null,null,null,null,null,null,null,null,null,null,null,null,null,null,null,null,null,null,null,null,null,null,null,null,null,null,"Malaises Illusions_4","Set","Confuse",41,"CNF RNG","R","Nevermelting Ice","Hydraulic Piston","Sapphire","Synthetic Intelligence Unit"]
[null,null,null,null,null,null,null,null,null,null,null,null,null,null,null,null,null,null,null,null,null,null,null,null,null,null,null,null,null,null,null,null,null,null,"Malaises Illusions_5","Set","Confuse",20,"ACC CNF RCH","R","Clockwork Winder","Inanimate Carbon Rod","Psionic Ectoplasm","Plasma Capacitor"]
[null,null,null,null,null,null,null,null,null,null,null,null,null,null,null,null,null,null,null,null,null,null,null,null,null,null,null,null,null,null,null,null,null,null,"Malaises Illusions_5","Set","Confuse",26,"ACC CNF RCH","R","Demonic Blood Sample","Inert Gas","Carnival of Shadows Mask","Mutating Genome"]
[null,null,null,null,null,null,null,null,null,null,null,null,null,null,null,null,null,null,null,null,null,null,null,null,null,null,null,null,null,null,null,null,null,null,"Malaises Illusions_5","Set","Confuse",41,"ACC CNF RCH","R","Ruby","Temporal Analyzer","Bleeding Stone","Platinum"]
[null,null,null,null,null,null,null,null,null,null,null,null,null,null,null,null,null,null,null,null,null,null,null,null,null,null,null,null,null,null,null,null,null,null,"Malaises Illusions_6","Set","Confuse",20,"20% chance (Psionic)","R","Spiritual Essence","Human Blood Sample","Volume of the Obsidian Librum","Psionicly Charged Brass","Symbiotic Armor"]
[null,null,null,null,null,null,null,null,null,null,null,null,null,null,null,null,null,null,null,null,null,null,null,null,null,null,null,null,null,null,null,null,null,null,"Malaises Illusions_6","Set","Confuse",26,"20% chance (Psionic)","R","Ancient Bone","Improvised Cybernetic","Alchemical Gold","Black Blood of the Earth","Soul Trapped Gem"]
[null,null,null,null,null,null,null,null,null,null,null,null,null,null,null,null,null,null,null,null,null,null,null,null,null,null,null,null,null,null,null,null,null,null,"Malaises Illusions_6","Set","Confuse",41,"20% chance (Psionic)","R","Regenerating Flesh","Kinetic Weapon","Psionic Threat Report","Diamond","Hamidon Goo"]
[null,null,null,null,null,null,null,null,null,null,null,null,null,null,null,null,null,null,null,null,null,null,null,null,null,null,null,null,null,null,null,null,null,null,"Miracle_1","Set","Heal",20,"HEL END","U","Clockwork Winder","Computer Virus","Unearthed Relic"]
[null,null,null,null,null,null,null,null,null,null,null,null,null,null,null,null,null,null,null,null,null,null,null,null,null,null,null,null,null,null,null,null,null,null,"Miracle_1","Set","Heal",26,"HEL END","U","Demonic Blood Sample","Scientific Theory","Enscorcelled Weapon"]
[null,null,null,null,null,null,null,null,null,null,null,null,null,null,null,null,null,null,null,null,null,null,null,null,null,null,null,null,null,null,null,null,null,null,"Miracle_2","Set","Heal",20,"END RCH","R","Spell Scroll","Boresight","Soulbound Armor","Plasma Capacitor"]
[null,null,null,null,null,null,null,null,null,null,null,null,null,null,null,null,null,null,null,null,null,null,null,null,null,null,null,null,null,null,null,null,null,null,"Miracle_2","Set","Heal",26,"END RCH","R","Alchemical Silver","Iron","Living Tattoo","Mutating Genome"]
[null,null,null,null,null,null,null,null,null,null,null,null,null,null,null,null,null,null,null,null,null,null,null,null,null,null,null,null,null,null,null,null,null,null,"Miracle_3","Set","Heal",20,"HEL RCH","R","Runebound Armor","Inanimate Carbon Rod","Psionic Ectoplasm","Alien Blood Sample"]
[null,null,null,null,null,null,null,null,null,null,null,null,null,null,null,null,null,null,null,null,null,null,null,null,null,null,null,null,null,null,null,null,null,null,"Miracle_3","Set","Heal",26,"HEL RCH","R","Spell Ink","Inert Gas","Carnival of Shadows Mask","Military Cybernetic"]
[null,null,null,null,null,null,null,null,null,null,null,null,null,null,null,null,null,null,null,null,null,null,null,null,null,null,null,null,null,null,null,null,null,null,"Miracle_4","Set","Heal",20,"HEL END RCH","R","Spiritual Essence","Simple Chemical","Polycarbon","Psionic Manifestation"]
[null,null,null,null,null,null,null,null,null,null,null,null,null,null,null,null,null,null,null,null,null,null,null,null,null,null,null,null,null,null,null,null,null,null,"Miracle_4","Set","Heal",26,"HEL END RCH","R","Ancient Bone","Circuit Board","Mutant DNA Strand","Mu Vestment"]
[null,null,null,null,null,null,null,null,null,null,null,null,null,null,null,null,null,null,null,null,null,null,null,null,null,null,null,null,null,null,null,null,null,null,"Miracle_5","Set","Heal",20,"HEL","R","Luck Charm","Human Blood Sample","Mutant Blood Sample","Lament Box"]
[null,null,null,null,null,null,null,null,null,null,null,null,null,null,null,null,null,null,null,null,null,null,null,null,null,null,null,null,null,null,null,null,null,null,"Miracle_5","Set","Heal",26,"HEL","R","Rune","Improvised Cybernetic","Commercial Cybernetic","Deific Weapon"]
[null,null,null,null,null,null,null,null,null,null,null,null,null,null,null,null,null,null,null,null,null,null,null,null,null,null,null,null,null,null,null,null,null,null,"Miracle_6","Set","Heal",20,"UNIQUE: +15% Recovery","R","Ancient Artifact","Brass","Scope","Strand of Fate","Page from the Malleus Mundi"]
[null,null,null,null,null,null,null,null,null,null,null,null,null,null,null,null,null,null,null,null,null,null,null,null,null,null,null,null,null,null,null,null,null,null,"Miracle_6","Set","Heal",26,"UNIQUE: +15% Recovery","R","Masterwork Weapon","Stabilized Mutant Genome","Steel","Empowered Sigil","Enchanted Impervium"]
[null,null,null,null,null,null,null,null,null,null,null,null,null,null,null,null,null,null,null,null,null,null,null,null,null,null,null,null,null,null,null,null,null,null,"Multi Strike_1","Set","PBAoE",20,"DMG ACC","U","Luck Charm","Boresight","Temporal Sands"]
[null,null,null,null,null,null,null,null,null,null,null,null,null,null,null,null,null,null,null,null,null,null,null,null,null,null,null,null,null,null,null,null,null,null,"Multi Strike_1","Set","PBAoE",26,"DMG ACC","U","Rune","Iron","Symbol"]
[null,null,null,null,null,null,null,null,null,null,null,null,null,null,null,null,null,null,null,null,null,null,null,null,null,null,null,null,null,null,null,null,null,null,"Multi Strike_1","Set","PBAoE",41,"DMG ACC","U","Fortune","Mathematic Proof","Destiny"]
[null,null,null,null,null,null,null,null,null,null,null,null,null,null,null,null,null,null,null,null,null,null,null,null,null,null,null,null,null,null,null,null,null,null,"Multi Strike_2","Set","PBAoE",20,"DMG END","U","Spell Scroll","Computer Virus","Scope"]
[null,null,null,null,null,null,null,null,null,null,null,null,null,null,null,null,null,null,null,null,null,null,null,null,null,null,null,null,null,null,null,null,null,null,"Multi Strike_2","Set","PBAoE",26,"DMG END","U","Alchemical Silver","Scientific Theory","Steel"]
[null,null,null,null,null,null,null,null,null,null,null,null,null,null,null,null,null,null,null,null,null,null,null,null,null,null,null,null,null,null,null,null,null,null,"Multi Strike_2","Set","PBAoE",41,"DMG END","U","Demonic Threat Report","Ceramic Armor Plate","Chaos Theorem"]
[null,null,null,null,null,null,null,null,null,null,null,null,null,null,null,null,null,null,null,null,null,null,null,null,null,null,null,null,null,null,null,null,null,null,"Multi Strike_3","Set","PBAoE",20,"DMG RCH","U","Clockwork Winder","Human Blood Sample","Unearthed Relic"]
[null,null,null,null,null,null,null,null,null,null,null,null,null,null,null,null,null,null,null,null,null,null,null,null,null,null,null,null,null,null,null,null,null,null,"Multi Strike_3","Set","PBAoE",26,"DMG RCH","U","Demonic Blood Sample","Improvised Cybernetic","Enscorcelled Weapon"]
[null,null,null,null,null,null,null,null,null,null,null,null,null,null,null,null,null,null,null,null,null,null,null,null,null,null,null,null,null,null,null,null,null,null,"Multi Strike_3","Set","PBAoE",41,"DMG RCH","U","Ruby","Kinetic Weapon","Unquenchable Flame"]
[null,null,null,null,null,null,null,null,null,null,null,null,null,null,null,null,null,null,null,null,null,null,null,null,null,null,null,null,null,null,null,null,null,null,"Multi Strike_4","Set","PBAoE",20,"ACC END","U","Ancient Artifact","Inanimate Carbon Rod","Volume of the Obsidian Librum"]
[null,null,null,null,null,null,null,null,null,null,null,null,null,null,null,null,null,null,null,null,null,null,null,null,null,null,null,null,null,null,null,null,null,null,"Multi Strike_4","Set","PBAoE",26,"ACC END","U","Masterwork Weapon","Inert Gas","Alchemical Gold"]
[null,null,null,null,null,null,null,null,null,null,null,null,null,null,null,null,null,null,null,null,null,null,null,null,null,null,null,null,null,null,null,null,null,null,"Multi Strike_4","Set","PBAoE",41,"ACC END","U","Nevermelting Ice","Temporal Analyzer","Psionic Threat Report"]
[null,null,null,null,null,null,null,null,null,null,null,null,null,null,null,null,null,null,null,null,null,null,null,null,null,null,null,null,null,null,null,null,null,null,"Multi Strike_5","Set","PBAoE",20,"DMG END ACC","U","Runebound Armor","Simple Chemical","Mutant Blood Sample"]
[null,null,null,null,null,null,null,null,null,null,null,null,null,null,null,null,null,null,null,null,null,null,null,null,null,null,null,null,null,null,null,null,null,null,"Multi Strike_5","Set","PBAoE",26,"DMG END ACC","U","Spell Ink","Circuit Board","Commercial Cybernetic"]
[null,null,null,null,null,null,null,null,null,null,null,null,null,null,null,null,null,null,null,null,null,null,null,null,null,null,null,null,null,null,null,null,null,null,"Multi Strike_5","Set","PBAoE",41,"DMG END ACC","U","Spirit Thorn","Hydraulic Piston","Energy Weapon"]
[null,null,null,null,null,null,null,null,null,null,null,null,null,null,null,null,null,null,null,null,null,null,null,null,null,null,null,null,null,null,null,null,null,null,"Multi Strike_6","Set","PBAoE",20,"DMG END RCH","U","Spiritual Essence","Brass","Polycarbon"]
[null,null,null,null,null,null,null,null,null,null,null,null,null,null,null,null,null,null,null,null,null,null,null,null,null,null,null,null,null,null,null,null,null,null,"Multi Strike_6","Set","PBAoE",26,"DMG END RCH","U","Ancient Bone","Stabilized Mutant Genome","Mutant DNA Strand"]
[null,null,null,null,null,null,null,null,null,null,null,null,null,null,null,null,null,null,null,null,null,null,null,null,null,null,null,null,null,null,null,null,null,null,"Multi Strike_6","Set","PBAoE",41,"DMG END RCH","U","Regenerating Flesh","Silver","Gold"]
[null,null,null,null,null,null,null,null,null,null,null,null,null,null,null,null,null,null,null,null,null,null,null,null,null,null,null,null,null,null,null,null,null,null,"Neuronic Shutdown_1","Set","Hold",10,"ACC RCH","U","Human Blood Sample","Ancient Artifact","Chemical Formula"]
[null,null,null,null,null,null,null,null,null,null,null,null,null,null,null,null,null,null,null,null,null,null,null,null,null,null,null,null,null,null,null,null,null,null,"Neuronic Shutdown_1","Set","Hold",26,"ACC RCH","U","Improvised Cybernetic","Masterwork Weapon","Data Drive"]
[null,null,null,null,null,null,null,null,null,null,null,null,null,null,null,null,null,null,null,null,null,null,null,null,null,null,null,null,null,null,null,null,null,null,"Neuronic Shutdown_2","Set","Hold",10,"END HLD","R","Brass","Spiritual Essence","Polycarbon","Alien Blood Sample"]
[null,null,null,null,null,null,null,null,null,null,null,null,null,null,null,null,null,null,null,null,null,null,null,null,null,null,null,null,null,null,null,null,null,null,"Neuronic Shutdown_2","Set","Hold",26,"END HLD","R","Stabilized Mutant Genome","Ancient Bone","Mutant DNA Strand","Military Cybernetic"]
[null,null,null,null,null,null,null,null,null,null,null,null,null,null,null,null,null,null,null,null,null,null,null,null,null,null,null,null,null,null,null,null,null,null,"Neuronic Shutdown_3","Set","Hold",10,"ACC END","R","Simple Chemical","Clockwork Winder","Heavy Water","Heads Up Display"]
[null,null,null,null,null,null,null,null,null,null,null,null,null,null,null,null,null,null,null,null,null,null,null,null,null,null,null,null,null,null,null,null,null,null,"Neuronic Shutdown_3","Set","Hold",26,"ACC END","R","Circuit Board","Demonic Blood Sample","Corrosive Gas","Impervium"]
[null,null,null,null,null,null,null,null,null,null,null,null,null,null,null,null,null,null,null,null,null,null,null,null,null,null,null,null,null,null,null,null,null,null,"Neuronic Shutdown_4","Set","Hold",10,"HLD RNG","R","Inanimate Carbon Rod","Runebound Armor","Temporal Sands","Psionicly Charged Brass"]
[null,null,null,null,null,null,null,null,null,null,null,null,null,null,null,null,null,null,null,null,null,null,null,null,null,null,null,null,null,null,null,null,null,null,"Neuronic Shutdown_4","Set","Hold",26,"HLD RNG","R","Inert Gas","Spell Ink","Symbol","Black Blood of the Earth"]
[null,null,null,null,null,null,null,null,null,null,null,null,null,null,null,null,null,null,null,null,null,null,null,null,null,null,null,null,null,null,null,null,null,null,"Neuronic Shutdown_5","Set","Hold",10,"ACC HLD RCH","R","Computer Virus","Luck Charm","Psionic Ectoplasm","Page from the Malleus Mundi"]
[null,null,null,null,null,null,null,null,null,null,null,null,null,null,null,null,null,null,null,null,null,null,null,null,null,null,null,null,null,null,null,null,null,null,"Neuronic Shutdown_5","Set","Hold",26,"ACC HLD RCH","R","Scientific Theory","Rune","Carnival of Shadows Mask","Enchanted Impervium"]
[null,null,null,null,null,null,null,null,null,null,null,null,null,null,null,null,null,null,null,null,null,null,null,null,null,null,null,null,null,null,null,null,null,null,"Neuronic Shutdown_6","Set","Hold",10,"20% chance (Psionic)","R","Boresight","Spell Scroll","Soulbound Armor","Complex Chemical Formula","Psionic Ectoplasm"]
[null,null,null,null,null,null,null,null,null,null,null,null,null,null,null,null,null,null,null,null,null,null,null,null,null,null,null,null,null,null,null,null,null,null,"Neuronic Shutdown_6","Set","Hold",26,"20% chance (Psionic)","R","Iron","Alchemical Silver","Living Tattoo","Holographic Memory","Carnival of Shadows Mask"]
[null,null,null,null,null,null,null,null,null,null,null,null,null,null,null,null,null,null,null,null,null,null,null,null,null,null,null,null,null,null,null,null,null,null,"Nightmare_1","Set","Fear",20,"ACC RCH","U","Luck Charm","Human Blood Sample","Psionic Ectoplasm"]
[null,null,null,null,null,null,null,null,null,null,null,null,null,null,null,null,null,null,null,null,null,null,null,null,null,null,null,null,null,null,null,null,null,null,"Nightmare_1","Set","Fear",26,"ACC RCH","U","Rune","Improvised Cybernetic","Carnival of Shadows Mask"]
[null,null,null,null,null,null,null,null,null,null,null,null,null,null,null,null,null,null,null,null,null,null,null,null,null,null,null,null,null,null,null,null,null,null,"Nightmare_1","Set","Fear",41,"ACC RCH","U","Fortune","Kinetic Weapon","Bleeding Stone"]
[null,null,null,null,null,null,null,null,null,null,null,null,null,null,null,null,null,null,null,null,null,null,null,null,null,null,null,null,null,null,null,null,null,null,"Nightmare_2","Set","Fear",20,"END FER","U","Ancient Artifact","Inanimate Carbon Rod","Mutant Blood Sample"]
[null,null,null,null,null,null,null,null,null,null,null,null,null,null,null,null,null,null,null,null,null,null,null,null,null,null,null,null,null,null,null,null,null,null,"Nightmare_2","Set","Fear",26,"END FER","U","Masterwork Weapon","Inert Gas","Commercial Cybernetic"]
[null,null,null,null,null,null,null,null,null,null,null,null,null,null,null,null,null,null,null,null,null,null,null,null,null,null,null,null,null,null,null,null,null,null,"Nightmare_2","Set","Fear",41,"END FER","U","Nevermelting Ice","Temporal Analyzer","Energy Weapon"]
[null,null,null,null,null,null,null,null,null,null,null,null,null,null,null,null,null,null,null,null,null,null,null,null,null,null,null,null,null,null,null,null,null,null,"Nightmare_3","Set","Fear",20,"ACC END","U","Runebound Armor","Boresight","Temporal Sands"]
[null,null,null,null,null,null,null,null,null,null,null,null,null,null,null,null,null,null,null,null,null,null,null,null,null,null,null,null,null,null,null,null,null,null,"Nightmare_3","Set","Fear",26,"ACC END","U","Spell Ink","Iron","Symbol"]
[null,null,null,null,null,null,null,null,null,null,null,null,null,null,null,null,null,null,null,null,null,null,null,null,null,null,null,null,null,null,null,null,null,null,"Nightmare_3","Set","Fear",41,"ACC END","U","Spirit Thorn","Mathematic Proof","Destiny"]
[null,null,null,null,null,null,null,null,null,null,null,null,null,null,null,null,null,null,null,null,null,null,null,null,null,null,null,null,null,null,null,null,null,null,"Nightmare_4","Set","Fear",20,"FER RNG","U","Spell Scroll","Simple Chemical","Soulbound Armor"]
[null,null,null,null,null,null,null,null,null,null,null,null,null,null,null,null,null,null,null,null,null,null,null,null,null,null,null,null,null,null,null,null,null,null,"Nightmare_4","Set","Fear",26,"FER RNG","U","Alchemical Silver","Circuit Board","Living Tattoo"]
[null,null,null,null,null,null,null,null,null,null,null,null,null,null,null,null,null,null,null,null,null,null,null,null,null,null,null,null,null,null,null,null,null,null,"Nightmare_4","Set","Fear",41,"FER RNG","U","Demonic Threat Report","Hydraulic Piston","Thorn Tree Vine"]
[null,null,null,null,null,null,null,null,null,null,null,null,null,null,null,null,null,null,null,null,null,null,null,null,null,null,null,null,null,null,null,null,null,null,"Nightmare_5","Set","Fear",20,"ACC FER RCH","U","Clockwork Winder","Brass","Daemon Program"]
[null,null,null,null,null,null,null,null,null,null,null,null,null,null,null,null,null,null,null,null,null,null,null,null,null,null,null,null,null,null,null,null,null,null,"Nightmare_5","Set","Fear",26,"ACC FER RCH","U","Demonic Blood Sample","Stabilized Mutant Genome","Scientific Law"]
[null,null,null,null,null,null,null,null,null,null,null,null,null,null,null,null,null,null,null,null,null,null,null,null,null,null,null,null,null,null,null,null,null,null,"Nightmare_5","Set","Fear",41,"ACC FER RCH","U","Ruby","Silver","Titanium Shard"]
[null,null,null,null,null,null,null,null,null,null,null,null,null,null,null,null,null,null,null,null,null,null,null,null,null,null,null,null,null,null,null,null,null,null,"Nightmare_6","Set","Fear",20,"ACC FER","U","Spiritual Essence","Computer Virus","Chemical Formula"]
[null,null,null,null,null,null,null,null,null,null,null,null,null,null,null,null,null,null,null,null,null,null,null,null,null,null,null,null,null,null,null,null,null,null,"Nightmare_6","Set","Fear",26,"ACC FER","U","Ancient Bone","Scientific Theory","Data Drive"]
[null,null,null,null,null,null,null,null,null,null,null,null,null,null,null,null,null,null,null,null,null,null,null,null,null,null,null,null,null,null,null,null,null,null,"Nightmare_6","Set","Fear",41,"ACC FER","U","Regenerating Flesh","Ceramic Armor Plate","Pneumatic Piston"]
[null,null,null,null,null,null,null,null,null,null,null,null,null,null,null,null,null,null,null,null,null,null,null,null,null,null,null,null,null,null,null,null,null,null,"Numinas Convalesence_1","Set","Heal",30,"HEL END","R","Rune","Iron","Corrosive Gas","Military Cybernetic"]
[null,null,null,null,null,null,null,null,null,null,null,null,null,null,null,null,null,null,null,null,null,null,null,null,null,null,null,null,null,null,null,null,null,null,"Numinas Convalesence_1","Set","Heal",41,"HEL END","R","Fortune","Mathematic Proof","Temporal Tracer","Photonic Weapon"]
[null,null,null,null,null,null,null,null,null,null,null,null,null,null,null,null,null,null,null,null,null,null,null,null,null,null,null,null,null,null,null,null,null,null,"Numinas Convalesence_2","Set","Heal",30,"END RCH","R","Masterwork Weapon","Stabilized Mutant Genome","Enscorcelled Weapon","Black Blood of the Earth"]
[null,null,null,null,null,null,null,null,null,null,null,null,null,null,null,null,null,null,null,null,null,null,null,null,null,null,null,null,null,null,null,null,null,null,"Numinas Convalesence_2","Set","Heal",41,"END RCH","R","Nevermelting Ice","Silver","Unquenchable Flame","Diamond"]
[null,null,null,null,null,null,null,null,null,null,null,null,null,null,null,null,null,null,null,null,null,null,null,null,null,null,null,null,null,null,null,null,null,null,"Numinas Convalesence_3","Set","Heal",30,"HEL RCH","R","Spell Ink","Scientific Theory","Alchemical Gold","Mu Vestment"]
[null,null,null,null,null,null,null,null,null,null,null,null,null,null,null,null,null,null,null,null,null,null,null,null,null,null,null,null,null,null,null,null,null,null,"Numinas Convalesence_3","Set","Heal",41,"HEL RCH","R","Spirit Thorn","Ceramic Armor Plate","Psionic Threat Report","Essence of the Furies"]
[null,null,null,null,null,null,null,null,null,null,null,null,null,null,null,null,null,null,null,null,null,null,null,null,null,null,null,null,null,null,null,null,null,null,"Numinas Convalesence_4","Set","Heal",30,"HEL END RCH","R","Demonic Blood Sample","Inert Gas","Data Drive","Holographic Memory"]
[null,null,null,null,null,null,null,null,null,null,null,null,null,null,null,null,null,null,null,null,null,null,null,null,null,null,null,null,null,null,null,null,null,null,"Numinas Convalesence_4","Set","Heal",41,"HEL END RCH","R","Ruby","Temporal Analyzer","Pneumatic Piston","Positronic Matrix"]
[null,null,null,null,null,null,null,null,null,null,null,null,null,null,null,null,null,null,null,null,null,null,null,null,null,null,null,null,null,null,null,null,null,null,"Numinas Convalesence_5","Set","Heal",30,"HEL","R","Ancient Bone","Improvised Cybernetic","Scientific Law","Impervium"]
[null,null,null,null,null,null,null,null,null,null,null,null,null,null,null,null,null,null,null,null,null,null,null,null,null,null,null,null,null,null,null,null,null,null,"Numinas Convalesence_5","Set","Heal",41,"HEL","R","Regenerating Flesh","Kinetic Weapon","Titanium Shard","Synthetic Intelligence Unit"]
[null,null,null,null,null,null,null,null,null,null,null,null,null,null,null,null,null,null,null,null,null,null,null,null,null,null,null,null,null,null,null,null,null,null,"Numinas Convalesence_6","Set","Heal",30,"UNIQUE: +15% Regen +10% Recovery","R","Alchemical Silver","Circuit Board","Carnival of Shadows Mask","Enchanted Impervium","Military Cybernetic"]
[null,null,null,null,null,null,null,null,null,null,null,null,null,null,null,null,null,null,null,null,null,null,null,null,null,null,null,null,null,null,null,null,null,null,"Numinas Convalesence_6","Set","Heal",41,"UNIQUE: +15% Regen +10% Recovery","R","Demonic Threat Report","Hydraulic Piston","Bleeding Stone","Magical Conspiracy","Photonic Weapon"]
[null,null,null,null,null,null,null,null,null,null,null,null,null,null,null,null,null,null,null,null,null,null,null,null,null,null,null,null,null,null,null,null,null,null,"Pacing of the Turtle_1","Set","Slow",20,"ACC SLW","R","Luck Charm","Inanimate Carbon Rod","Mutant Blood Sample","Symbiotic Armor"]
[null,null,null,null,null,null,null,null,null,null,null,null,null,null,null,null,null,null,null,null,null,null,null,null,null,null,null,null,null,null,null,null,null,null,"Pacing of the Turtle_1","Set","Slow",26,"ACC SLW","R","Rune","Inert Gas","Commercial Cybernetic","Soul Trapped Gem"]
[null,null,null,null,null,null,null,null,null,null,null,null,null,null,null,null,null,null,null,null,null,null,null,null,null,null,null,null,null,null,null,null,null,null,"Pacing of the Turtle_1","Set","Slow",41,"ACC SLW","R","Fortune","Temporal Analyzer","Energy Weapon","Hamidon Goo"]
[null,null,null,null,null,null,null,null,null,null,null,null,null,null,null,null,null,null,null,null,null,null,null,null,null,null,null,null,null,null,null,null,null,null,"Pacing of the Turtle_2","Set","Slow",20,"DMG SLW","R","Runebound Armor","Human Blood Sample","Scope","Source Code"]
[null,null,null,null,null,null,null,null,null,null,null,null,null,null,null,null,null,null,null,null,null,null,null,null,null,null,null,null,null,null,null,null,null,null,"Pacing of the Turtle_2","Set","Slow",26,"DMG SLW","R","Spell Ink","Improvised Cybernetic","Steel","Conspiratorial Evidence"]
[null,null,null,null,null,null,null,null,null,null,null,null,null,null,null,null,null,null,null,null,null,null,null,null,null,null,null,null,null,null,null,null,null,null,"Pacing of the Turtle_2","Set","Slow",41,"DMG SLW","R","Spirit Thorn","Kinetic Weapon","Chaos Theorem","Rikti Alloy"]
[null,null,null,null,null,null,null,null,null,null,null,null,null,null,null,null,null,null,null,null,null,null,null,null,null,null,null,null,null,null,null,null,null,null,"Pacing of the Turtle_3","Set","Slow",20,"ACC END","R","Ancient Artifact","Boresight","Soulbound Armor","Page from the Malleus Mundi"]
[null,null,null,null,null,null,null,null,null,null,null,null,null,null,null,null,null,null,null,null,null,null,null,null,null,null,null,null,null,null,null,null,null,null,"Pacing of the Turtle_3","Set","Slow",26,"ACC END","R","Masterwork Weapon","Iron","Living Tattoo","Enchanted Impervium"]
[null,null,null,null,null,null,null,null,null,null,null,null,null,null,null,null,null,null,null,null,null,null,null,null,null,null,null,null,null,null,null,null,null,null,"Pacing of the Turtle_3","Set","Slow",41,"ACC END","R","Nevermelting Ice","Mathematic Proof","Thorn Tree Vine","Magical Conspiracy"]
[null,null,null,null,null,null,null,null,null,null,null,null,null,null,null,null,null,null,null,null,null,null,null,null,null,null,null,null,null,null,null,null,null,null,"Pacing of the Turtle_4","Set","Slow",20,"RNG SLW","R","Clockwork Winder","Computer Virus","Polycarbon","Alien Blood Sample"]
[null,null,null,null,null,null,null,null,null,null,null,null,null,null,null,null,null,null,null,null,null,null,null,null,null,null,null,null,null,null,null,null,null,null,"Pacing of the Turtle_4","Set","Slow",26,"RNG SLW","R","Demonic Blood Sample","Scientific Theory","Mutant DNA Strand","Military Cybernetic"]
[null,null,null,null,null,null,null,null,null,null,null,null,null,null,null,null,null,null,null,null,null,null,null,null,null,null,null,null,null,null,null,null,null,null,"Pacing of the Turtle_4","Set","Slow",41,"RNG SLW","R","Ruby","Ceramic Armor Plate","Gold","Photonic Weapon"]
[null,null,null,null,null,null,null,null,null,null,null,null,null,null,null,null,null,null,null,null,null,null,null,null,null,null,null,null,null,null,null,null,null,null,"Pacing of the Turtle_5","Set","Slow",20,"END RCH SLW","R","Spell Scroll","Simple Chemical","Heavy Water","Psionic Manifestation"]
[null,null,null,null,null,null,null,null,null,null,null,null,null,null,null,null,null,null,null,null,null,null,null,null,null,null,null,null,null,null,null,null,null,null,"Pacing of the Turtle_5","Set","Slow",26,"END RCH SLW","R","Alchemical Silver","Circuit Board","Corrosive Gas","Mu Vestment"]
[null,null,null,null,null,null,null,null,null,null,null,null,null,null,null,null,null,null,null,null,null,null,null,null,null,null,null,null,null,null,null,null,null,null,"Pacing of the Turtle_5","Set","Slow",41,"END RCH SLW","R","Demonic Threat Report","Hydraulic Piston","Temporal Tracer","Essence of the Furies"]
[null,null,null,null,null,null,null,null,null,null,null,null,null,null,null,null,null,null,null,null,null,null,null,null,null,null,null,null,null,null,null,null,null,null,"Pacing of the Turtle_6","Set","Slow",20,"20% chance -20% Recharge","R","Spiritual Essence","Brass","Chemical Formula","Enriched Plutonium","Source Code"]
[null,null,null,null,null,null,null,null,null,null,null,null,null,null,null,null,null,null,null,null,null,null,null,null,null,null,null,null,null,null,null,null,null,null,"Pacing of the Turtle_6","Set","Slow",26,"20% chance -20% Recharge","R","Ancient Bone","Stabilized Mutant Genome","Data Drive","Reactive Gas","Conspiratorial Evidence"]
[null,null,null,null,null,null,null,null,null,null,null,null,null,null,null,null,null,null,null,null,null,null,null,null,null,null,null,null,null,null,null,null,null,null,"Pacing of the Turtle_6","Set","Slow",41,"20% chance -20% Recharge","R","Regenerating Flesh","Silver","Pneumatic Piston","Chronal Skip","Rikti Alloy"]
[null,null,null,null,null,null,null,null,null,null,null,null,null,null,null,null,null,null,null,null,null,null,null,null,null,null,null,null,null,null,null,null,null,null,"Paralytic_1","Set","Hold",10,"ACC RCH","U","Brass","Ancient Artifact","Mutant Blood Sample"]
[null,null,null,null,null,null,null,null,null,null,null,null,null,null,null,null,null,null,null,null,null,null,null,null,null,null,null,null,null,null,null,null,null,null,"Paralytic_1","Set","Hold",26,"ACC RCH","U","Stabilized Mutant Genome","Masterwork Weapon","Commercial Cybernetic"]
[null,null,null,null,null,null,null,null,null,null,null,null,null,null,null,null,null,null,null,null,null,null,null,null,null,null,null,null,null,null,null,null,null,null,"Paralytic_2","Set","Hold",10,"END HLD","U","Simple Chemical","Luck Charm","Daemon Program"]
[null,null,null,null,null,null,null,null,null,null,null,null,null,null,null,null,null,null,null,null,null,null,null,null,null,null,null,null,null,null,null,null,null,null,"Paralytic_2","Set","Hold",26,"END HLD","U","Circuit Board","Rune","Scientific Law"]
[null,null,null,null,null,null,null,null,null,null,null,null,null,null,null,null,null,null,null,null,null,null,null,null,null,null,null,null,null,null,null,null,null,null,"Paralytic_3","Set","Hold",10,"ACC END","U","Computer Virus","Runebound Armor","Polycarbon"]
[null,null,null,null,null,null,null,null,null,null,null,null,null,null,null,null,null,null,null,null,null,null,null,null,null,null,null,null,null,null,null,null,null,null,"Paralytic_3","Set","Hold",26,"ACC END","U","Scientific Theory","Spell Ink","Mutant DNA Strand"]
[null,null,null,null,null,null,null,null,null,null,null,null,null,null,null,null,null,null,null,null,null,null,null,null,null,null,null,null,null,null,null,null,null,null,"Paralytic_4","Set","Hold",10,"HLD RNG","U","Human Blood Sample","Spell Scroll","Unearthed Relic"]
[null,null,null,null,null,null,null,null,null,null,null,null,null,null,null,null,null,null,null,null,null,null,null,null,null,null,null,null,null,null,null,null,null,null,"Paralytic_4","Set","Hold",26,"HLD RNG","U","Improvised Cybernetic","Alchemical Silver","Enscorcelled Weapon"]
[null,null,null,null,null,null,null,null,null,null,null,null,null,null,null,null,null,null,null,null,null,null,null,null,null,null,null,null,null,null,null,null,null,null,"Paralytic_5","Set","Hold",10,"ACC HLD RCH","U","Inanimate Carbon Rod","Spiritual Essence","Volume of the Obsidian Librum"]
[null,null,null,null,null,null,null,null,null,null,null,null,null,null,null,null,null,null,null,null,null,null,null,null,null,null,null,null,null,null,null,null,null,null,"Paralytic_5","Set","Hold",26,"ACC HLD RCH","U","Inert Gas","Ancient Bone","Alchemical Gold"]
[null,null,null,null,null,null,null,null,null,null,null,null,null,null,null,null,null,null,null,null,null,null,null,null,null,null,null,null,null,null,null,null,null,null,"Perplex_1","Set","Confuse",20,"ACC RCH","U","Luck Charm","Boresight","Clockwork Gear"]
[null,null,null,null,null,null,null,null,null,null,null,null,null,null,null,null,null,null,null,null,null,null,null,null,null,null,null,null,null,null,null,null,null,null,"Perplex_1","Set","Confuse",26,"ACC RCH","U","Rune","Iron","Blood of the Incarnate"]
[null,null,null,null,null,null,null,null,null,null,null,null,null,null,null,null,null,null,null,null,null,null,null,null,null,null,null,null,null,null,null,null,null,null,"Perplex_1","Set","Confuse",41,"ACC RCH","U","Fortune","Mathematic Proof","Sapphire"]
[null,null,null,null,null,null,null,null,null,null,null,null,null,null,null,null,null,null,null,null,null,null,null,null,null,null,null,null,null,null,null,null,null,null,"Perplex_2","Set","Confuse",20,"END CNF","U","Ancient Artifact","Human Blood Sample","Unearthed Relic"]
[null,null,null,null,null,null,null,null,null,null,null,null,null,null,null,null,null,null,null,null,null,null,null,null,null,null,null,null,null,null,null,null,null,null,"Perplex_2","Set","Confuse",26,"END CNF","U","Masterwork Weapon","Improvised Cybernetic","Enscorcelled Weapon"]
[null,null,null,null,null,null,null,null,null,null,null,null,null,null,null,null,null,null,null,null,null,null,null,null,null,null,null,null,null,null,null,null,null,null,"Perplex_2","Set","Confuse",41,"END CNF","U","Nevermelting Ice","Kinetic Weapon","Unquenchable Flame"]
[null,null,null,null,null,null,null,null,null,null,null,null,null,null,null,null,null,null,null,null,null,null,null,null,null,null,null,null,null,null,null,null,null,null,"Perplex_3","Set","Confuse",20,"ACC END","U","Spell Scroll","Inanimate Carbon Rod","Mutant Blood Sample"]
[null,null,null,null,null,null,null,null,null,null,null,null,null,null,null,null,null,null,null,null,null,null,null,null,null,null,null,null,null,null,null,null,null,null,"Perplex_3","Set","Confuse",26,"ACC END","U","Alchemical Silver","Inert Gas","Commercial Cybernetic"]
[null,null,null,null,null,null,null,null,null,null,null,null,null,null,null,null,null,null,null,null,null,null,null,null,null,null,null,null,null,null,null,null,null,null,"Perplex_3","Set","Confuse",41,"ACC END","U","Demonic Threat Report","Temporal Analyzer","Energy Weapon"]
[null,null,null,null,null,null,null,null,null,null,null,null,null,null,null,null,null,null,null,null,null,null,null,null,null,null,null,null,null,null,null,null,null,null,"Perplex_4","Set","Confuse",20,"CNF RNG","U","Spiritual Essence","Computer Virus","Daemon Program"]
[null,null,null,null,null,null,null,null,null,null,null,null,null,null,null,null,null,null,null,null,null,null,null,null,null,null,null,null,null,null,null,null,null,null,"Perplex_4","Set","Confuse",26,"CNF RNG","U","Ancient Bone","Scientific Theory","Scientific Law"]
[null,null,null,null,null,null,null,null,null,null,null,null,null,null,null,null,null,null,null,null,null,null,null,null,null,null,null,null,null,null,null,null,null,null,"Perplex_4","Set","Confuse",41,"CNF RNG","U","Regenerating Flesh","Ceramic Armor Plate","Titanium Shard"]
[null,null,null,null,null,null,null,null,null,null,null,null,null,null,null,null,null,null,null,null,null,null,null,null,null,null,null,null,null,null,null,null,null,null,"Perplex_5","Set","Confuse",20,"ACC CNF RCH","U","Runebound Armor","Simple Chemical","Scope"]
[null,null,null,null,null,null,null,null,null,null,null,null,null,null,null,null,null,null,null,null,null,null,null,null,null,null,null,null,null,null,null,null,null,null,"Perplex_5","Set","Confuse",26,"ACC CNF RCH","U","Spell Ink","Circuit Board","Steel"]
[null,null,null,null,null,null,null,null,null,null,null,null,null,null,null,null,null,null,null,null,null,null,null,null,null,null,null,null,null,null,null,null,null,null,"Perplex_5","Set","Confuse",41,"ACC CNF RCH","U","Spirit Thorn","Hydraulic Piston","Chaos Theorem"]
[null,null,null,null,null,null,null,null,null,null,null,null,null,null,null,null,null,null,null,null,null,null,null,null,null,null,null,null,null,null,null,null,null,null,"Perplex_6","Set","Confuse",20,"RCH CNF","U","Clockwork Winder","Brass","Soulbound Armor"]
[null,null,null,null,null,null,null,null,null,null,null,null,null,null,null,null,null,null,null,null,null,null,null,null,null,null,null,null,null,null,null,null,null,null,"Perplex_6","Set","Confuse",26,"RCH CNF","U","Demonic Blood Sample","Stabilized Mutant Genome","Living Tattoo"]
[null,null,null,null,null,null,null,null,null,null,null,null,null,null,null,null,null,null,null,null,null,null,null,null,null,null,null,null,null,null,null,null,null,null,"Perplex_6","Set","Confuse",41,"RCH CNF","U","Ruby","Silver","Thorn Tree Vine"]
[null,null,null,null,null,null,null,null,null,null,null,null,null,null,null,null,null,null,null,null,null,null,null,null,null,null,null,null,null,null,null,null,null,null,"Positrons Blast_1","Set","Ranged AoE",20,"DMG ACC","R","Luck Charm","Boresight","Unearthed Relic","Strand of Fate"]
[null,null,null,null,null,null,null,null,null,null,null,null,null,null,null,null,null,null,null,null,null,null,null,null,null,null,null,null,null,null,null,null,null,null,"Positrons Blast_1","Set","Ranged AoE",26,"DMG ACC","R","Rune","Iron","Enscorcelled Weapon","Empowered Sigil"]
[null,null,null,null,null,null,null,null,null,null,null,null,null,null,null,null,null,null,null,null,null,null,null,null,null,null,null,null,null,null,null,null,null,null,"Positrons Blast_1","Set","Ranged AoE",41,"DMG ACC","R","Fortune","Mathematic Proof","Unquenchable Flame","Prophecy"]
[null,null,null,null,null,null,null,null,null,null,null,null,null,null,null,null,null,null,null,null,null,null,null,null,null,null,null,null,null,null,null,null,null,null,"Positrons Blast_2","Set","Ranged AoE",20,"DMG END","R","Clockwork Winder","Simple Chemical","Daemon Program","Enriched Plutonium"]
[null,null,null,null,null,null,null,null,null,null,null,null,null,null,null,null,null,null,null,null,null,null,null,null,null,null,null,null,null,null,null,null,null,null,"Positrons Blast_2","Set","Ranged AoE",26,"DMG END","R","Demonic Blood Sample","Circuit Board","Scientific Law","Reactive Gas"]
[null,null,null,null,null,null,null,null,null,null,null,null,null,null,null,null,null,null,null,null,null,null,null,null,null,null,null,null,null,null,null,null,null,null,"Positrons Blast_2","Set","Ranged AoE",41,"DMG END","R","Ruby","Hydraulic Piston","Titanium Shard","Chronal Skip"]
[null,null,null,null,null,null,null,null,null,null,null,null,null,null,null,null,null,null,null,null,null,null,null,null,null,null,null,null,null,null,null,null,null,null,"Positrons Blast_3","Set","Ranged AoE",20,"DMG RCH","R","Spell Scroll","Brass","Chemical Formula","Psionic Manifestation"]
[null,null,null,null,null,null,null,null,null,null,null,null,null,null,null,null,null,null,null,null,null,null,null,null,null,null,null,null,null,null,null,null,null,null,"Positrons Blast_3","Set","Ranged AoE",26,"DMG RCH","R","Alchemical Silver","Stabilized Mutant Genome","Data Drive","Mu Vestment"]
[null,null,null,null,null,null,null,null,null,null,null,null,null,null,null,null,null,null,null,null,null,null,null,null,null,null,null,null,null,null,null,null,null,null,"Positrons Blast_3","Set","Ranged AoE",41,"DMG RCH","R","Demonic Threat Report","Silver","Pneumatic Piston","Essence of the Furies"]
[null,null,null,null,null,null,null,null,null,null,null,null,null,null,null,null,null,null,null,null,null,null,null,null,null,null,null,null,null,null,null,null,null,null,"Positrons Blast_4","Set","Ranged AoE",20,"DMG RNG","R","Runebound Armor","Inanimate Carbon Rod","Temporal Sands","Source Code"]
[null,null,null,null,null,null,null,null,null,null,null,null,null,null,null,null,null,null,null,null,null,null,null,null,null,null,null,null,null,null,null,null,null,null,"Positrons Blast_4","Set","Ranged AoE",26,"DMG RNG","R","Spell Ink","Inert Gas","Symbol","Conspiratorial Evidence"]
[null,null,null,null,null,null,null,null,null,null,null,null,null,null,null,null,null,null,null,null,null,null,null,null,null,null,null,null,null,null,null,null,null,null,"Positrons Blast_4","Set","Ranged AoE",41,"DMG RNG","R","Spirit Thorn","Temporal Analyzer","Destiny","Rikti Alloy"]
[null,null,null,null,null,null,null,null,null,null,null,null,null,null,null,null,null,null,null,null,null,null,null,null,null,null,null,null,null,null,null,null,null,null,"Positrons Blast_5","Set","Ranged AoE",20,"DMG END ACC","R","Ancient Artifact","Computer Virus","Polycarbon","Page from the Malleus Mundi"]
[null,null,null,null,null,null,null,null,null,null,null,null,null,null,null,null,null,null,null,null,null,null,null,null,null,null,null,null,null,null,null,null,null,null,"Positrons Blast_5","Set","Ranged AoE",26,"DMG END ACC","R","Masterwork Weapon","Scientific Theory","Mutant DNA Strand","Enchanted Impervium"]
[null,null,null,null,null,null,null,null,null,null,null,null,null,null,null,null,null,null,null,null,null,null,null,null,null,null,null,null,null,null,null,null,null,null,"Positrons Blast_5","Set","Ranged AoE",41,"DMG END ACC","R","Nevermelting Ice","Ceramic Armor Plate","Gold","Magical Conspiracy"]
[null,null,null,null,null,null,null,null,null,null,null,null,null,null,null,null,null,null,null,null,null,null,null,null,null,null,null,null,null,null,null,null,null,null,"Positrons Blast_6","Set","Ranged AoE",20,"20% chance (Energy)","R","Spiritual Essence","Human Blood Sample","Soulbound Armor","Complex Chemical Formula","Psionic Manifestation"]
[null,null,null,null,null,null,null,null,null,null,null,null,null,null,null,null,null,null,null,null,null,null,null,null,null,null,null,null,null,null,null,null,null,null,"Positrons Blast_6","Set","Ranged AoE",26,"20% chance (Energy)","R","Ancient Bone","Improvised Cybernetic","Living Tattoo","Holographic Memory","Mu Vestment"]
[null,null,null,null,null,null,null,null,null,null,null,null,null,null,null,null,null,null,null,null,null,null,null,null,null,null,null,null,null,null,null,null,null,null,"Positrons Blast_6","Set","Ranged AoE",41,"20% chance (Energy)","R","Regenerating Flesh","Kinetic Weapon","Thorn Tree Vine","Positronic Matrix","Essence of the Furies"]
[null,null,null,null,null,null,null,null,null,null,null,null,null,null,null,null,null,null,null,null,null,null,null,null,null,null,null,null,null,null,null,null,null,null,"Pounding Slugfest_1","Set","Melee Damage",15,"DMG ACC","U","Spell Scroll","Boresight","Temporal Sands"]
[null,null,null,null,null,null,null,null,null,null,null,null,null,null,null,null,null,null,null,null,null,null,null,null,null,null,null,null,null,null,null,null,null,null,"Pounding Slugfest_1","Set","Melee Damage",26,"DMG ACC","U","Alchemical Silver","Iron","Symbol"]
[null,null,null,null,null,null,null,null,null,null,null,null,null,null,null,null,null,null,null,null,null,null,null,null,null,null,null,null,null,null,null,null,null,null,"Pounding Slugfest_2","Set","Melee Damage",15,"DMG END","R","Clockwork Winder","Brass","Psionic Ectoplasm","Plasma Capacitor"]
[null,null,null,null,null,null,null,null,null,null,null,null,null,null,null,null,null,null,null,null,null,null,null,null,null,null,null,null,null,null,null,null,null,null,"Pounding Slugfest_2","Set","Melee Damage",26,"DMG END","R","Demonic Blood Sample","Stabilized Mutant Genome","Carnival of Shadows Mask","Mutating Genome"]
[null,null,null,null,null,null,null,null,null,null,null,null,null,null,null,null,null,null,null,null,null,null,null,null,null,null,null,null,null,null,null,null,null,null,"Pounding Slugfest_3","Set","Melee Damage",15,"DMG RCH","R","Luck Charm","Human Blood Sample","Unearthed Relic","Source Code"]
[null,null,null,null,null,null,null,null,null,null,null,null,null,null,null,null,null,null,null,null,null,null,null,null,null,null,null,null,null,null,null,null,null,null,"Pounding Slugfest_3","Set","Melee Damage",26,"DMG RCH","R","Rune","Improvised Cybernetic","Enscorcelled Weapon","Conspiratorial Evidence"]
[null,null,null,null,null,null,null,null,null,null,null,null,null,null,null,null,null,null,null,null,null,null,null,null,null,null,null,null,null,null,null,null,null,null,"Pounding Slugfest_4","Set","Melee Damage",15,"10% chance (Stun)","R","Ancient Artifact","Inanimate Carbon Rod","Daemon Program","Strand of Fate"]
[null,null,null,null,null,null,null,null,null,null,null,null,null,null,null,null,null,null,null,null,null,null,null,null,null,null,null,null,null,null,null,null,null,null,"Pounding Slugfest_4","Set","Melee Damage",26,"10% chance (Stun)","R","Masterwork Weapon","Inert Gas","Scientific Law","Empowered Sigil"]
[null,null,null,null,null,null,null,null,null,null,null,null,null,null,null,null,null,null,null,null,null,null,null,null,null,null,null,null,null,null,null,null,null,null,"Pulverizing Fisticuffs_1","Set","Melee Damage",10,"DMG ACC","U","Spiritual Essence","Boresight","Unearthed Relic","Psionicly Charged Brass"]
[null,null,null,null,null,null,null,null,null,null,null,null,null,null,null,null,null,null,null,null,null,null,null,null,null,null,null,null,null,null,null,null,null,null,"Pulverizing Fisticuffs_2","Set","Melee Damage",10,"DMG ACC RCH","R","Ancient Artifact","Simple Chemical","Clockwork Gear","Heads Up Display"]
[null,null,null,null,null,null,null,null,null,null,null,null,null,null,null,null,null,null,null,null,null,null,null,null,null,null,null,null,null,null,null,null,null,null,"Pulverizing Fisticuffs_3","Set","Melee Damage",10,"DMG ACC RCH END","R","Clockwork Winder","Runebound Armor","Polycarbon","Enriched Plutonium"]
[null,null,null,null,null,null,null,null,null,null,null,null,null,null,null,null,null,null,null,null,null,null,null,null,null,null,null,null,null,null,null,null,null,null,"Quickfoot_1","Set","Run",15,"RUN","U","Spiritual Essence","Inanimate Carbon Rod","Soulbound Armor"]
[null,null,null,null,null,null,null,null,null,null,null,null,null,null,null,null,null,null,null,null,null,null,null,null,null,null,null,null,null,null,null,null,null,null,"Quickfoot_1","Set","Run",26,"RUN","U","Ancient Bone","Inert Gas","Living Tattoo"]
[null,null,null,null,null,null,null,null,null,null,null,null,null,null,null,null,null,null,null,null,null,null,null,null,null,null,null,null,null,null,null,null,null,null,"Quickfoot_1","Set","Run",41,"RUN","U","Regenerating Flesh","Temporal Analyzer","Thorn Tree Vine"]
[null,null,null,null,null,null,null,null,null,null,null,null,null,null,null,null,null,null,null,null,null,null,null,null,null,null,null,null,null,null,null,null,null,null,"Quickfoot_2","Set","Run",15,"END","U","Ancient Artifact","Human Blood Sample","Mutant Blood Sample"]
[null,null,null,null,null,null,null,null,null,null,null,null,null,null,null,null,null,null,null,null,null,null,null,null,null,null,null,null,null,null,null,null,null,null,"Quickfoot_2","Set","Run",26,"END","U","Masterwork Weapon","Improvised Cybernetic","Commercial Cybernetic"]
[null,null,null,null,null,null,null,null,null,null,null,null,null,null,null,null,null,null,null,null,null,null,null,null,null,null,null,null,null,null,null,null,null,null,"Quickfoot_2","Set","Run",41,"END","U","Nevermelting Ice","Kinetic Weapon","Energy Weapon"]
[null,null,null,null,null,null,null,null,null,null,null,null,null,null,null,null,null,null,null,null,null,null,null,null,null,null,null,null,null,null,null,null,null,null,"Quickfoot_3","Set","Run",15,"END RUN","U","Spell Scroll","Boresight","Clockwork Gear"]
[null,null,null,null,null,null,null,null,null,null,null,null,null,null,null,null,null,null,null,null,null,null,null,null,null,null,null,null,null,null,null,null,null,null,"Quickfoot_3","Set","Run",26,"END RUN","U","Alchemical Silver","Iron","Blood of the Incarnate"]
[null,null,null,null,null,null,null,null,null,null,null,null,null,null,null,null,null,null,null,null,null,null,null,null,null,null,null,null,null,null,null,null,null,null,"Quickfoot_3","Set","Run",41,"END RUN","U","Demonic Threat Report","Mathematic Proof","Sapphire"]
[null,null,null,null,null,null,null,null,null,null,null,null,null,null,null,null,null,null,null,null,null,null,null,null,null,null,null,null,null,null,null,null,null,null,"Razzle Dazzle_1","Set","Stun",10,"ACC RCH","U","Human Blood Sample","Spiritual Essence"]
[null,null,null,null,null,null,null,null,null,null,null,null,null,null,null,null,null,null,null,null,null,null,null,null,null,null,null,null,null,null,null,null,null,null,"Razzle Dazzle_1","Set","Stun",26,"ACC RCH","U","Improvised Cybernetic","Ancient Bone"]
[null,null,null,null,null,null,null,null,null,null,null,null,null,null,null,null,null,null,null,null,null,null,null,null,null,null,null,null,null,null,null,null,null,null,"Razzle Dazzle_2","Set","Stun",10,"STN END","R","Boresight","Ancient Artifact","Temporal Sands","Plasma Capacitor"]
[null,null,null,null,null,null,null,null,null,null,null,null,null,null,null,null,null,null,null,null,null,null,null,null,null,null,null,null,null,null,null,null,null,null,"Razzle Dazzle_2","Set","Stun",26,"STN END","R","Iron","Masterwork Weapon","Symbol","Mutating Genome"]
[null,null,null,null,null,null,null,null,null,null,null,null,null,null,null,null,null,null,null,null,null,null,null,null,null,null,null,null,null,null,null,null,null,null,"Razzle Dazzle_3","Set","Stun",10,"ACC END","R","Inanimate Carbon Rod","Clockwork Winder","Psionic Ectoplasm","Source Code"]
[null,null,null,null,null,null,null,null,null,null,null,null,null,null,null,null,null,null,null,null,null,null,null,null,null,null,null,null,null,null,null,null,null,null,"Razzle Dazzle_3","Set","Stun",26,"ACC END","R","Inert Gas","Demonic Blood Sample","Carnival of Shadows Mask","Conspiratorial Evidence"]
[null,null,null,null,null,null,null,null,null,null,null,null,null,null,null,null,null,null,null,null,null,null,null,null,null,null,null,null,null,null,null,null,null,null,"Razzle Dazzle_4","Set","Stun",10,"STN RNG","R","Brass","Spell Scroll","Chemical Formula","Page from the Malleus Mundi"]
[null,null,null,null,null,null,null,null,null,null,null,null,null,null,null,null,null,null,null,null,null,null,null,null,null,null,null,null,null,null,null,null,null,null,"Razzle Dazzle_4","Set","Stun",26,"STN RNG","R","Stabilized Mutant Genome","Alchemical Silver","Data Drive","Enchanted Impervium"]
[null,null,null,null,null,null,null,null,null,null,null,null,null,null,null,null,null,null,null,null,null,null,null,null,null,null,null,null,null,null,null,null,null,null,"Razzle Dazzle_5","Set","Stun",10,"ACC STN RCH","R","Simple Chemical","Runebound Armor","Heavy Water","Strand of Fate"]
[null,null,null,null,null,null,null,null,null,null,null,null,null,null,null,null,null,null,null,null,null,null,null,null,null,null,null,null,null,null,null,null,null,null,"Razzle Dazzle_5","Set","Stun",26,"ACC STN RCH","R","Circuit Board","Spell Ink","Corrosive Gas","Empowered Sigil"]
[null,null,null,null,null,null,null,null,null,null,null,null,null,null,null,null,null,null,null,null,null,null,null,null,null,null,null,null,null,null,null,null,null,null,"Razzle Dazzle_6","Set","Stun",10,"20% chance (Immobilize)","R","Computer Virus","Luck Charm","Plasma Capacitor","Psionicly Charged Brass"]
[null,null,null,null,null,null,null,null,null,null,null,null,null,null,null,null,null,null,null,null,null,null,null,null,null,null,null,null,null,null,null,null,null,null,"Razzle Dazzle_6","Set","Stun",26,"20% chance (Immobilize)","R","Scientific Theory","Rune","Mutating Genome","Black Blood of the Earth"]
[null,null,null,null,null,null,null,null,null,null,null,null,null,null,null,null,null,null,null,null,null,null,null,null,null,null,null,null,null,null,null,null,null,null,"Reactive Armor_1","Set","Resist",15,"RES END","U","Ancient Artifact","Computer Virus","Unearthed Relic"]
[null,null,null,null,null,null,null,null,null,null,null,null,null,null,null,null,null,null,null,null,null,null,null,null,null,null,null,null,null,null,null,null,null,null,"Reactive Armor_1","Set","Resist",26,"RES END","U","Masterwork Weapon","Scientific Theory","Enscorcelled Weapon"]
[null,null,null,null,null,null,null,null,null,null,null,null,null,null,null,null,null,null,null,null,null,null,null,null,null,null,null,null,null,null,null,null,null,null,"Reactive Armor_2","Set","Resist",15,"END RCH","U","Spell Scroll","Inanimate Carbon Rod","Volume of the Obsidian Librum"]
[null,null,null,null,null,null,null,null,null,null,null,null,null,null,null,null,null,null,null,null,null,null,null,null,null,null,null,null,null,null,null,null,null,null,"Reactive Armor_2","Set","Resist",26,"END RCH","U","Alchemical Silver","Inert Gas","Alchemical Gold"]
[null,null,null,null,null,null,null,null,null,null,null,null,null,null,null,null,null,null,null,null,null,null,null,null,null,null,null,null,null,null,null,null,null,null,"Reactive Armor_3","Set","Resist",15,"RES RCH","U","Clockwork Winder","Human Blood Sample","Clockwork Gear"]
[null,null,null,null,null,null,null,null,null,null,null,null,null,null,null,null,null,null,null,null,null,null,null,null,null,null,null,null,null,null,null,null,null,null,"Reactive Armor_3","Set","Resist",26,"RES RCH","U","Demonic Blood Sample","Improvised Cybernetic","Blood of the Incarnate"]
[null,null,null,null,null,null,null,null,null,null,null,null,null,null,null,null,null,null,null,null,null,null,null,null,null,null,null,null,null,null,null,null,null,null,"Reactive Armor_4","Set","Resist",15,"RES END RCH","U","Luck Charm","Simple Chemical","Temporal Sands"]
[null,null,null,null,null,null,null,null,null,null,null,null,null,null,null,null,null,null,null,null,null,null,null,null,null,null,null,null,null,null,null,null,null,null,"Reactive Armor_4","Set","Resist",26,"RES END RCH","U","Rune","Circuit Board","Symbol"]
[null,null,null,null,null,null,null,null,null,null,null,null,null,null,null,null,null,null,null,null,null,null,null,null,null,null,null,null,null,null,null,null,null,null,"Reactive Armor_5","Set","Resist",15,"RES","U","Spiritual Essence","Brass","Psionic Ectoplasm"]
[null,null,null,null,null,null,null,null,null,null,null,null,null,null,null,null,null,null,null,null,null,null,null,null,null,null,null,null,null,null,null,null,null,null,"Reactive Armor_5","Set","Resist",26,"RES","U","Ancient Bone","Stabilized Mutant Genome","Carnival of Shadows Mask"]
[null,null,null,null,null,null,null,null,null,null,null,null,null,null,null,null,null,null,null,null,null,null,null,null,null,null,null,null,null,null,null,null,null,null,"Reactive Armor_6","Set","Resist",15,"END","U","Runebound Armor","Boresight","Soulbound Armor"]
[null,null,null,null,null,null,null,null,null,null,null,null,null,null,null,null,null,null,null,null,null,null,null,null,null,null,null,null,null,null,null,null,null,null,"Reactive Armor_6","Set","Resist",26,"END","U","Spell Ink","Iron","Living Tattoo"]
[null,null,null,null,null,null,null,null,null,null,null,null,null,null,null,null,null,null,null,null,null,null,null,null,null,null,null,null,null,null,null,null,null,null,"Red Fortune_1","Set","Defense",25,"DEF END","U","Rune","Inert Gas","Data Drive"]
[null,null,null,null,null,null,null,null,null,null,null,null,null,null,null,null,null,null,null,null,null,null,null,null,null,null,null,null,null,null,null,null,null,null,"Red Fortune_1","Set","Defense",41,"DEF END","U","Fortune","Temporal Analyzer","Pneumatic Piston"]
[null,null,null,null,null,null,null,null,null,null,null,null,null,null,null,null,null,null,null,null,null,null,null,null,null,null,null,null,null,null,null,null,null,null,"Red Fortune_2","Set","Defense",25,"DEF RCH","U","Masterwork Weapon","Scientific Theory","Commercial Cybernetic"]
[null,null,null,null,null,null,null,null,null,null,null,null,null,null,null,null,null,null,null,null,null,null,null,null,null,null,null,null,null,null,null,null,null,null,"Red Fortune_2","Set","Defense",41,"DEF RCH","U","Nevermelting Ice","Ceramic Armor Plate","Energy Weapon"]
[null,null,null,null,null,null,null,null,null,null,null,null,null,null,null,null,null,null,null,null,null,null,null,null,null,null,null,null,null,null,null,null,null,null,"Red Fortune_3","Set","Defense",25,"END RCH","U","Demonic Blood Sample","Improvised Cybernetic","Steel"]
[null,null,null,null,null,null,null,null,null,null,null,null,null,null,null,null,null,null,null,null,null,null,null,null,null,null,null,null,null,null,null,null,null,null,"Red Fortune_3","Set","Defense",41,"END RCH","U","Ruby","Kinetic Weapon","Chaos Theorem"]
[null,null,null,null,null,null,null,null,null,null,null,null,null,null,null,null,null,null,null,null,null,null,null,null,null,null,null,null,null,null,null,null,null,null,"Red Fortune_4","Set","Defense",25,"DEF END RCH","U","Spell Ink","Iron","Blood of the Incarnate"]
[null,null,null,null,null,null,null,null,null,null,null,null,null,null,null,null,null,null,null,null,null,null,null,null,null,null,null,null,null,null,null,null,null,null,"Red Fortune_4","Set","Defense",41,"DEF END RCH","U","Spirit Thorn","Mathematic Proof","Sapphire"]
[null,null,null,null,null,null,null,null,null,null,null,null,null,null,null,null,null,null,null,null,null,null,null,null,null,null,null,null,null,null,null,null,null,null,"Red Fortune_5","Set","Defense",25,"DEF","U","Alchemical Silver","Circuit Board","Symbol"]
[null,null,null,null,null,null,null,null,null,null,null,null,null,null,null,null,null,null,null,null,null,null,null,null,null,null,null,null,null,null,null,null,null,null,"Red Fortune_5","Set","Defense",41,"DEF","U","Demonic Threat Report","Hydraulic Piston","Destiny"]
[null,null,null,null,null,null,null,null,null,null,null,null,null,null,null,null,null,null,null,null,null,null,null,null,null,null,null,null,null,null,null,null,null,null,"Red Fortune_6","Set","Defense",25,"END","U","Ancient Bone","Stabilized Mutant Genome","Living Tattoo"]
[null,null,null,null,null,null,null,null,null,null,null,null,null,null,null,null,null,null,null,null,null,null,null,null,null,null,null,null,null,null,null,null,null,null,"Red Fortune_6","Set","Defense",41,"END","U","Regenerating Flesh","Silver","Thorn Tree Vine"]
[null,null,null,null,null,null,null,null,null,null,null,null,null,null,null,null,null,null,null,null,null,null,null,null,null,null,null,null,null,null,null,null,null,null,"Regenerative Tissue_1","Set","Heal",10,"HEL END","U","Luck Charm","Human Blood Sample","Unearthed Relic"]
[null,null,null,null,null,null,null,null,null,null,null,null,null,null,null,null,null,null,null,null,null,null,null,null,null,null,null,null,null,null,null,null,null,null,"Regenerative Tissue_1","Set","Heal",26,"HEL END","U","Rune","Improvised Cybernetic","Enscorcelled Weapon"]
[null,null,null,null,null,null,null,null,null,null,null,null,null,null,null,null,null,null,null,null,null,null,null,null,null,null,null,null,null,null,null,null,null,null,"Regenerative Tissue_2","Set","Heal",10,"END RCH","R","Spell Scroll","Computer Virus","Temporal Sands","Strand of Fate"]
[null,null,null,null,null,null,null,null,null,null,null,null,null,null,null,null,null,null,null,null,null,null,null,null,null,null,null,null,null,null,null,null,null,null,"Regenerative Tissue_2","Set","Heal",26,"END RCH","R","Alchemical Silver","Scientific Theory","Symbol","Empowered Sigil"]
[null,null,null,null,null,null,null,null,null,null,null,null,null,null,null,null,null,null,null,null,null,null,null,null,null,null,null,null,null,null,null,null,null,null,"Regenerative Tissue_3","Set","Heal",10,"HEL RCH","R","Runebound Armor","Human Blood Sample","Mutant Blood Sample","Alien Blood Sample"]
[null,null,null,null,null,null,null,null,null,null,null,null,null,null,null,null,null,null,null,null,null,null,null,null,null,null,null,null,null,null,null,null,null,null,"Regenerative Tissue_3","Set","Heal",26,"HEL RCH","R","Spell Ink","Improvised Cybernetic","Commercial Cybernetic","Military Cybernetic"]
[null,null,null,null,null,null,null,null,null,null,null,null,null,null,null,null,null,null,null,null,null,null,null,null,null,null,null,null,null,null,null,null,null,null,"Regenerative Tissue_4","Set","Heal",10,"HEL END RCH","R","Ancient Artifact","Simple Chemical","Heavy Water","Complex Chemical Formula"]
[null,null,null,null,null,null,null,null,null,null,null,null,null,null,null,null,null,null,null,null,null,null,null,null,null,null,null,null,null,null,null,null,null,null,"Regenerative Tissue_4","Set","Heal",26,"HEL END RCH","R","Masterwork Weapon","Circuit Board","Corrosive Gas","Holographic Memory"]
[null,null,null,null,null,null,null,null,null,null,null,null,null,null,null,null,null,null,null,null,null,null,null,null,null,null,null,null,null,null,null,null,null,null,"Regenerative Tissue_5","Set","Heal",10,"UNIQUE: +25% Regeneration","R","Spiritual Essence","Inanimate Carbon Rod","Lament Box","Alien Blood Sample","Source Code"]
[null,null,null,null,null,null,null,null,null,null,null,null,null,null,null,null,null,null,null,null,null,null,null,null,null,null,null,null,null,null,null,null,null,null,"Regenerative Tissue_5","Set","Heal",26,"UNIQUE: +25% Regeneration","R","Ancient Bone","Inert Gas","Deific Weapon","Military Cybernetic","Conspiratorial Evidence"]
[null,null,null,null,null,null,null,null,null,null,null,null,null,null,null,null,null,null,null,null,null,null,null,null,null,null,null,null,null,null,null,null,null,null,"Rooting Grasp_1","Set","Immobilize",10,"ACC RCH","U","Simple Chemical","Spiritual Essence","Chemical Formula"]
[null,null,null,null,null,null,null,null,null,null,null,null,null,null,null,null,null,null,null,null,null,null,null,null,null,null,null,null,null,null,null,null,null,null,"Rooting Grasp_1","Set","Immobilize",26,"ACC RCH","U","Circuit Board","Ancient Bone","Data Drive"]
[null,null,null,null,null,null,null,null,null,null,null,null,null,null,null,null,null,null,null,null,null,null,null,null,null,null,null,null,null,null,null,null,null,null,"Rooting Grasp_2","Set","Immobilize",10,"END IMB","U","Inanimate Carbon Rod","Runebound Armor","Volume of the Obsidian Librum"]
[null,null,null,null,null,null,null,null,null,null,null,null,null,null,null,null,null,null,null,null,null,null,null,null,null,null,null,null,null,null,null,null,null,null,"Rooting Grasp_2","Set","Immobilize",26,"END IMB","U","Inert Gas","Spell Ink","Alchemical Gold"]
[null,null,null,null,null,null,null,null,null,null,null,null,null,null,null,null,null,null,null,null,null,null,null,null,null,null,null,null,null,null,null,null,null,null,"Rooting Grasp_3","Set","Immobilize",10,"ACC END","U","Human Blood Sample","Clockwork Winder","Scope"]
[null,null,null,null,null,null,null,null,null,null,null,null,null,null,null,null,null,null,null,null,null,null,null,null,null,null,null,null,null,null,null,null,null,null,"Rooting Grasp_3","Set","Immobilize",26,"ACC END","U","Improvised Cybernetic","Demonic Blood Sample","Steel"]
[null,null,null,null,null,null,null,null,null,null,null,null,null,null,null,null,null,null,null,null,null,null,null,null,null,null,null,null,null,null,null,null,null,null,"Rooting Grasp_4","Set","Immobilize",10,"IMB RNG","U","Boresight","Spell Scroll","Psionic Ectoplasm"]
[null,null,null,null,null,null,null,null,null,null,null,null,null,null,null,null,null,null,null,null,null,null,null,null,null,null,null,null,null,null,null,null,null,null,"Rooting Grasp_4","Set","Immobilize",26,"IMB RNG","U","Iron","Alchemical Silver","Carnival of Shadows Mask"]
[null,null,null,null,null,null,null,null,null,null,null,null,null,null,null,null,null,null,null,null,null,null,null,null,null,null,null,null,null,null,null,null,null,null,"Rooting Grasp_5","Set","Immobilize",10,"ACC IMB RCH","U","Computer Virus","Luck Charm","Daemon Program"]
[null,null,null,null,null,null,null,null,null,null,null,null,null,null,null,null,null,null,null,null,null,null,null,null,null,null,null,null,null,null,null,null,null,null,"Rooting Grasp_5","Set","Immobilize",26,"ACC IMB RCH","U","Scientific Theory","Rune","Scientific Law"]
[null,null,null,null,null,null,null,null,null,null,null,null,null,null,null,null,null,null,null,null,null,null,null,null,null,null,null,null,null,null,null,null,null,null,"Rope a dope_1","Set","Stun",20,"ACC RCH","U","Clockwork Winder","Boresight","Temporal Sands"]
[null,null,null,null,null,null,null,null,null,null,null,null,null,null,null,null,null,null,null,null,null,null,null,null,null,null,null,null,null,null,null,null,null,null,"Rope a dope_1","Set","Stun",26,"ACC RCH","U","Demonic Blood Sample","Iron","Symbol"]
[null,null,null,null,null,null,null,null,null,null,null,null,null,null,null,null,null,null,null,null,null,null,null,null,null,null,null,null,null,null,null,null,null,null,"Rope a dope_1","Set","Stun",41,"ACC RCH","U","Ruby","Mathematic Proof","Destiny"]
[null,null,null,null,null,null,null,null,null,null,null,null,null,null,null,null,null,null,null,null,null,null,null,null,null,null,null,null,null,null,null,null,null,null,"Rope a dope_2","Set","Stun",20,"END STN","U","Spell Scroll","Inanimate Carbon Rod","Polycarbon"]
[null,null,null,null,null,null,null,null,null,null,null,null,null,null,null,null,null,null,null,null,null,null,null,null,null,null,null,null,null,null,null,null,null,null,"Rope a dope_2","Set","Stun",26,"END STN","U","Alchemical Silver","Inert Gas","Mutant DNA Strand"]
[null,null,null,null,null,null,null,null,null,null,null,null,null,null,null,null,null,null,null,null,null,null,null,null,null,null,null,null,null,null,null,null,null,null,"Rope a dope_2","Set","Stun",41,"END STN","U","Demonic Threat Report","Temporal Analyzer","Gold"]
[null,null,null,null,null,null,null,null,null,null,null,null,null,null,null,null,null,null,null,null,null,null,null,null,null,null,null,null,null,null,null,null,null,null,"Rope a dope_3","Set","Stun",20,"ACC END","U","Luck Charm","Human Blood Sample","Unearthed Relic"]
[null,null,null,null,null,null,null,null,null,null,null,null,null,null,null,null,null,null,null,null,null,null,null,null,null,null,null,null,null,null,null,null,null,null,"Rope a dope_3","Set","Stun",26,"ACC END","U","Rune","Improvised Cybernetic","Enscorcelled Weapon"]
[null,null,null,null,null,null,null,null,null,null,null,null,null,null,null,null,null,null,null,null,null,null,null,null,null,null,null,null,null,null,null,null,null,null,"Rope a dope_3","Set","Stun",41,"ACC END","U","Fortune","Kinetic Weapon","Unquenchable Flame"]
[null,null,null,null,null,null,null,null,null,null,null,null,null,null,null,null,null,null,null,null,null,null,null,null,null,null,null,null,null,null,null,null,null,null,"Rope a dope_4","Set","Stun",20,"STN RNG","U","Ancient Artifact","Simple Chemical","Clockwork Gear"]
[null,null,null,null,null,null,null,null,null,null,null,null,null,null,null,null,null,null,null,null,null,null,null,null,null,null,null,null,null,null,null,null,null,null,"Rope a dope_4","Set","Stun",26,"STN RNG","U","Masterwork Weapon","Circuit Board","Blood of the Incarnate"]
[null,null,null,null,null,null,null,null,null,null,null,null,null,null,null,null,null,null,null,null,null,null,null,null,null,null,null,null,null,null,null,null,null,null,"Rope a dope_4","Set","Stun",41,"STN RNG","U","Nevermelting Ice","Hydraulic Piston","Sapphire"]
[null,null,null,null,null,null,null,null,null,null,null,null,null,null,null,null,null,null,null,null,null,null,null,null,null,null,null,null,null,null,null,null,null,null,"Rope a dope_5","Set","Stun",20,"ACC STN RCH","U","Runebound Armor","Brass","Volume of the Obsidian Librum"]
[null,null,null,null,null,null,null,null,null,null,null,null,null,null,null,null,null,null,null,null,null,null,null,null,null,null,null,null,null,null,null,null,null,null,"Rope a dope_5","Set","Stun",26,"ACC STN RCH","U","Spell Ink","Stabilized Mutant Genome","Alchemical Gold"]
[null,null,null,null,null,null,null,null,null,null,null,null,null,null,null,null,null,null,null,null,null,null,null,null,null,null,null,null,null,null,null,null,null,null,"Rope a dope_5","Set","Stun",41,"ACC STN RCH","U","Spirit Thorn","Silver","Psionic Threat Report"]
[null,null,null,null,null,null,null,null,null,null,null,null,null,null,null,null,null,null,null,null,null,null,null,null,null,null,null,null,null,null,null,null,null,null,"Rope a dope_6","Set","Stun",20,"STN ACC","U","Spiritual Essence","Computer Virus","Daemon Program"]
[null,null,null,null,null,null,null,null,null,null,null,null,null,null,null,null,null,null,null,null,null,null,null,null,null,null,null,null,null,null,null,null,null,null,"Rope a dope_6","Set","Stun",26,"STN ACC","U","Ancient Bone","Scientific Theory","Scientific Law"]
[null,null,null,null,null,null,null,null,null,null,null,null,null,null,null,null,null,null,null,null,null,null,null,null,null,null,null,null,null,null,null,null,null,null,"Rope a dope_6","Set","Stun",41,"STN ACC","U","Regenerating Flesh","Ceramic Armor Plate","Titanium Shard"]
[null,null,null,null,null,null,null,null,null,null,null,null,null,null,null,null,null,null,null,null,null,null,null,null,null,null,null,null,null,null,null,null,null,null,"Ruin_1","Set","Ranged Damage",25,"DMG ACC","U","Masterwork Weapon","Inert Gas","Symbol"]
[null,null,null,null,null,null,null,null,null,null,null,null,null,null,null,null,null,null,null,null,null,null,null,null,null,null,null,null,null,null,null,null,null,null,"Ruin_2","Set","Ranged Damage",25,"DMG END","U","Demonic Blood Sample","Circuit Board","Corrosive Gas"]
[null,null,null,null,null,null,null,null,null,null,null,null,null,null,null,null,null,null,null,null,null,null,null,null,null,null,null,null,null,null,null,null,null,null,"Ruin_3","Set","Ranged Damage",25,"DMG RCH","U","Alchemical Silver","Iron","Living Tattoo"]
[null,null,null,null,null,null,null,null,null,null,null,null,null,null,null,null,null,null,null,null,null,null,null,null,null,null,null,null,null,null,null,null,null,null,"Ruin_4","Set","Ranged Damage",25,"ACC END RCH","U","Rune","Stabilized Mutant Genome","Steel"]
[null,null,null,null,null,null,null,null,null,null,null,null,null,null,null,null,null,null,null,null,null,null,null,null,null,null,null,null,null,null,null,null,null,null,"Ruin_5","Set","Ranged Damage",25,"DMG ACC RCH","U","Spell Ink","Improvised Cybernetic","Enscorcelled Weapon"]
[null,null,null,null,null,null,null,null,null,null,null,null,null,null,null,null,null,null,null,null,null,null,null,null,null,null,null,null,null,null,null,null,null,null,"Ancient Artifact_1","Conversion",null,0,null,"C","Ancient Artifact,6"]
[null,null,null,null,null,null,null,null,null,null,null,null,null,null,null,null,null,null,null,null,null,null,null,null,null,null,null,null,null,null,null,null,null,null,"Simple Chemical_1","Conversion",null,0,null,"C","Simple Chemical,6"]
[null,null,null,null,null,null,null,null,null,null,null,null,null,null,null,null,null,null,null,null,null,null,null,null,null,null,null,null,null,null,null,null,null,null,"Magical Conspiracy_1","Conversion",null,0,null,"C","Magical Conspiracy,2"]
[null,null,null,null,null,null,null,null,null,null,null,null,null,null,null,null,null,null,null,null,null,null,null,null,null,null,null,null,null,null,null,null,null,null,"Essence of the Furies_1","Conversion",null,0,null,"C","Essence of the Furies,2"]
[null,null,null,null,null,null,null,null,null,null,null,null,null,null,null,null,null,null,null,null,null,null,null,null,null,null,null,null,null,null,null,null,null,null,"Hamidon Goo_1","Conversion",null,0,null,"C","Hamidon Goo,2"]
[null,null,null,null,null,null,null,null,null,null,null,null,null,null,null,null,null,null,null,null,null,null,null,null,null,null,null,null,null,null,null,null,null,null,"Photonic Weapon_1","Conversion",null,0,null,"C","Photonic Weapon,2"]
[null,null,null,null,null,null,null,null,null,null,null,null,null,null,null,null,null,null,null,null,null,null,null,null,null,null,null,null,null,null,null,null,null,null,"Chronal Skip_1","Conversion",null,0,null,"C","Chronal Skip,2"]
[null,null,null,null,null,null,null,null,null,null,null,null,null,null,null,null,null,null,null,null,null,null,null,null,null,null,null,null,null,null,null,null,null,null,"Rikti Alloy_1","Conversion",null,0,null,"C","Rikti Alloy,2"]
[null,null,null,null,null,null,null,null,null,null,null,null,null,null,null,null,null,null,null,null,null,null,null,null,null,null,null,null,null,null,null,null,null,null,"Positronic Matrix_1","Conversion",null,0,null,"C","Positronic Matrix,2"]
[null,null,null,null,null,null,null,null,null,null,null,null,null,null,null,null,null,null,null,null,null,null,null,null,null,null,null,null,null,null,null,null,null,null,"Platinum_1","Conversion",null,0,null,"C","Platinum,2"]
[null,null,null,null,null,null,null,null,null,null,null,null,null,null,null,null,null,null,null,null,null,null,null,null,null,null,null,null,null,null,null,null,null,null,"Synthetic Intelligence Unit_1","Conversion",null,0,null,"C","Synthetic Intelligence Unit,2"]
[null,null,null,null,null,null,null,null,null,null,null,null,null,null,null,null,null,null,null,null,null,null,null,null,null,null,null,null,null,null,null,null,null,null,"Brass_1","Conversion",null,0,null,"C","Brass,6"]
[null,null,null,null,null,null,null,null,null,null,null,null,null,null,null,null,null,null,null,null,null,null,null,null,null,null,null,null,null,null,null,null,null,null,"Boresight_1","Conversion",null,0,null,"C","Boresight,6"]
[null,null,null,null,null,null,null,null,null,null,null,null,null,null,null,null,null,null,null,null,null,null,null,null,null,null,null,null,null,null,null,null,null,null,"Unearthed Relic_1","Conversion",null,0,null,"C","Unearthed Relic,4"]
[null,null,null,null,null,null,null,null,null,null,null,null,null,null,null,null,null,null,null,null,null,null,null,null,null,null,null,null,null,null,null,null,null,null,"Temporal Sands_1","Conversion",null,0,null,"C","Temporal Sands,4"]
[null,null,null,null,null,null,null,null,null,null,null,null,null,null,null,null,null,null,null,null,null,null,null,null,null,null,null,null,null,null,null,null,null,null,"Clockwork Gear_1","Conversion",null,0,null,"C","Clockwork Gear,4"]
[null,null,null,null,null,null,null,null,null,null,null,null,null,null,null,null,null,null,null,null,null,null,null,null,null,null,null,null,null,null,null,null,null,null,"Volume of the Obsidian Librum_1","Conversion",null,0,null,"C","Volume of the Obsidian Librum,4"]
[null,null,null,null,null,null,null,null,null,null,null,null,null,null,null,null,null,null,null,null,null,null,null,null,null,null,null,null,null,null,null,null,null,null,"Psionic Ectoplasm_1","Conversion",null,0,null,"C","Psionic Ectoplasm,4"]
[null,null,null,null,null,null,null,null,null,null,null,null,null,null,null,null,null,null,null,null,null,null,null,null,null,null,null,null,null,null,null,null,null,null,"Soulbound Armor_1","Conversion",null,0,null,"C","Soulbound Armor,4"]
[null,null,null,null,null,null,null,null,null,null,null,null,null,null,null,null,null,null,null,null,null,null,null,null,null,null,null,null,null,null,null,null,null,null,"Mutant Blood Sample_1","Conversion",null,0,null,"C","Mutant Blood Sample,4"]
[null,null,null,null,null,null,null,null,null,null,null,null,null,null,null,null,null,null,null,null,null,null,null,null,null,null,null,null,null,null,null,null,null,null,"Luck Charm_1","Conversion",null,0,null,"C","Luck Charm,6"]
[null,null,null,null,null,null,null,null,null,null,null,null,null,null,null,null,null,null,null,null,null,null,null,null,null,null,null,null,null,null,null,null,null,null,"Heavy Water_1","Conversion",null,0,null,"C","Heavy Water,4"]
[null,null,null,null,null,null,null,null,null,null,null,null,null,null,null,null,null,null,null,null,null,null,null,null,null,null,null,null,null,null,null,null,null,null,"Daemon Program_1","Conversion",null,0,null,"C","Daemon Program,4"]
[null,null,null,null,null,null,null,null,null,null,null,null,null,null,null,null,null,null,null,null,null,null,null,null,null,null,null,null,null,null,null,null,null,null,"Chemical Formula_1","Conversion",null,0,null,"C","Chemical Formula,4"]
[null,null,null,null,null,null,null,null,null,null,null,null,null,null,null,null,null,null,null,null,null,null,null,null,null,null,null,null,null,null,null,null,null,null,"Polycarbon_1","Conversion",null,0,null,"C","Polycarbon,4"]
[null,null,null,null,null,null,null,null,null,null,null,null,null,null,null,null,null,null,null,null,null,null,null,null,null,null,null,null,null,null,null,null,null,null,"Scope_1","Conversion",null,0,null,"C","Scope,4"]
[null,null,null,null,null,null,null,null,null,null,null,null,null,null,null,null,null,null,null,null,null,null,null,null,null,null,null,null,null,null,null,null,null,null,"Lament Box_1","Conversion",null,0,null,"C","Lament Box,2"]
[null,null,null,null,null,null,null,null,null,null,null,null,null,null,null,null,null,null,null,null,null,null,null,null,null,null,null,null,null,null,null,null,null,null,"Strand of Fate_1","Conversion",null,0,null,"C","Strand of Fate,2"]
[null,null,null,null,null,null,null,null,null,null,null,null,null,null,null,null,null,null,null,null,null,null,null,null,null,null,null,null,null,null,null,null,null,null,"Psionicly Charged Brass_1","Conversion",null,0,null,"C","Psionicly Charged Brass,2"]
[null,null,null,null,null,null,null,null,null,null,null,null,null,null,null,null,null,null,null,null,null,null,null,null,null,null,null,null,null,null,null,null,null,null,"Page from the Malleus Mundi_1","Conversion",null,0,null,"C","Page from the Malleus Mundi,2"]
[null,null,null,null,null,null,null,null,null,null,null,null,null,null,null,null,null,null,null,null,null,null,null,null,null,null,null,null,null,null,null,null,null,null,"Psionic Manifestation_1","Conversion",null,0,null,"C","Psionic Manifestation,2"]
[null,null,null,null,null,null,null,null,null,null,null,null,null,null,null,null,null,null,null,null,null,null,null,null,null,null,null,null,null,null,null,null,null,null,"Clockwork Winder_1","Conversion",null,0,null,"C","Clockwork Winder,6"]
[null,null,null,null,null,null,null,null,null,null,null,null,null,null,null,null,null,null,null,null,null,null,null,null,null,null,null,null,null,null,null,null,null,null,"Symbiotic Armor_1","Conversion",null,0,null,"C","Symbiotic Armor,2"]
[null,null,null,null,null,null,null,null,null,null,null,null,null,null,null,null,null,null,null,null,null,null,null,null,null,null,null,null,null,null,null,null,null,null,"Alien Blood Sample_1","Conversion",null,0,null,"C","Alien Blood Sample,2"]
[null,null,null,null,null,null,null,null,null,null,null,null,null,null,null,null,null,null,null,null,null,null,null,null,null,null,null,null,null,null,null,null,null,null,"Enriched Plutonium_1","Conversion",null,0,null,"C","Enriched Plutonium,2"]
[null,null,null,null,null,null,null,null,null,null,null,null,null,null,null,null,null,null,null,null,null,null,null,null,null,null,null,null,null,null,null,null,null,null,"Source Code_1","Conversion",null,0,null,"C","Source Code,2"]
[null,null,null,null,null,null,null,null,null,null,null,null,null,null,null,null,null,null,null,null,null,null,null,null,null,null,null,null,null,null,null,null,null,null,"Complex Chemical Formula_1","Conversion",null,0,null,"C","Complex Chemical Formula,2"]
[null,null,null,null,null,null,null,null,null,null,null,null,null,null,null,null,null,null,null,null,null,null,null,null,null,null,null,null,null,null,null,null,null,null,"Plasma Capacitor_1","Conversion",null,0,null,"C","Plasma Capacitor,2"]
[null,null,null,null,null,null,null,null,null,null,null,null,null,null,null,null,null,null,null,null,null,null,null,null,null,null,null,null,null,null,null,null,null,null,"Heads Up Display_1","Conversion",null,0,null,"C","Heads Up Display,2"]
[null,null,null,null,null,null,null,null,null,null,null,null,null,null,null,null,null,null,null,null,null,null,null,null,null,null,null,null,null,null,null,null,null,null,"Masterwork Weapon_1","Conversion",null,0,null,"C","Masterwork Weapon,6"]
[null,null,null,null,null,null,null,null,null,null,null,null,null,null,null,null,null,null,null,null,null,null,null,null,null,null,null,null,null,null,null,null,null,null,"Rune_1","Conversion",null,0,null,"C","Rune,6"]
[null,null,null,null,null,null,null,null,null,null,null,null,null,null,null,null,null,null,null,null,null,null,null,null,null,null,null,null,null,null,null,null,null,null,"Demonic Blood Sample_1","Conversion",null,0,null,"C","Demonic Blood Sample,6"]
[null,null,null,null,null,null,null,null,null,null,null,null,null,null,null,null,null,null,null,null,null,null,null,null,null,null,null,null,null,null,null,null,null,null,"Spell Scroll_1","Conversion",null,0,null,"C","Spell Scroll,6"]
[null,null,null,null,null,null,null,null,null,null,null,null,null,null,null,null,null,null,null,null,null,null,null,null,null,null,null,null,null,null,null,null,null,null,"Alchemical Silver_1","Conversion",null,0,null,"C","Alchemical Silver,6"]
[null,null,null,null,null,null,null,null,null,null,null,null,null,null,null,null,null,null,null,null,null,null,null,null,null,null,null,null,null,null,null,null,null,null,"Ancient Bone_1","Conversion",null,0,null,"C","Ancient Bone,6"]
[null,null,null,null,null,null,null,null,null,null,null,null,null,null,null,null,null,null,null,null,null,null,null,null,null,null,null,null,null,null,null,null,null,null,"Spell Ink_1","Conversion",null,0,null,"C","Spell Ink,6"]
[null,null,null,null,null,null,null,null,null,null,null,null,null,null,null,null,null,null,null,null,null,null,null,null,null,null,null,null,null,null,null,null,null,null,"Improvised Cybernetic_1","Conversion",null,0,null,"C","Improvised Cybernetic,6"]
[null,null,null,null,null,null,null,null,null,null,null,null,null,null,null,null,null,null,null,null,null,null,null,null,null,null,null,null,null,null,null,null,null,null,"Inert Gas_1","Conversion",null,0,null,"C","Inert Gas,6"]
[null,null,null,null,null,null,null,null,null,null,null,null,null,null,null,null,null,null,null,null,null,null,null,null,null,null,null,null,null,null,null,null,null,null,"Scientific Theory_1","Conversion",null,0,null,"C","Scientific Theory,6"]
[null,null,null,null,null,null,null,null,null,null,null,null,null,null,null,null,null,null,null,null,null,null,null,null,null,null,null,null,null,null,null,null,null,null,"Circuit Board_1","Conversion",null,0,null,"C","Circuit Board,6"]
[null,null,null,null,null,null,null,null,null,null,null,null,null,null,null,null,null,null,null,null,null,null,null,null,null,null,null,null,null,null,null,null,null,null,"Stabilized Mutant Genome_1","Conversion",null,0,null,"C","Stabilized Mutant Genome,6"]
[null,null,null,null,null,null,null,null,null,null,null,null,null,null,null,null,null,null,null,null,null,null,null,null,null,null,null,null,null,null,null,null,null,null,"Iron_1","Conversion",null,0,null,"C","Iron,6"]
[null,null,null,null,null,null,null,null,null,null,null,null,null,null,null,null,null,null,null,null,null,null,null,null,null,null,null,null,null,null,null,null,null,null,"Enscorcelled Weapon_1","Conversion",null,0,null,"C","Enscorcelled Weapon,4"]
[null,null,null,null,null,null,null,null,null,null,null,null,null,null,null,null,null,null,null,null,null,null,null,null,null,null,null,null,null,null,null,null,null,null,"Spiritual Essence_1","Conversion",null,0,null,"C","Spiritual Essence,6"]
[null,null,null,null,null,null,null,null,null,null,null,null,null,null,null,null,null,null,null,null,null,null,null,null,null,null,null,null,null,null,null,null,null,null,"Symbol_1","Conversion",null,0,null,"C","Symbol,4"]
[null,null,null,null,null,null,null,null,null,null,null,null,null,null,null,null,null,null,null,null,null,null,null,null,null,null,null,null,null,null,null,null,null,null,"Blood of the Incarnate_1","Conversion",null,0,null,"C","Blood of the Incarnate,4"]
[null,null,null,null,null,null,null,null,null,null,null,null,null,null,null,null,null,null,null,null,null,null,null,null,null,null,null,null,null,null,null,null,null,null,"Alchemical Gold_1","Conversion",null,0,null,"C","Alchemical Gold,4"]
[null,null,null,null,null,null,null,null,null,null,null,null,null,null,null,null,null,null,null,null,null,null,null,null,null,null,null,null,null,null,null,null,null,null,"Carnival of Shadows Mask_1","Conversion",null,0,null,"C","Carnival of Shadows Mask,4"]
[null,null,null,null,null,null,null,null,null,null,null,null,null,null,null,null,null,null,null,null,null,null,null,null,null,null,null,null,null,null,null,null,null,null,"Living Tattoo_1","Conversion",null,0,null,"C","Living Tattoo,4"]
[null,null,null,null,null,null,null,null,null,null,null,null,null,null,null,null,null,null,null,null,null,null,null,null,null,null,null,null,null,null,null,null,null,null,"Commercial Cybernetic_1","Conversion",null,0,null,"C","Commercial Cybernetic,4"]
[null,null,null,null,null,null,null,null,null,null,null,null,null,null,null,null,null,null,null,null,null,null,null,null,null,null,null,null,null,null,null,null,null,null,"Corrosive Gas_1","Conversion",null,0,null,"C","Corrosive Gas,4"]
[null,null,null,null,null,null,null,null,null,null,null,null,null,null,null,null,null,null,null,null,null,null,null,null,null,null,null,null,null,null,null,null,null,null,"Scientific Law_1","Conversion",null,0,null,"C","Scientific Law,4"]
[null,null,null,null,null,null,null,null,null,null,null,null,null,null,null,null,null,null,null,null,null,null,null,null,null,null,null,null,null,null,null,null,null,null,"Data Drive_1","Conversion",null,0,null,"C","Data Drive,4"]
[null,null,null,null,null,null,null,null,null,null,null,null,null,null,null,null,null,null,null,null,null,null,null,null,null,null,null,null,null,null,null,null,null,null,"Mutant DNA Strand_1","Conversion",null,0,null,"C","Mutant DNA Strand,4"]
[null,null,null,null,null,null,null,null,null,null,null,null,null,null,null,null,null,null,null,null,null,null,null,null,null,null,null,null,null,null,null,null,null,null,"Runebound Armor_1","Conversion",null,0,null,"C","Runebound Armor,6"]
[null,null,null,null,null,null,null,null,null,null,null,null,null,null,null,null,null,null,null,null,null,null,null,null,null,null,null,null,null,null,null,null,null,null,"Steel_1","Conversion",null,0,null,"C","Steel,4"]
[null,null,null,null,null,null,null,null,null,null,null,null,null,null,null,null,null,null,null,null,null,null,null,null,null,null,null,null,null,null,null,null,null,null,"Deific Weapon_1","Conversion",null,0,null,"C","Deific Weapon,2"]
[null,null,null,null,null,null,null,null,null,null,null,null,null,null,null,null,null,null,null,null,null,null,null,null,null,null,null,null,null,null,null,null,null,null,"Empowered Sigil_1","Conversion",null,0,null,"C","Empowered Sigil,2"]
[null,null,null,null,null,null,null,null,null,null,null,null,null,null,null,null,null,null,null,null,null,null,null,null,null,null,null,null,null,null,null,null,null,null,"Black Blood of the Earth_1","Conversion",null,0,null,"C","Black Blood of the Earth,2"]
[null,null,null,null,null,null,null,null,null,null,null,null,null,null,null,null,null,null,null,null,null,null,null,null,null,null,null,null,null,null,null,null,null,null,"Enchanted Impervium_1","Conversion",null,0,null,"C","Enchanted Impervium,2"]
[null,null,null,null,null,null,null,null,null,null,null,null,null,null,null,null,null,null,null,null,null,null,null,null,null,null,null,null,null,null,null,null,null,null,"Mu Vestment_1","Conversion",null,0,null,"C","Mu Vestment,2"]
[null,null,null,null,null,null,null,null,null,null,null,null,null,null,null,null,null,null,null,null,null,null,null,null,null,null,null,null,null,null,null,null,null,null,"Soul Trapped Gem_1","Conversion",null,0,null,"C","Soul Trapped Gem,2"]
[null,null,null,null,null,null,null,null,null,null,null,null,null,null,null,null,null,null,null,null,null,null,null,null,null,null,null,null,null,null,null,null,null,null,"Military Cybernetic_1","Conversion",null,0,null,"C","Military Cybernetic,2"]
[null,null,null,null,null,null,null,null,null,null,null,null,null,null,null,null,null,null,null,null,null,null,null,null,null,null,null,null,null,null,null,null,null,null,"Reactive Gas_1","Conversion",null,0,null,"C","Reactive Gas,2"]
[null,null,null,null,null,null,null,null,null,null,null,null,null,null,null,null,null,null,null,null,null,null,null,null,null,null,null,null,null,null,null,null,null,null,"Conspiratorial Evidence_1","Conversion",null,0,null,"C","Conspiratorial Evidence,2"]
[null,null,null,null,null,null,null,null,null,null,null,null,null,null,null,null,null,null,null,null,null,null,null,null,null,null,null,null,null,null,null,null,null,null,"Human Blood Sample_1","Conversion",null,0,null,"C","Human Blood Sample,6"]
[null,null,null,null,null,null,null,null,null,null,null,null,null,null,null,null,null,null,null,null,null,null,null,null,null,null,null,null,null,null,null,null,null,null,"Holographic Memory_1","Conversion",null,0,null,"C","Holographic Memory,2"]
[null,null,null,null,null,null,null,null,null,null,null,null,null,null,null,null,null,null,null,null,null,null,null,null,null,null,null,null,null,null,null,null,null,null,"Mutating Genome_1","Conversion",null,0,null,"C","Mutating Genome,2"]
[null,null,null,null,null,null,null,null,null,null,null,null,null,null,null,null,null,null,null,null,null,null,null,null,null,null,null,null,null,null,null,null,null,null,"Impervium_1","Conversion",null,0,null,"C","Impervium,2"]
[null,null,null,null,null,null,null,null,null,null,null,null,null,null,null,null,null,null,null,null,null,null,null,null,null,null,null,null,null,null,null,null,null,null,"Nevermelting Ice_1","Conversion",null,0,null,"C","Nevermelting Ice,6"]
[null,null,null,null,null,null,null,null,null,null,null,null,null,null,null,null,null,null,null,null,null,null,null,null,null,null,null,null,null,null,null,null,null,null,"Fortune_1","Conversion",null,0,null,"C","Fortune,6"]
[null,null,null,null,null,null,null,null,null,null,null,null,null,null,null,null,null,null,null,null,null,null,null,null,null,null,null,null,null,null,null,null,null,null,"Ruby_1","Conversion",null,0,null,"C","Ruby,6"]
[null,null,null,null,null,null,null,null,null,null,null,null,null,null,null,null,null,null,null,null,null,null,null,null,null,null,null,null,null,null,null,null,null,null,"Demonic Threat Report_1","Conversion",null,0,null,"C","Demonic Threat Report,6"]
[null,null,null,null,null,null,null,null,null,null,null,null,null,null,null,null,null,null,null,null,null,null,null,null,null,null,null,null,null,null,null,null,null,null,"Regenerating Flesh_1","Conversion",null,0,null,"C","Regenerating Flesh,6"]
[null,null,null,null,null,null,null,null,null,null,null,null,null,null,null,null,null,null,null,null,null,null,null,null,null,null,null,null,null,null,null,null,null,null,"Spirit Thorn_1","Conversion",null,0,null,"C","Spirit Thorn,6"]
[null,null,null,null,null,null,null,null,null,null,null,null,null,null,null,null,null,null,null,null,null,null,null,null,null,null,null,null,null,null,null,null,null,null,"Kinetic Weapon_1","Conversion",null,0,null,"C","Kinetic Weapon,6"]
[null,null,null,null,null,null,null,null,null,null,null,null,null,null,null,null,null,null,null,null,null,null,null,null,null,null,null,null,null,null,null,null,null,null,"Inanimate Carbon Rod_1","Conversion",null,0,null,"C","Inanimate Carbon Rod,6"]
[null,null,null,null,null,null,null,null,null,null,null,null,null,null,null,null,null,null,null,null,null,null,null,null,null,null,null,null,null,null,null,null,null,null,"Temporal Analyzer_1","Conversion",null,0,null,"C","Temporal Analyzer,6"]
[null,null,null,null,null,null,null,null,null,null,null,null,null,null,null,null,null,null,null,null,null,null,null,null,null,null,null,null,null,null,null,null,null,null,"Ceramic Armor Plate_1","Conversion",null,0,null,"C","Ceramic Armor Plate,6"]
[null,null,null,null,null,null,null,null,null,null,null,null,null,null,null,null,null,null,null,null,null,null,null,null,null,null,null,null,null,null,null,null,null,null,"Hydraulic Piston_1","Conversion",null,0,null,"C","Hydraulic Piston,6"]
[null,null,null,null,null,null,null,null,null,null,null,null,null,null,null,null,null,null,null,null,null,null,null,null,null,null,null,null,null,null,null,null,null,null,"Silver_1","Conversion",null,0,null,"C","Silver,6"]
[null,null,null,null,null,null,null,null,null,null,null,null,null,null,null,null,null,null,null,null,null,null,null,null,null,null,null,null,null,null,null,null,null,null,"Mathematic Proof_1","Conversion",null,0,null,"C","Mathematic Proof,6"]
[null,null,null,null,null,null,null,null,null,null,null,null,null,null,null,null,null,null,null,null,null,null,null,null,null,null,null,null,null,null,null,null,null,null,"Unquenchable Flame_1","Conversion",null,0,null,"C","Unquenchable Flame,4"]
[null,null,null,null,null,null,null,null,null,null,null,null,null,null,null,null,null,null,null,null,null,null,null,null,null,null,null,null,null,null,null,null,null,null,"Destiny_1","Conversion",null,0,null,"C","Destiny,4"]
[null,null,null,null,null,null,null,null,null,null,null,null,null,null,null,null,null,null,null,null,null,null,null,null,null,null,null,null,null,null,null,null,null,null,"Sapphire_1","Conversion",null,0,null,"C","Sapphire,4"]
[null,null,null,null,null,null,null,null,null,null,null,null,null,null,null,null,null,null,null,null,null,null,null,null,null,null,null,null,null,null,null,null,null,null,"Psionic Threat Report_1","Conversion",null,0,null,"C","Psionic Threat Report,4"]
[null,null,null,null,null,null,null,null,null,null,null,null,null,null,null,null,null,null,null,null,null,null,null,null,null,null,null,null,null,null,null,null,null,null,"Bleeding Stone_1","Conversion",null,0,null,"C","Bleeding Stone,4"]
[null,null,null,null,null,null,null,null,null,null,null,null,null,null,null,null,null,null,null,null,null,null,null,null,null,null,null,null,null,null,null,null,null,null,"Computer Virus_1","Conversion",null,0,null,"C","Computer Virus,6"]
[null,null,null,null,null,null,null,null,null,null,null,null,null,null,null,null,null,null,null,null,null,null,null,null,null,null,null,null,null,null,null,null,null,null,"Thorn Tree Vine_1","Conversion",null,0,null,"C","Thorn Tree Vine,4"]
[null,null,null,null,null,null,null,null,null,null,null,null,null,null,null,null,null,null,null,null,null,null,null,null,null,null,null,null,null,null,null,null,null,null,"Energy Weapon_1","Conversion",null,0,null,"C","Energy Weapon,4"]
[null,null,null,null,null,null,null,null,null,null,null,null,null,null,null,null,null,null,null,null,null,null,null,null,null,null,null,null,null,null,null,null,null,null,"Temporal Tracer_1","Conversion",null,0,null,"C","Temporal Tracer,4"]
[null,null,null,null,null,null,null,null,null,null,null,null,null,null,null,null,null,null,null,null,null,null,null,null,null,null,null,null,null,null,null,null,null,null,"Titanium Shard_1","Conversion",null,0,null,"C","Titanium Shard,4"]
[null,null,null,null,null,null,null,null,null,null,null,null,null,null,null,null,null,null,null,null,null,null,null,null,null,null,null,null,null,null,null,null,null,null,"Pneumatic Piston_1","Conversion",null,0,null,"C","Pneumatic Piston,4"]
[null,null,null,null,null,null,null,null,null,null,null,null,null,null,null,null,null,null,null,null,null,null,null,null,null,null,null,null,null,null,null,null,null,null,"Gold_1","Conversion",null,0,null,"C","Gold,4"]
[null,null,null,null,null,null,null,null,null,null,null,null,null,null,null,null,null,null,null,null,null,null,null,null,null,null,null,null,null,null,null,null,null,null,"Chaos Theorem_1","Conversion",null,0,null,"C","Chaos Theorem,4"]
[null,null,null,null,null,null,null,null,null,null,null,null,null,null,null,null,null,null,null,null,null,null,null,null,null,null,null,null,null,null,null,null,null,null,"Pangean Soil_1","Conversion",null,0,null,"C","Pangean Soil,2"]
[null,null,null,null,null,null,null,null,null,null,null,null,null,null,null,null,null,null,null,null,null,null,null,null,null,null,null,null,null,null,null,null,null,null,"Prophecy_1","Conversion",null,0,null,"C","Prophecy,2"]
[null,null,null,null,null,null,null,null,null,null,null,null,null,null,null,null,null,null,null,null,null,null,null,null,null,null,null,null,null,null,null,null,null,null,"Diamond_1","Conversion",null,0,null,"C","Diamond,2"]
[null,null,null,null,null,null,null,null,null,null,null,null,null,null,null,null,null,null,null,null,null,null,null,null,null,null,null,null,null,null,null,null,null,null,"Salvo_1","Set","Ranged Damage",10,"DMG ACC","U","Computer Virus","Clockwork Winder","Volume of the Obsidian Librum"]
[null,null,null,null,null,null,null,null,null,null,null,null,null,null,null,null,null,null,null,null,null,null,null,null,null,null,null,null,null,null,null,null,null,null,"Salvo_2","Set","Ranged Damage",10,"DMG END RCH","R","Ancient Artifact","Human Blood Sample","Scope"]
[null,null,null,null,null,null,null,null,null,null,null,null,null,null,null,null,null,null,null,null,null,null,null,null,null,null,null,null,null,null,null,null,null,null,"Salvo_3","Set","Ranged Damage",10,"DMG ACC RNG END","R","Boresight","Inanimate Carbon Rod","Temporal Sands","Heads Up Display"]
[null,null,null,null,null,null,null,null,null,null,null,null,null,null,null,null,null,null,null,null,null,null,null,null,null,null,null,null,null,null,null,null,null,null,"Sciroccos Dervish_1","Set","PBAoE",20,"DMG ACC","R","Ancient Artifact","Brass","Scope","Heads Up Display"]
[null,null,null,null,null,null,null,null,null,null,null,null,null,null,null,null,null,null,null,null,null,null,null,null,null,null,null,null,null,null,null,null,null,null,"Sciroccos Dervish_1","Set","PBAoE",26,"DMG ACC","R","Masterwork Weapon","Stabilized Mutant Genome","Steel","Impervium"]
[null,null,null,null,null,null,null,null,null,null,null,null,null,null,null,null,null,null,null,null,null,null,null,null,null,null,null,null,null,null,null,null,null,null,"Sciroccos Dervish_1","Set","PBAoE",41,"DMG ACC","R","Nevermelting Ice","Silver","Chaos Theorem","Synthetic Intelligence Unit"]
[null,null,null,null,null,null,null,null,null,null,null,null,null,null,null,null,null,null,null,null,null,null,null,null,null,null,null,null,null,null,null,null,null,null,"Sciroccos Dervish_2","Set","PBAoE",20,"DMG END","R","Spiritual Essence","Human Blood Sample","Soulbound Armor","Alien Blood Sample"]
[null,null,null,null,null,null,null,null,null,null,null,null,null,null,null,null,null,null,null,null,null,null,null,null,null,null,null,null,null,null,null,null,null,null,"Sciroccos Dervish_2","Set","PBAoE",26,"DMG END","R","Ancient Bone","Improvised Cybernetic","Living Tattoo","Military Cybernetic"]
[null,null,null,null,null,null,null,null,null,null,null,null,null,null,null,null,null,null,null,null,null,null,null,null,null,null,null,null,null,null,null,null,null,null,"Sciroccos Dervish_2","Set","PBAoE",41,"DMG END","R","Regenerating Flesh","Kinetic Weapon","Thorn Tree Vine","Photonic Weapon"]
[null,null,null,null,null,null,null,null,null,null,null,null,null,null,null,null,null,null,null,null,null,null,null,null,null,null,null,null,null,null,null,null,null,null,"Sciroccos Dervish_3","Set","PBAoE",20,"DMG RCH","R","Luck Charm","Inanimate Carbon Rod","Clockwork Gear","Symbiotic Armor"]
[null,null,null,null,null,null,null,null,null,null,null,null,null,null,null,null,null,null,null,null,null,null,null,null,null,null,null,null,null,null,null,null,null,null,"Sciroccos Dervish_3","Set","PBAoE",26,"DMG RCH","R","Rune","Inert Gas","Blood of the Incarnate","Soul Trapped Gem"]
[null,null,null,null,null,null,null,null,null,null,null,null,null,null,null,null,null,null,null,null,null,null,null,null,null,null,null,null,null,null,null,null,null,null,"Sciroccos Dervish_3","Set","PBAoE",41,"DMG RCH","R","Fortune","Temporal Analyzer","Sapphire","Hamidon Goo"]
[null,null,null,null,null,null,null,null,null,null,null,null,null,null,null,null,null,null,null,null,null,null,null,null,null,null,null,null,null,null,null,null,null,null,"Sciroccos Dervish_4","Set","PBAoE",20,"ACC RCH","R","Runebound Armor","Boresight","Daemon Program","Strand of Fate"]
[null,null,null,null,null,null,null,null,null,null,null,null,null,null,null,null,null,null,null,null,null,null,null,null,null,null,null,null,null,null,null,null,null,null,"Sciroccos Dervish_4","Set","PBAoE",26,"ACC RCH","R","Spell Ink","Iron","Scientific Law","Empowered Sigil"]
[null,null,null,null,null,null,null,null,null,null,null,null,null,null,null,null,null,null,null,null,null,null,null,null,null,null,null,null,null,null,null,null,null,null,"Sciroccos Dervish_4","Set","PBAoE",41,"ACC RCH","R","Spirit Thorn","Mathematic Proof","Titanium Shard","Prophecy"]
[null,null,null,null,null,null,null,null,null,null,null,null,null,null,null,null,null,null,null,null,null,null,null,null,null,null,null,null,null,null,null,null,null,null,"Sciroccos Dervish_5","Set","PBAoE",20,"DMG END ACC","R","Clockwork Winder","Simple Chemical","Heavy Water","Plasma Capacitor"]
[null,null,null,null,null,null,null,null,null,null,null,null,null,null,null,null,null,null,null,null,null,null,null,null,null,null,null,null,null,null,null,null,null,null,"Sciroccos Dervish_5","Set","PBAoE",26,"DMG END ACC","R","Demonic Blood Sample","Circuit Board","Corrosive Gas","Mutating Genome"]
[null,null,null,null,null,null,null,null,null,null,null,null,null,null,null,null,null,null,null,null,null,null,null,null,null,null,null,null,null,null,null,null,null,null,"Sciroccos Dervish_5","Set","PBAoE",41,"DMG END ACC","R","Ruby","Hydraulic Piston","Temporal Tracer","Platinum"]
[null,null,null,null,null,null,null,null,null,null,null,null,null,null,null,null,null,null,null,null,null,null,null,null,null,null,null,null,null,null,null,null,null,null,"Sciroccos Dervish_6","Set","PBAoE",20,"20% chance (Lethal)","R","Spell Scroll","Computer Virus","Psionic Ectoplasm","Lament Box","Strand of Fate"]
[null,null,null,null,null,null,null,null,null,null,null,null,null,null,null,null,null,null,null,null,null,null,null,null,null,null,null,null,null,null,null,null,null,null,"Sciroccos Dervish_6","Set","PBAoE",26,"20% chance (Lethal)","R","Alchemical Silver","Scientific Theory","Carnival of Shadows Mask","Deific Weapon","Empowered Sigil"]
[null,null,null,null,null,null,null,null,null,null,null,null,null,null,null,null,null,null,null,null,null,null,null,null,null,null,null,null,null,null,null,null,null,null,"Sciroccos Dervish_6","Set","PBAoE",41,"20% chance (Lethal)","R","Demonic Threat Report","Ceramic Armor Plate","Bleeding Stone","Pangean Soil","Prophecy"]
[null,null,null,null,null,null,null,null,null,null,null,null,null,null,null,null,null,null,null,null,null,null,null,null,null,null,null,null,null,null,null,null,null,null,"Serendipity_1","Set","Defense",15,"DEF END","U","Computer Virus","Ancient Artifact","Soulbound Armor"]
[null,null,null,null,null,null,null,null,null,null,null,null,null,null,null,null,null,null,null,null,null,null,null,null,null,null,null,null,null,null,null,null,null,null,"Serendipity_1","Set","Defense",26,"DEF END","U","Scientific Theory","Masterwork Weapon","Living Tattoo"]
[null,null,null,null,null,null,null,null,null,null,null,null,null,null,null,null,null,null,null,null,null,null,null,null,null,null,null,null,null,null,null,null,null,null,"Serendipity_2","Set","Defense",15,"DEF RCH","U","Inanimate Carbon Rod","Luck Charm","Psionic Ectoplasm"]
[null,null,null,null,null,null,null,null,null,null,null,null,null,null,null,null,null,null,null,null,null,null,null,null,null,null,null,null,null,null,null,null,null,null,"Serendipity_2","Set","Defense",26,"DEF RCH","U","Inert Gas","Rune","Carnival of Shadows Mask"]
[null,null,null,null,null,null,null,null,null,null,null,null,null,null,null,null,null,null,null,null,null,null,null,null,null,null,null,null,null,null,null,null,null,null,"Serendipity_3","Set","Defense",15,"END RCH","U","Brass","Clockwork Winder","Clockwork Gear"]
[null,null,null,null,null,null,null,null,null,null,null,null,null,null,null,null,null,null,null,null,null,null,null,null,null,null,null,null,null,null,null,null,null,null,"Serendipity_3","Set","Defense",26,"END RCH","U","Stabilized Mutant Genome","Demonic Blood Sample","Blood of the Incarnate"]
[null,null,null,null,null,null,null,null,null,null,null,null,null,null,null,null,null,null,null,null,null,null,null,null,null,null,null,null,null,null,null,null,null,null,"Serendipity_4","Set","Defense",15,"DEF END RCH","U","Boresight","Spell Scroll","Polycarbon"]
[null,null,null,null,null,null,null,null,null,null,null,null,null,null,null,null,null,null,null,null,null,null,null,null,null,null,null,null,null,null,null,null,null,null,"Serendipity_4","Set","Defense",26,"DEF END RCH","U","Iron","Alchemical Silver","Mutant DNA Strand"]
[null,null,null,null,null,null,null,null,null,null,null,null,null,null,null,null,null,null,null,null,null,null,null,null,null,null,null,null,null,null,null,null,null,null,"Serendipity_5","Set","Defense",15,"DEF","U","Human Blood Sample","Spiritual Essence","Scope"]
[null,null,null,null,null,null,null,null,null,null,null,null,null,null,null,null,null,null,null,null,null,null,null,null,null,null,null,null,null,null,null,null,null,null,"Serendipity_5","Set","Defense",26,"DEF","U","Improvised Cybernetic","Ancient Bone","Steel"]
[null,null,null,null,null,null,null,null,null,null,null,null,null,null,null,null,null,null,null,null,null,null,null,null,null,null,null,null,null,null,null,null,null,null,"Serendipity_6","Set","Defense",15,"END","U","Simple Chemical","Runebound Armor","Daemon Program"]
[null,null,null,null,null,null,null,null,null,null,null,null,null,null,null,null,null,null,null,null,null,null,null,null,null,null,null,null,null,null,null,null,null,null,"Serendipity_6","Set","Defense",26,"END","U","Circuit Board","Spell Ink","Scientific Law"]
[null,null,null,null,null,null,null,null,null,null,null,null,null,null,null,null,null,null,null,null,null,null,null,null,null,null,null,null,null,null,null,null,null,null,"Smashing Haymaker_1","Set","Melee Damage",20,"DMG ACC","U","Ancient Artifact","Simple Chemical","Volume of the Obsidian Librum"]
[null,null,null,null,null,null,null,null,null,null,null,null,null,null,null,null,null,null,null,null,null,null,null,null,null,null,null,null,null,null,null,null,null,null,"Smashing Haymaker_1","Set","Melee Damage",26,"DMG ACC","U","Masterwork Weapon","Circuit Board","Alchemical Gold"]
[null,null,null,null,null,null,null,null,null,null,null,null,null,null,null,null,null,null,null,null,null,null,null,null,null,null,null,null,null,null,null,null,null,null,"Smashing Haymaker_2","Set","Melee Damage",20,"DMG END","U","Clockwork Winder","Human Blood Sample","Mutant Blood Sample"]
[null,null,null,null,null,null,null,null,null,null,null,null,null,null,null,null,null,null,null,null,null,null,null,null,null,null,null,null,null,null,null,null,null,null,"Smashing Haymaker_2","Set","Melee Damage",26,"DMG END","U","Demonic Blood Sample","Improvised Cybernetic","Commercial Cybernetic"]
[null,null,null,null,null,null,null,null,null,null,null,null,null,null,null,null,null,null,null,null,null,null,null,null,null,null,null,null,null,null,null,null,null,null,"Smashing Haymaker_3","Set","Melee Damage",20,"DMG RCH","U","Spell Scroll","Computer Virus","Unearthed Relic"]
[null,null,null,null,null,null,null,null,null,null,null,null,null,null,null,null,null,null,null,null,null,null,null,null,null,null,null,null,null,null,null,null,null,null,"Smashing Haymaker_3","Set","Melee Damage",26,"DMG RCH","U","Alchemical Silver","Scientific Theory","Enscorcelled Weapon"]
[null,null,null,null,null,null,null,null,null,null,null,null,null,null,null,null,null,null,null,null,null,null,null,null,null,null,null,null,null,null,null,null,null,null,"Smashing Haymaker_4","Set","Melee Damage",20,"DMG END RCH","U","Runebound Armor","Boresight","Chemical Formula"]
[null,null,null,null,null,null,null,null,null,null,null,null,null,null,null,null,null,null,null,null,null,null,null,null,null,null,null,null,null,null,null,null,null,null,"Smashing Haymaker_4","Set","Melee Damage",26,"DMG END RCH","U","Spell Ink","Iron","Data Drive"]
[null,null,null,null,null,null,null,null,null,null,null,null,null,null,null,null,null,null,null,null,null,null,null,null,null,null,null,null,null,null,null,null,null,null,"Soaring_1","Set","Flight",15,"FLY","U","Ancient Artifact","Computer Virus","Polycarbon"]
[null,null,null,null,null,null,null,null,null,null,null,null,null,null,null,null,null,null,null,null,null,null,null,null,null,null,null,null,null,null,null,null,null,null,"Soaring_1","Set","Flight",26,"FLY","U","Masterwork Weapon","Scientific Theory","Mutant DNA Strand"]
[null,null,null,null,null,null,null,null,null,null,null,null,null,null,null,null,null,null,null,null,null,null,null,null,null,null,null,null,null,null,null,null,null,null,"Soaring_1","Set","Flight",41,"FLY","U","Nevermelting Ice","Ceramic Armor Plate","Gold"]
[null,null,null,null,null,null,null,null,null,null,null,null,null,null,null,null,null,null,null,null,null,null,null,null,null,null,null,null,null,null,null,null,null,null,"Soaring_2","Set","Flight",15,"END","U","Clockwork Winder","Simple Chemical","Psionic Ectoplasm"]
[null,null,null,null,null,null,null,null,null,null,null,null,null,null,null,null,null,null,null,null,null,null,null,null,null,null,null,null,null,null,null,null,null,null,"Soaring_2","Set","Flight",26,"END","U","Demonic Blood Sample","Circuit Board","Carnival of Shadows Mask"]
[null,null,null,null,null,null,null,null,null,null,null,null,null,null,null,null,null,null,null,null,null,null,null,null,null,null,null,null,null,null,null,null,null,null,"Soaring_2","Set","Flight",41,"END","U","Ruby","Hydraulic Piston","Bleeding Stone"]
[null,null,null,null,null,null,null,null,null,null,null,null,null,null,null,null,null,null,null,null,null,null,null,null,null,null,null,null,null,null,null,null,null,null,"Soaring_3","Set","Flight",15,"END FLY","U","Spiritual Essence","Inanimate Carbon Rod","Enriched Plutonium"]
[null,null,null,null,null,null,null,null,null,null,null,null,null,null,null,null,null,null,null,null,null,null,null,null,null,null,null,null,null,null,null,null,null,null,"Soaring_3","Set","Flight",26,"END FLY","U","Ancient Bone","Inert Gas","Reactive Gas"]
[null,null,null,null,null,null,null,null,null,null,null,null,null,null,null,null,null,null,null,null,null,null,null,null,null,null,null,null,null,null,null,null,null,null,"Soaring_3","Set","Flight",41,"END FLY","U","Regenerating Flesh","Temporal Analyzer","Chronal Skip"]
[null,null,null,null,null,null,null,null,null,null,null,null,null,null,null,null,null,null,null,null,null,null,null,null,null,null,null,null,null,null,null,null,null,null,"Sovereign Right_1","Set","Pet",25,"DMG ACC","R","Alchemical Silver","Improvised Cybernetic","Enscorcelled Weapon","Military Cybernetic"]
[null,null,null,null,null,null,null,null,null,null,null,null,null,null,null,null,null,null,null,null,null,null,null,null,null,null,null,null,null,null,null,null,null,null,"Sovereign Right_1","Set","Pet",41,"DMG ACC","R","Demonic Threat Report","Kinetic Weapon","Unquenchable Flame","Photonic Weapon"]
[null,null,null,null,null,null,null,null,null,null,null,null,null,null,null,null,null,null,null,null,null,null,null,null,null,null,null,null,null,null,null,null,null,null,"Sovereign Right_2","Set","Pet",25,"DMG END","R","Rune","Circuit Board","Symbol","Mutating Genome"]
[null,null,null,null,null,null,null,null,null,null,null,null,null,null,null,null,null,null,null,null,null,null,null,null,null,null,null,null,null,null,null,null,null,null,"Sovereign Right_2","Set","Pet",41,"DMG END","R","Fortune","Hydraulic Piston","Destiny","Platinum"]
[null,null,null,null,null,null,null,null,null,null,null,null,null,null,null,null,null,null,null,null,null,null,null,null,null,null,null,null,null,null,null,null,null,null,"Sovereign Right_3","Set","Pet",25,"ACC END","R","Masterwork Weapon","Iron","Carnival of Shadows Mask","Conspiratorial Evidence"]
[null,null,null,null,null,null,null,null,null,null,null,null,null,null,null,null,null,null,null,null,null,null,null,null,null,null,null,null,null,null,null,null,null,null,"Sovereign Right_3","Set","Pet",41,"ACC END","R","Nevermelting Ice","Mathematic Proof","Bleeding Stone","Rikti Alloy"]
[null,null,null,null,null,null,null,null,null,null,null,null,null,null,null,null,null,null,null,null,null,null,null,null,null,null,null,null,null,null,null,null,null,null,"Sovereign Right_4","Set","Pet",25,"DMG END ACC","R","Spell Ink","Inert Gas","Commercial Cybernetic","Deific Weapon"]
[null,null,null,null,null,null,null,null,null,null,null,null,null,null,null,null,null,null,null,null,null,null,null,null,null,null,null,null,null,null,null,null,null,null,"Sovereign Right_4","Set","Pet",41,"DMG END ACC","R","Spirit Thorn","Temporal Analyzer","Energy Weapon","Pangean Soil"]
[null,null,null,null,null,null,null,null,null,null,null,null,null,null,null,null,null,null,null,null,null,null,null,null,null,null,null,null,null,null,null,null,null,null,"Sovereign Right_5","Set","Pet",25,"ACC","R","Demonic Blood Sample","Stabilized Mutant Genome","Scientific Law","Soul Trapped Gem"]
[null,null,null,null,null,null,null,null,null,null,null,null,null,null,null,null,null,null,null,null,null,null,null,null,null,null,null,null,null,null,null,null,null,null,"Sovereign Right_5","Set","Pet",41,"ACC","R","Ruby","Silver","Titanium Shard","Hamidon Goo"]
[null,null,null,null,null,null,null,null,null,null,null,null,null,null,null,null,null,null,null,null,null,null,null,null,null,null,null,null,null,null,null,null,null,null,"Sovereign Right_6","Set","Pet",25,"UNIQUE: PBAoE (20ft) Pet +Res 10%(all but Psionic)","R","Ancient Bone","Scientific Theory","Mutant DNA Strand","Black Blood of the Earth","Mu Vestment"]
[null,null,null,null,null,null,null,null,null,null,null,null,null,null,null,null,null,null,null,null,null,null,null,null,null,null,null,null,null,null,null,null,null,null,"Sovereign Right_6","Set","Pet",41,"UNIQUE: PBAoE (20ft) Pet +Res 10%(all but Psionic)","R","Regenerating Flesh","Ceramic Armor Plate","Gold","Diamond","Essence of the Furies"]
[null,null,null,null,null,null,null,null,null,null,null,null,null,null,null,null,null,null,null,null,null,null,null,null,null,null,null,null,null,null,null,null,null,null,"Springfoot_1","Set","Jump",15,"JMP","U","Luck Charm","Simple Chemical","Unearthed Relic"]
[null,null,null,null,null,null,null,null,null,null,null,null,null,null,null,null,null,null,null,null,null,null,null,null,null,null,null,null,null,null,null,null,null,null,"Springfoot_1","Set","Jump",26,"JMP","U","Rune","Circuit Board","Enscorcelled Weapon"]
[null,null,null,null,null,null,null,null,null,null,null,null,null,null,null,null,null,null,null,null,null,null,null,null,null,null,null,null,null,null,null,null,null,null,"Springfoot_1","Set","Jump",41,"JMP","U","Fortune","Hydraulic Piston","Unquenchable Flame"]
[null,null,null,null,null,null,null,null,null,null,null,null,null,null,null,null,null,null,null,null,null,null,null,null,null,null,null,null,null,null,null,null,null,null,"Springfoot_2","Set","Jump",15,"END","U","Clockwork Winder","Brass","Mutant Blood Sample"]
[null,null,null,null,null,null,null,null,null,null,null,null,null,null,null,null,null,null,null,null,null,null,null,null,null,null,null,null,null,null,null,null,null,null,"Springfoot_2","Set","Jump",26,"END","U","Demonic Blood Sample","Stabilized Mutant Genome","Commercial Cybernetic"]
[null,null,null,null,null,null,null,null,null,null,null,null,null,null,null,null,null,null,null,null,null,null,null,null,null,null,null,null,null,null,null,null,null,null,"Springfoot_2","Set","Jump",41,"END","U","Ruby","Silver","Energy Weapon"]
[null,null,null,null,null,null,null,null,null,null,null,null,null,null,null,null,null,null,null,null,null,null,null,null,null,null,null,null,null,null,null,null,null,null,"Springfoot_3","Set","Jump",15,"END JMP","U","Spell Scroll","Computer Virus","Psionic Ectoplasm"]
[null,null,null,null,null,null,null,null,null,null,null,null,null,null,null,null,null,null,null,null,null,null,null,null,null,null,null,null,null,null,null,null,null,null,"Springfoot_3","Set","Jump",26,"END JMP","U","Alchemical Silver","Scientific Theory","Carnival of Shadows Mask"]
[null,null,null,null,null,null,null,null,null,null,null,null,null,null,null,null,null,null,null,null,null,null,null,null,null,null,null,null,null,null,null,null,null,null,"Springfoot_3","Set","Jump",41,"END JMP","U","Demonic Threat Report","Ceramic Armor Plate","Bleeding Stone"]
[null,null,null,null,null,null,null,null,null,null,null,null,null,null,null,null,null,null,null,null,null,null,null,null,null,null,null,null,null,null,null,null,null,null,"Stagger_1","Set","Stun",10,"ACC RCH","U","Simple Chemical","Clockwork Winder","Daemon Program"]
[null,null,null,null,null,null,null,null,null,null,null,null,null,null,null,null,null,null,null,null,null,null,null,null,null,null,null,null,null,null,null,null,null,null,"Stagger_1","Set","Stun",26,"ACC RCH","U","Circuit Board","Demonic Blood Sample","Scientific Law"]
[null,null,null,null,null,null,null,null,null,null,null,null,null,null,null,null,null,null,null,null,null,null,null,null,null,null,null,null,null,null,null,null,null,null,"Stagger_2","Set","Stun",10,"END STN","U","Boresight","Spiritual Essence","Scope"]
[null,null,null,null,null,null,null,null,null,null,null,null,null,null,null,null,null,null,null,null,null,null,null,null,null,null,null,null,null,null,null,null,null,null,"Stagger_2","Set","Stun",26,"END STN","U","Iron","Ancient Bone","Steel"]
[null,null,null,null,null,null,null,null,null,null,null,null,null,null,null,null,null,null,null,null,null,null,null,null,null,null,null,null,null,null,null,null,null,null,"Stagger_3","Set","Stun",10,"ACC END","U","Inanimate Carbon Rod","Runebound Armor","Heavy Water"]
[null,null,null,null,null,null,null,null,null,null,null,null,null,null,null,null,null,null,null,null,null,null,null,null,null,null,null,null,null,null,null,null,null,null,"Stagger_3","Set","Stun",26,"ACC END","U","Inert Gas","Spell Ink","Corrosive Gas"]
[null,null,null,null,null,null,null,null,null,null,null,null,null,null,null,null,null,null,null,null,null,null,null,null,null,null,null,null,null,null,null,null,null,null,"Stagger_4","Set","Stun",10,"STN RNG","U","Brass","Spell Scroll","Unearthed Relic"]
[null,null,null,null,null,null,null,null,null,null,null,null,null,null,null,null,null,null,null,null,null,null,null,null,null,null,null,null,null,null,null,null,null,null,"Stagger_4","Set","Stun",26,"STN RNG","U","Stabilized Mutant Genome","Alchemical Silver","Enscorcelled Weapon"]
[null,null,null,null,null,null,null,null,null,null,null,null,null,null,null,null,null,null,null,null,null,null,null,null,null,null,null,null,null,null,null,null,null,null,"Stagger_5","Set","Stun",10,"ACC STN RCH","U","Computer Virus","Luck Charm","Temporal Sands"]
[null,null,null,null,null,null,null,null,null,null,null,null,null,null,null,null,null,null,null,null,null,null,null,null,null,null,null,null,null,null,null,null,null,null,"Stagger_5","Set","Stun",26,"ACC STN RCH","U","Scientific Theory","Rune","Symbol"]
[null,null,null,null,null,null,null,null,null,null,null,null,null,null,null,null,null,null,null,null,null,null,null,null,null,null,null,null,null,null,null,null,null,null,"Steadfast Protection_1","Set","Resist",10,"RES END","U","Runebound Armor","Brass","Polycarbon"]
[null,null,null,null,null,null,null,null,null,null,null,null,null,null,null,null,null,null,null,null,null,null,null,null,null,null,null,null,null,null,null,null,null,null,"Steadfast Protection_1","Set","Resist",26,"RES END","U","Spell Ink","Stabilized Mutant Genome","Mutant DNA Strand"]
[null,null,null,null,null,null,null,null,null,null,null,null,null,null,null,null,null,null,null,null,null,null,null,null,null,null,null,null,null,null,null,null,null,null,"Steadfast Protection_2","Set","Resist",10,"UNIQUE: RES +3% Def(All)","U","Runebound Armor","Simple Chemical","Heavy Water"]
[null,null,null,null,null,null,null,null,null,null,null,null,null,null,null,null,null,null,null,null,null,null,null,null,null,null,null,null,null,null,null,null,null,null,"Steadfast Protection_2","Set","Resist",26,"UNIQUE: RES +3% Def(All)","U","Spell Ink","Circuit Board","Corrosive Gas"]
[null,null,null,null,null,null,null,null,null,null,null,null,null,null,null,null,null,null,null,null,null,null,null,null,null,null,null,null,null,null,null,null,null,null,"Steadfast Protection_3","Set","Resist",10,"Mag -4 Knockback/up Protection","U","Runebound Armor","Computer Virus","Daemon Program"]
[null,null,null,null,null,null,null,null,null,null,null,null,null,null,null,null,null,null,null,null,null,null,null,null,null,null,null,null,null,null,null,null,null,null,"Steadfast Protection_3","Set","Resist",26,"Mag -4 Knockback/up Protection","U","Spell Ink","Scientific Theory","Scientific Law"]
[null,null,null,null,null,null,null,null,null,null,null,null,null,null,null,null,null,null,null,null,null,null,null,null,null,null,null,null,null,null,null,null,null,null,"Sting of the Manticore_1","Set","Sniper/AS",35,"DMG ACC","R","Rune","Inert Gas","Blood of the Incarnate","Enchanted Impervium"]
[null,null,null,null,null,null,null,null,null,null,null,null,null,null,null,null,null,null,null,null,null,null,null,null,null,null,null,null,null,null,null,null,null,null,"Sting of the Manticore_1","Set","Sniper/AS",41,"DMG ACC","R","Fortune","Temporal Analyzer","Sapphire","Magical Conspiracy"]
[null,null,null,null,null,null,null,null,null,null,null,null,null,null,null,null,null,null,null,null,null,null,null,null,null,null,null,null,null,null,null,null,null,null,"Sting of the Manticore_2","Set","Sniper/AS",35,"DMG END","R","Masterwork Weapon","Scientific Theory","Enscorcelled Weapon","Soul Trapped Gem"]
[null,null,null,null,null,null,null,null,null,null,null,null,null,null,null,null,null,null,null,null,null,null,null,null,null,null,null,null,null,null,null,null,null,null,"Sting of the Manticore_2","Set","Sniper/AS",41,"DMG END","R","Nevermelting Ice","Ceramic Armor Plate","Unquenchable Flame","Hamidon Goo"]
[null,null,null,null,null,null,null,null,null,null,null,null,null,null,null,null,null,null,null,null,null,null,null,null,null,null,null,null,null,null,null,null,null,null,"Sting of the Manticore_3","Set","Sniper/AS",35,"ACC INT RNG","R","Alchemical Silver","Iron","Carnival of Shadows Mask","Reactive Gas"]
[null,null,null,null,null,null,null,null,null,null,null,null,null,null,null,null,null,null,null,null,null,null,null,null,null,null,null,null,null,null,null,null,null,null,"Sting of the Manticore_3","Set","Sniper/AS",41,"ACC INT RNG","R","Demonic Threat Report","Mathematic Proof","Bleeding Stone","Chronal Skip"]
[null,null,null,null,null,null,null,null,null,null,null,null,null,null,null,null,null,null,null,null,null,null,null,null,null,null,null,null,null,null,null,null,null,null,"Sting of the Manticore_4","Set","Sniper/AS",35,"DMG INT RCH","R","Ancient Bone","Circuit Board","Commercial Cybernetic","Conspiratorial Evidence"]
[null,null,null,null,null,null,null,null,null,null,null,null,null,null,null,null,null,null,null,null,null,null,null,null,null,null,null,null,null,null,null,null,null,null,"Sting of the Manticore_4","Set","Sniper/AS",41,"DMG INT RCH","R","Regenerating Flesh","Hydraulic Piston","Energy Weapon","Rikti Alloy"]
[null,null,null,null,null,null,null,null,null,null,null,null,null,null,null,null,null,null,null,null,null,null,null,null,null,null,null,null,null,null,null,null,null,null,"Sting of the Manticore_5","Set","Sniper/AS",35,"DMG END RCH","R","Spell Ink","Improvised Cybernetic","Mutant DNA Strand","Impervium"]
[null,null,null,null,null,null,null,null,null,null,null,null,null,null,null,null,null,null,null,null,null,null,null,null,null,null,null,null,null,null,null,null,null,null,"Sting of the Manticore_5","Set","Sniper/AS",41,"DMG END RCH","R","Spirit Thorn","Kinetic Weapon","Gold","Synthetic Intelligence Unit"]
[null,null,null,null,null,null,null,null,null,null,null,null,null,null,null,null,null,null,null,null,null,null,null,null,null,null,null,null,null,null,null,null,null,null,"Sting of the Manticore_6","Set","Sniper/AS",35,"20% chance (Toxic)","R","Demonic Blood Sample","Stabilized Mutant Genome","Data Drive","Military Cybernetic","Soul Trapped Gem"]
[null,null,null,null,null,null,null,null,null,null,null,null,null,null,null,null,null,null,null,null,null,null,null,null,null,null,null,null,null,null,null,null,null,null,"Sting of the Manticore_6","Set","Sniper/AS",41,"20% chance (Toxic)","R","Ruby","Silver","Pneumatic Piston","Photonic Weapon","Hamidon Goo"]
[null,null,null,null,null,null,null,null,null,null,null,null,null,null,null,null,null,null,null,null,null,null,null,null,null,null,null,null,null,null,null,null,null,null,"Stupefy_1","Set","Stun",20,"ACC RCH","R","Luck Charm","Computer Virus","Heavy Water","Plasma Capacitor"]
[null,null,null,null,null,null,null,null,null,null,null,null,null,null,null,null,null,null,null,null,null,null,null,null,null,null,null,null,null,null,null,null,null,null,"Stupefy_1","Set","Stun",26,"ACC RCH","R","Rune","Scientific Theory","Corrosive Gas","Mutating Genome"]
[null,null,null,null,null,null,null,null,null,null,null,null,null,null,null,null,null,null,null,null,null,null,null,null,null,null,null,null,null,null,null,null,null,null,"Stupefy_1","Set","Stun",41,"ACC RCH","R","Fortune","Ceramic Armor Plate","Temporal Tracer","Platinum"]
[null,null,null,null,null,null,null,null,null,null,null,null,null,null,null,null,null,null,null,null,null,null,null,null,null,null,null,null,null,null,null,null,null,null,"Stupefy_2","Set","Stun",20,"END STN","R","Spiritual Essence","Simple Chemical","Mutant Blood Sample","Lament Box"]
[null,null,null,null,null,null,null,null,null,null,null,null,null,null,null,null,null,null,null,null,null,null,null,null,null,null,null,null,null,null,null,null,null,null,"Stupefy_2","Set","Stun",26,"END STN","R","Ancient Bone","Circuit Board","Commercial Cybernetic","Deific Weapon"]
[null,null,null,null,null,null,null,null,null,null,null,null,null,null,null,null,null,null,null,null,null,null,null,null,null,null,null,null,null,null,null,null,null,null,"Stupefy_2","Set","Stun",41,"END STN","R","Regenerating Flesh","Hydraulic Piston","Energy Weapon","Pangean Soil"]
[null,null,null,null,null,null,null,null,null,null,null,null,null,null,null,null,null,null,null,null,null,null,null,null,null,null,null,null,null,null,null,null,null,null,"Stupefy_3","Set","Stun",20,"ACC END","R","Clockwork Winder","Boresight","Scope","Page from the Malleus Mundi"]
[null,null,null,null,null,null,null,null,null,null,null,null,null,null,null,null,null,null,null,null,null,null,null,null,null,null,null,null,null,null,null,null,null,null,"Stupefy_3","Set","Stun",26,"ACC END","R","Demonic Blood Sample","Iron","Steel","Enchanted Impervium"]
[null,null,null,null,null,null,null,null,null,null,null,null,null,null,null,null,null,null,null,null,null,null,null,null,null,null,null,null,null,null,null,null,null,null,"Stupefy_3","Set","Stun",41,"ACC END","R","Ruby","Mathematic Proof","Chaos Theorem","Magical Conspiracy"]
[null,null,null,null,null,null,null,null,null,null,null,null,null,null,null,null,null,null,null,null,null,null,null,null,null,null,null,null,null,null,null,null,null,null,"Stupefy_4","Set","Stun",20,"STN RNG","R","Ancient Artifact","Human Blood Sample","Psionic Ectoplasm","Psionicly Charged Brass"]
[null,null,null,null,null,null,null,null,null,null,null,null,null,null,null,null,null,null,null,null,null,null,null,null,null,null,null,null,null,null,null,null,null,null,"Stupefy_4","Set","Stun",26,"STN RNG","R","Masterwork Weapon","Improvised Cybernetic","Carnival of Shadows Mask","Black Blood of the Earth"]
[null,null,null,null,null,null,null,null,null,null,null,null,null,null,null,null,null,null,null,null,null,null,null,null,null,null,null,null,null,null,null,null,null,null,"Stupefy_4","Set","Stun",41,"STN RNG","R","Nevermelting Ice","Kinetic Weapon","Bleeding Stone","Diamond"]
[null,null,null,null,null,null,null,null,null,null,null,null,null,null,null,null,null,null,null,null,null,null,null,null,null,null,null,null,null,null,null,null,null,null,"Stupefy_5","Set","Stun",20,"ACC STN RCH","R","Runebound Armor","Inanimate Carbon Rod","Soulbound Armor","Enriched Plutonium"]
[null,null,null,null,null,null,null,null,null,null,null,null,null,null,null,null,null,null,null,null,null,null,null,null,null,null,null,null,null,null,null,null,null,null,"Stupefy_5","Set","Stun",26,"ACC STN RCH","R","Spell Ink","Inert Gas","Living Tattoo","Reactive Gas"]
[null,null,null,null,null,null,null,null,null,null,null,null,null,null,null,null,null,null,null,null,null,null,null,null,null,null,null,null,null,null,null,null,null,null,"Stupefy_5","Set","Stun",41,"ACC STN RCH","R","Spirit Thorn","Temporal Analyzer","Thorn Tree Vine","Chronal Skip"]
[null,null,null,null,null,null,null,null,null,null,null,null,null,null,null,null,null,null,null,null,null,null,null,null,null,null,null,null,null,null,null,null,null,null,"Stupefy_6","Set","Stun",20,"20% chance 6.0 Knockup","R","Spell Scroll","Brass","Polycarbon","Alien Blood Sample","Source Code"]
[null,null,null,null,null,null,null,null,null,null,null,null,null,null,null,null,null,null,null,null,null,null,null,null,null,null,null,null,null,null,null,null,null,null,"Stupefy_6","Set","Stun",26,"20% chance 6.0 Knockup","R","Alchemical Silver","Stabilized Mutant Genome","Mutant DNA Strand","Military Cybernetic","Conspiratorial Evidence"]
[null,null,null,null,null,null,null,null,null,null,null,null,null,null,null,null,null,null,null,null,null,null,null,null,null,null,null,null,null,null,null,null,null,null,"Stupefy_6","Set","Stun",41,"20% chance 6.0 Knockup","R","Demonic Threat Report","Silver","Gold","Photonic Weapon","Rikti Alloy"]
[null,null,null,null,null,null,null,null,null,null,null,null,null,null,null,null,null,null,null,null,null,null,null,null,null,null,null,null,null,null,null,null,null,null,"Tempered Readiness_1","Set","Slow",20,"ACC SLW","U","Luck Charm","Inanimate Carbon Rod","Polycarbon"]
[null,null,null,null,null,null,null,null,null,null,null,null,null,null,null,null,null,null,null,null,null,null,null,null,null,null,null,null,null,null,null,null,null,null,"Tempered Readiness_1","Set","Slow",26,"ACC SLW","U","Rune","Inert Gas","Mutant DNA Strand"]
[null,null,null,null,null,null,null,null,null,null,null,null,null,null,null,null,null,null,null,null,null,null,null,null,null,null,null,null,null,null,null,null,null,null,"Tempered Readiness_1","Set","Slow",41,"ACC SLW","U","Fortune","Temporal Analyzer","Gold"]
[null,null,null,null,null,null,null,null,null,null,null,null,null,null,null,null,null,null,null,null,null,null,null,null,null,null,null,null,null,null,null,null,null,null,"Tempered Readiness_2","Set","Slow",20,"DMG SLW","U","Ancient Artifact","Human Blood Sample","Unearthed Relic"]
[null,null,null,null,null,null,null,null,null,null,null,null,null,null,null,null,null,null,null,null,null,null,null,null,null,null,null,null,null,null,null,null,null,null,"Tempered Readiness_2","Set","Slow",26,"DMG SLW","U","Masterwork Weapon","Improvised Cybernetic","Enscorcelled Weapon"]
[null,null,null,null,null,null,null,null,null,null,null,null,null,null,null,null,null,null,null,null,null,null,null,null,null,null,null,null,null,null,null,null,null,null,"Tempered Readiness_2","Set","Slow",41,"DMG SLW","U","Nevermelting Ice","Kinetic Weapon","Unquenchable Flame"]
[null,null,null,null,null,null,null,null,null,null,null,null,null,null,null,null,null,null,null,null,null,null,null,null,null,null,null,null,null,null,null,null,null,null,"Tempered Readiness_3","Set","Slow",20,"ACC END","U","Clockwork Winder","Brass","Temporal Sands"]
[null,null,null,null,null,null,null,null,null,null,null,null,null,null,null,null,null,null,null,null,null,null,null,null,null,null,null,null,null,null,null,null,null,null,"Tempered Readiness_3","Set","Slow",26,"ACC END","U","Demonic Blood Sample","Stabilized Mutant Genome","Symbol"]
[null,null,null,null,null,null,null,null,null,null,null,null,null,null,null,null,null,null,null,null,null,null,null,null,null,null,null,null,null,null,null,null,null,null,"Tempered Readiness_3","Set","Slow",41,"ACC END","U","Ruby","Silver","Destiny"]
[null,null,null,null,null,null,null,null,null,null,null,null,null,null,null,null,null,null,null,null,null,null,null,null,null,null,null,null,null,null,null,null,null,null,"Tempered Readiness_4","Set","Slow",20,"RNG SLW","U","Spell Scroll","Computer Virus","Clockwork Gear"]
[null,null,null,null,null,null,null,null,null,null,null,null,null,null,null,null,null,null,null,null,null,null,null,null,null,null,null,null,null,null,null,null,null,null,"Tempered Readiness_4","Set","Slow",26,"RNG SLW","U","Alchemical Silver","Scientific Theory","Blood of the Incarnate"]
[null,null,null,null,null,null,null,null,null,null,null,null,null,null,null,null,null,null,null,null,null,null,null,null,null,null,null,null,null,null,null,null,null,null,"Tempered Readiness_4","Set","Slow",41,"RNG SLW","U","Demonic Threat Report","Ceramic Armor Plate","Sapphire"]
[null,null,null,null,null,null,null,null,null,null,null,null,null,null,null,null,null,null,null,null,null,null,null,null,null,null,null,null,null,null,null,null,null,null,"Tempered Readiness_5","Set","Slow",20,"END RCH SLW","U","Runebound Armor","Boresight","Daemon Program"]
[null,null,null,null,null,null,null,null,null,null,null,null,null,null,null,null,null,null,null,null,null,null,null,null,null,null,null,null,null,null,null,null,null,null,"Tempered Readiness_5","Set","Slow",26,"END RCH SLW","U","Spell Ink","Iron","Scientific Law"]
[null,null,null,null,null,null,null,null,null,null,null,null,null,null,null,null,null,null,null,null,null,null,null,null,null,null,null,null,null,null,null,null,null,null,"Tempered Readiness_5","Set","Slow",41,"END RCH SLW","U","Spirit Thorn","Mathematic Proof","Titanium Shard"]
[null,null,null,null,null,null,null,null,null,null,null,null,null,null,null,null,null,null,null,null,null,null,null,null,null,null,null,null,null,null,null,null,null,null,"Tempered Readiness_6","Set","Slow",20,"ACC DMG SLW","U","Spiritual Essence","Simple Chemical","Psionic Ectoplasm"]
[null,null,null,null,null,null,null,null,null,null,null,null,null,null,null,null,null,null,null,null,null,null,null,null,null,null,null,null,null,null,null,null,null,null,"Tempered Readiness_6","Set","Slow",26,"ACC DMG SLW","U","Ancient Bone","Circuit Board","Carnival of Shadows Mask"]
[null,null,null,null,null,null,null,null,null,null,null,null,null,null,null,null,null,null,null,null,null,null,null,null,null,null,null,null,null,null,null,null,null,null,"Tempered Readiness_6","Set","Slow",41,"ACC DMG SLW","U","Regenerating Flesh","Hydraulic Piston","Bleeding Stone"]
[null,null,null,null,null,null,null,null,null,null,null,null,null,null,null,null,null,null,null,null,null,null,null,null,null,null,null,null,null,null,null,null,null,null,"Tempest_1","Set","Ranged Damage",15,"DMG ACC","U","Luck Charm","Boresight"]
[null,null,null,null,null,null,null,null,null,null,null,null,null,null,null,null,null,null,null,null,null,null,null,null,null,null,null,null,null,null,null,null,null,null,"Tempest_1","Set","Ranged Damage",26,"DMG ACC","U","Rune","Iron"]
[null,null,null,null,null,null,null,null,null,null,null,null,null,null,null,null,null,null,null,null,null,null,null,null,null,null,null,null,null,null,null,null,null,null,"Tempest_2","Set","Ranged Damage",15,"DMG END","R","Runebound Armor","Brass","Daemon Program","Alien Blood Sample"]
[null,null,null,null,null,null,null,null,null,null,null,null,null,null,null,null,null,null,null,null,null,null,null,null,null,null,null,null,null,null,null,null,null,null,"Tempest_2","Set","Ranged Damage",26,"DMG END","R","Spell Ink","Stabilized Mutant Genome","Scientific Law","Military Cybernetic"]
[null,null,null,null,null,null,null,null,null,null,null,null,null,null,null,null,null,null,null,null,null,null,null,null,null,null,null,null,null,null,null,null,null,null,"Tempest_3","Set","Ranged Damage",15,"DMG RCH","R","Spiritual Essence","Simple Chemical","Psionic Ectoplasm","Psionic Manifestation"]
[null,null,null,null,null,null,null,null,null,null,null,null,null,null,null,null,null,null,null,null,null,null,null,null,null,null,null,null,null,null,null,null,null,null,"Tempest_3","Set","Ranged Damage",26,"DMG RCH","R","Ancient Bone","Circuit Board","Carnival of Shadows Mask","Mu Vestment"]
[null,null,null,null,null,null,null,null,null,null,null,null,null,null,null,null,null,null,null,null,null,null,null,null,null,null,null,null,null,null,null,null,null,null,"Tempest_4","Set","Ranged Damage",15,"20% chance EndDrain","R","Spell Scroll","Inanimate Carbon Rod","Chemical Formula","Source Code","Page from the Malleus Mundi"]
[null,null,null,null,null,null,null,null,null,null,null,null,null,null,null,null,null,null,null,null,null,null,null,null,null,null,null,null,null,null,null,null,null,null,"Tempest_4","Set","Ranged Damage",26,"20% chance EndDrain","R","Alchemical Silver","Inert Gas","Data Drive","Conspiratorial Evidence","Enchanted Impervium"]
[null,null,null,null,null,null,null,null,null,null,null,null,null,null,null,null,null,null,null,null,null,null,null,null,null,null,null,null,null,null,null,null,null,null,"Thunderstrike_1","Set","Ranged Damage",30,"DMG ACC","U","Spell Ink","Stabilized Mutant Genome","Data Drive"]
[null,null,null,null,null,null,null,null,null,null,null,null,null,null,null,null,null,null,null,null,null,null,null,null,null,null,null,null,null,null,null,null,null,null,"Thunderstrike_1","Set","Ranged Damage",41,"DMG ACC","U","Spirit Thorn","Silver","Pneumatic Piston"]
[null,null,null,null,null,null,null,null,null,null,null,null,null,null,null,null,null,null,null,null,null,null,null,null,null,null,null,null,null,null,null,null,null,null,"Thunderstrike_2","Set","Ranged Damage",30,"DMG END","U","Alchemical Silver","Scientific Theory","Symbol"]
[null,null,null,null,null,null,null,null,null,null,null,null,null,null,null,null,null,null,null,null,null,null,null,null,null,null,null,null,null,null,null,null,null,null,"Thunderstrike_2","Set","Ranged Damage",41,"DMG END","U","Demonic Threat Report","Ceramic Armor Plate","Destiny"]
[null,null,null,null,null,null,null,null,null,null,null,null,null,null,null,null,null,null,null,null,null,null,null,null,null,null,null,null,null,null,null,null,null,null,"Thunderstrike_3","Set","Ranged Damage",30,"DMG RCH","U","Demonic Blood Sample","Inert Gas","Scientific Law"]
[null,null,null,null,null,null,null,null,null,null,null,null,null,null,null,null,null,null,null,null,null,null,null,null,null,null,null,null,null,null,null,null,null,null,"Thunderstrike_3","Set","Ranged Damage",41,"DMG RCH","U","Ruby","Temporal Analyzer","Titanium Shard"]
[null,null,null,null,null,null,null,null,null,null,null,null,null,null,null,null,null,null,null,null,null,null,null,null,null,null,null,null,null,null,null,null,null,null,"Thunderstrike_4","Set","Ranged Damage",30,"DMG ACC RCH","U","Masterwork Weapon","Iron","Living Tattoo"]
[null,null,null,null,null,null,null,null,null,null,null,null,null,null,null,null,null,null,null,null,null,null,null,null,null,null,null,null,null,null,null,null,null,null,"Thunderstrike_4","Set","Ranged Damage",41,"DMG ACC RCH","U","Nevermelting Ice","Mathematic Proof","Thorn Tree Vine"]
[null,null,null,null,null,null,null,null,null,null,null,null,null,null,null,null,null,null,null,null,null,null,null,null,null,null,null,null,null,null,null,null,null,null,"Thunderstrike_5","Set","Ranged Damage",30,"DMG END ACC","U","Ancient Bone","Circuit Board","Corrosive Gas"]
[null,null,null,null,null,null,null,null,null,null,null,null,null,null,null,null,null,null,null,null,null,null,null,null,null,null,null,null,null,null,null,null,null,null,"Thunderstrike_5","Set","Ranged Damage",41,"DMG END ACC","U","Regenerating Flesh","Hydraulic Piston","Temporal Tracer"]
[null,null,null,null,null,null,null,null,null,null,null,null,null,null,null,null,null,null,null,null,null,null,null,null,null,null,null,null,null,null,null,null,null,null,"Thunderstrike_6","Set","Ranged Damage",30,"DMG END RCH","U","Rune","Improvised Cybernetic","Alchemical Gold"]
[null,null,null,null,null,null,null,null,null,null,null,null,null,null,null,null,null,null,null,null,null,null,null,null,null,null,null,null,null,null,null,null,null,null,"Thunderstrike_6","Set","Ranged Damage",41,"DMG END RCH","U","Fortune","Kinetic Weapon","Psionic Threat Report"]
[null,null,null,null,null,null,null,null,null,null,null,null,null,null,null,null,null,null,null,null,null,null,null,null,null,null,null,null,null,null,null,null,null,null,"TimeSpace Manipulation_1","Set","Teleport",15,"END","R","Ancient Artifact","Brass","Psionic Manifestation"]
[null,null,null,null,null,null,null,null,null,null,null,null,null,null,null,null,null,null,null,null,null,null,null,null,null,null,null,null,null,null,null,null,null,null,"TimeSpace Manipulation_1","Set","Teleport",26,"END","R","Masterwork Weapon","Stabilized Mutant Genome","Mu Vestment"]
[null,null,null,null,null,null,null,null,null,null,null,null,null,null,null,null,null,null,null,null,null,null,null,null,null,null,null,null,null,null,null,null,null,null,"TimeSpace Manipulation_1","Set","Teleport",41,"END","R","Nevermelting Ice","Silver","Essence of the Furies"]
[null,null,null,null,null,null,null,null,null,null,null,null,null,null,null,null,null,null,null,null,null,null,null,null,null,null,null,null,null,null,null,null,null,null,"TimeSpace Manipulation_2","Set","Teleport",15,"RNG","R","Clockwork Winder","Boresight","Complex Chemical Formula"]
[null,null,null,null,null,null,null,null,null,null,null,null,null,null,null,null,null,null,null,null,null,null,null,null,null,null,null,null,null,null,null,null,null,null,"TimeSpace Manipulation_2","Set","Teleport",26,"RNG","R","Demonic Blood Sample","Iron","Holographic Memory"]
[null,null,null,null,null,null,null,null,null,null,null,null,null,null,null,null,null,null,null,null,null,null,null,null,null,null,null,null,null,null,null,null,null,null,"TimeSpace Manipulation_2","Set","Teleport",41,"RNG","R","Ruby","Mathematic Proof","Positronic Matrix"]
[null,null,null,null,null,null,null,null,null,null,null,null,null,null,null,null,null,null,null,null,null,null,null,null,null,null,null,null,null,null,null,null,null,null,"TimeSpace Manipulation_3","Set","Teleport",15,"UNIQUE: +Stealth (35ft PvE/389ft PvP)","R","Spiritual Essence","Human Blood Sample","Enriched Plutonium"]
[null,null,null,null,null,null,null,null,null,null,null,null,null,null,null,null,null,null,null,null,null,null,null,null,null,null,null,null,null,null,null,null,null,null,"TimeSpace Manipulation_3","Set","Teleport",26,"UNIQUE: +Stealth (35ft PvE/389ft PvP)","R","Ancient Bone","Improvised Cybernetic","Reactive Gas"]
[null,null,null,null,null,null,null,null,null,null,null,null,null,null,null,null,null,null,null,null,null,null,null,null,null,null,null,null,null,null,null,null,null,null,"TimeSpace Manipulation_3","Set","Teleport",41,"UNIQUE: +Stealth (35ft PvE/389ft PvP)","R","Regenerating Flesh","Kinetic Weapon","Chronal Skip"]
[null,null,null,null,null,null,null,null,null,null,null,null,null,null,null,null,null,null,null,null,null,null,null,null,null,null,null,null,null,null,null,null,null,null,"Titanium Coating_1","Set","Resist",25,"RES END","U","Rune","Inert Gas","Enscorcelled Weapon"]
[null,null,null,null,null,null,null,null,null,null,null,null,null,null,null,null,null,null,null,null,null,null,null,null,null,null,null,null,null,null,null,null,null,null,"Titanium Coating_1","Set","Resist",41,"RES END","U","Fortune","Temporal Analyzer","Unquenchable Flame"]
[null,null,null,null,null,null,null,null,null,null,null,null,null,null,null,null,null,null,null,null,null,null,null,null,null,null,null,null,null,null,null,null,null,null,"Titanium Coating_2","Set","Resist",25,"END RCH","U","Masterwork Weapon","Improvised Cybernetic","Alchemical Gold"]
[null,null,null,null,null,null,null,null,null,null,null,null,null,null,null,null,null,null,null,null,null,null,null,null,null,null,null,null,null,null,null,null,null,null,"Titanium Coating_2","Set","Resist",41,"END RCH","U","Nevermelting Ice","Kinetic Weapon","Psionic Threat Report"]
[null,null,null,null,null,null,null,null,null,null,null,null,null,null,null,null,null,null,null,null,null,null,null,null,null,null,null,null,null,null,null,null,null,null,"Titanium Coating_3","Set","Resist",25,"RES RCH","U","Ancient Bone","Scientific Theory","Scientific Law"]
[null,null,null,null,null,null,null,null,null,null,null,null,null,null,null,null,null,null,null,null,null,null,null,null,null,null,null,null,null,null,null,null,null,null,"Titanium Coating_3","Set","Resist",41,"RES RCH","U","Regenerating Flesh","Ceramic Armor Plate","Titanium Shard"]
[null,null,null,null,null,null,null,null,null,null,null,null,null,null,null,null,null,null,null,null,null,null,null,null,null,null,null,null,null,null,null,null,null,null,"Titanium Coating_4","Set","Resist",25,"RES END RCH","U","Demonic Blood Sample","Stabilized Mutant Genome","Commercial Cybernetic"]
[null,null,null,null,null,null,null,null,null,null,null,null,null,null,null,null,null,null,null,null,null,null,null,null,null,null,null,null,null,null,null,null,null,null,"Titanium Coating_4","Set","Resist",41,"RES END RCH","U","Ruby","Silver","Energy Weapon"]
[null,null,null,null,null,null,null,null,null,null,null,null,null,null,null,null,null,null,null,null,null,null,null,null,null,null,null,null,null,null,null,null,null,null,"Titanium Coating_5","Set","Resist",25,"RES","U","Alchemical Silver","Circuit Board","Blood of the Incarnate"]
[null,null,null,null,null,null,null,null,null,null,null,null,null,null,null,null,null,null,null,null,null,null,null,null,null,null,null,null,null,null,null,null,null,null,"Titanium Coating_5","Set","Resist",41,"RES","U","Demonic Threat Report","Hydraulic Piston","Sapphire"]
[null,null,null,null,null,null,null,null,null,null,null,null,null,null,null,null,null,null,null,null,null,null,null,null,null,null,null,null,null,null,null,null,null,null,"Titanium Coating_6","Set","Resist",25,"END","U","Spell Ink","Iron","Data Drive"]
[null,null,null,null,null,null,null,null,null,null,null,null,null,null,null,null,null,null,null,null,null,null,null,null,null,null,null,null,null,null,null,null,null,null,"Titanium Coating_6","Set","Resist",41,"END","U","Spirit Thorn","Mathematic Proof","Pneumatic Piston"]
[null,null,null,null,null,null,null,null,null,null,null,null,null,null,null,null,null,null,null,null,null,null,null,null,null,null,null,null,null,null,null,null,null,null,"Touch of Death_1","Set","Melee Damage",25,"DMG ACC","R","Masterwork Weapon","Stabilized Mutant Genome","Alchemical Gold"]
[null,null,null,null,null,null,null,null,null,null,null,null,null,null,null,null,null,null,null,null,null,null,null,null,null,null,null,null,null,null,null,null,null,null,"Touch of Death_2","Set","Melee Damage",25,"DMG END","R","Spell Ink","Circuit Board","Commercial Cybernetic","Conspiratorial Evidence"]
[null,null,null,null,null,null,null,null,null,null,null,null,null,null,null,null,null,null,null,null,null,null,null,null,null,null,null,null,null,null,null,null,null,null,"Touch of Death_3","Set","Melee Damage",25,"DMG RCH","R","Demonic Blood Sample","Inert Gas","Enscorcelled Weapon","Military Cybernetic"]
[null,null,null,null,null,null,null,null,null,null,null,null,null,null,null,null,null,null,null,null,null,null,null,null,null,null,null,null,null,null,null,null,null,null,"Touch of Death_4","Set","Melee Damage",25,"DMG END ACC","R","Rune","Scientific Theory","Steel","Deific Weapon"]
[null,null,null,null,null,null,null,null,null,null,null,null,null,null,null,null,null,null,null,null,null,null,null,null,null,null,null,null,null,null,null,null,null,null,"Touch of Death_5","Set","Melee Damage",25,"DMG END RCH","R","Alchemical Silver","Iron","Data Drive","Soul Trapped Gem"]
[null,null,null,null,null,null,null,null,null,null,null,null,null,null,null,null,null,null,null,null,null,null,null,null,null,null,null,null,null,null,null,null,null,null,"Touch of Death_6","Set","Melee Damage",25,"Small chance (Negative)","R","Ancient Bone","Improvised Cybernetic","Carnival of Shadows Mask","Holographic Memory","Soul Trapped Gem"]
[null,null,null,null,null,null,null,null,null,null,null,null,null,null,null,null,null,null,null,null,null,null,null,null,null,null,null,null,null,null,null,null,null,null,"Trap of the Hunter_1","Set","Immobilize",20,"ACC RCH","R","Luck Charm","Boresight","Mutant Blood Sample","Heads Up Display"]
[null,null,null,null,null,null,null,null,null,null,null,null,null,null,null,null,null,null,null,null,null,null,null,null,null,null,null,null,null,null,null,null,null,null,"Trap of the Hunter_1","Set","Immobilize",26,"ACC RCH","R","Rune","Iron","Commercial Cybernetic","Impervium"]
[null,null,null,null,null,null,null,null,null,null,null,null,null,null,null,null,null,null,null,null,null,null,null,null,null,null,null,null,null,null,null,null,null,null,"Trap of the Hunter_1","Set","Immobilize",41,"ACC RCH","R","Fortune","Mathematic Proof","Energy Weapon","Synthetic Intelligence Unit"]
[null,null,null,null,null,null,null,null,null,null,null,null,null,null,null,null,null,null,null,null,null,null,null,null,null,null,null,null,null,null,null,null,null,null,"Trap of the Hunter_2","Set","Immobilize",20,"END IMB","R","Clockwork Winder","Human Blood Sample","Chemical Formula","Strand of Fate"]
[null,null,null,null,null,null,null,null,null,null,null,null,null,null,null,null,null,null,null,null,null,null,null,null,null,null,null,null,null,null,null,null,null,null,"Trap of the Hunter_2","Set","Immobilize",26,"END IMB","R","Demonic Blood Sample","Improvised Cybernetic","Data Drive","Empowered Sigil"]
[null,null,null,null,null,null,null,null,null,null,null,null,null,null,null,null,null,null,null,null,null,null,null,null,null,null,null,null,null,null,null,null,null,null,"Trap of the Hunter_2","Set","Immobilize",41,"END IMB","R","Ruby","Kinetic Weapon","Pneumatic Piston","Prophecy"]
[null,null,null,null,null,null,null,null,null,null,null,null,null,null,null,null,null,null,null,null,null,null,null,null,null,null,null,null,null,null,null,null,null,null,"Trap of the Hunter_3","Set","Immobilize",20,"ACC END","R","Ancient Artifact","Inanimate Carbon Rod","Daemon Program","Complex Chemical Formula"]
[null,null,null,null,null,null,null,null,null,null,null,null,null,null,null,null,null,null,null,null,null,null,null,null,null,null,null,null,null,null,null,null,null,null,"Trap of the Hunter_3","Set","Immobilize",26,"ACC END","R","Masterwork Weapon","Inert Gas","Scientific Law","Holographic Memory"]
[null,null,null,null,null,null,null,null,null,null,null,null,null,null,null,null,null,null,null,null,null,null,null,null,null,null,null,null,null,null,null,null,null,null,"Trap of the Hunter_3","Set","Immobilize",41,"ACC END","R","Nevermelting Ice","Temporal Analyzer","Titanium Shard","Positronic Matrix"]
[null,null,null,null,null,null,null,null,null,null,null,null,null,null,null,null,null,null,null,null,null,null,null,null,null,null,null,null,null,null,null,null,null,null,"Trap of the Hunter_4","Set","Immobilize",20,"IMB RNG","R","Runebound Armor","Computer Virus","Scope","Lament Box"]
[null,null,null,null,null,null,null,null,null,null,null,null,null,null,null,null,null,null,null,null,null,null,null,null,null,null,null,null,null,null,null,null,null,null,"Trap of the Hunter_4","Set","Immobilize",26,"IMB RNG","R","Spell Ink","Scientific Theory","Steel","Deific Weapon"]
[null,null,null,null,null,null,null,null,null,null,null,null,null,null,null,null,null,null,null,null,null,null,null,null,null,null,null,null,null,null,null,null,null,null,"Trap of the Hunter_4","Set","Immobilize",41,"IMB RNG","R","Spirit Thorn","Ceramic Armor Plate","Chaos Theorem","Pangean Soil"]
[null,null,null,null,null,null,null,null,null,null,null,null,null,null,null,null,null,null,null,null,null,null,null,null,null,null,null,null,null,null,null,null,null,null,"Trap of the Hunter_5","Set","Immobilize",20,"ACC IMB RCH","R","Spell Scroll","Simple Chemical","Psionic Ectoplasm","Plasma Capacitor"]
[null,null,null,null,null,null,null,null,null,null,null,null,null,null,null,null,null,null,null,null,null,null,null,null,null,null,null,null,null,null,null,null,null,null,"Trap of the Hunter_5","Set","Immobilize",26,"ACC IMB RCH","R","Alchemical Silver","Circuit Board","Carnival of Shadows Mask","Mutating Genome"]
[null,null,null,null,null,null,null,null,null,null,null,null,null,null,null,null,null,null,null,null,null,null,null,null,null,null,null,null,null,null,null,null,null,null,"Trap of the Hunter_5","Set","Immobilize",41,"ACC IMB RCH","R","Demonic Threat Report","Hydraulic Piston","Bleeding Stone","Platinum"]
[null,null,null,null,null,null,null,null,null,null,null,null,null,null,null,null,null,null,null,null,null,null,null,null,null,null,null,null,null,null,null,null,null,null,"Trap of the Hunter_6","Set","Immobilize",20,"20% chance (Lethal)","R","Spiritual Essence","Brass","Volume of the Obsidian Librum","Psionicly Charged Brass","Complex Chemical Formula"]
[null,null,null,null,null,null,null,null,null,null,null,null,null,null,null,null,null,null,null,null,null,null,null,null,null,null,null,null,null,null,null,null,null,null,"Trap of the Hunter_6","Set","Immobilize",26,"20% chance (Lethal)","R","Ancient Bone","Stabilized Mutant Genome","Alchemical Gold","Black Blood of the Earth","Holographic Memory"]
[null,null,null,null,null,null,null,null,null,null,null,null,null,null,null,null,null,null,null,null,null,null,null,null,null,null,null,null,null,null,null,null,null,null,"Trap of the Hunter_6","Set","Immobilize",41,"20% chance (Lethal)","R","Regenerating Flesh","Silver","Psionic Threat Report","Diamond","Positronic Matrix"]
[null,null,null,null,null,null,null,null,null,null,null,null,null,null,null,null,null,null,null,null,null,null,null,null,null,null,null,null,null,null,null,null,null,null,"Triage_1","Set","Heal",10,"HEL END","U","Ancient Artifact","Brass","Unearthed Relic"]
[null,null,null,null,null,null,null,null,null,null,null,null,null,null,null,null,null,null,null,null,null,null,null,null,null,null,null,null,null,null,null,null,null,null,"Triage_1","Set","Heal",26,"HEL END","U","Masterwork Weapon","Stabilized Mutant Genome","Enscorcelled Weapon"]
[null,null,null,null,null,null,null,null,null,null,null,null,null,null,null,null,null,null,null,null,null,null,null,null,null,null,null,null,null,null,null,null,null,null,"Triage_2","Set","Heal",10,"END RCH","U","Spiritual Essence","Inanimate Carbon Rod","Temporal Sands"]
[null,null,null,null,null,null,null,null,null,null,null,null,null,null,null,null,null,null,null,null,null,null,null,null,null,null,null,null,null,null,null,null,null,null,"Triage_2","Set","Heal",26,"END RCH","U","Ancient Bone","Inert Gas","Symbol"]
[null,null,null,null,null,null,null,null,null,null,null,null,null,null,null,null,null,null,null,null,null,null,null,null,null,null,null,null,null,null,null,null,null,null,"Triage_3","Set","Heal",10,"HEL RCH","U","Clockwork Winder","Human Blood Sample","Mutant Blood Sample"]
[null,null,null,null,null,null,null,null,null,null,null,null,null,null,null,null,null,null,null,null,null,null,null,null,null,null,null,null,null,null,null,null,null,null,"Triage_3","Set","Heal",26,"HEL RCH","U","Demonic Blood Sample","Improvised Cybernetic","Commercial Cybernetic"]
[null,null,null,null,null,null,null,null,null,null,null,null,null,null,null,null,null,null,null,null,null,null,null,null,null,null,null,null,null,null,null,null,null,null,"Triage_4","Set","Heal",10,"HEL END RCH","U","Luck Charm","Boresight","Heavy Water"]
[null,null,null,null,null,null,null,null,null,null,null,null,null,null,null,null,null,null,null,null,null,null,null,null,null,null,null,null,null,null,null,null,null,null,"Triage_4","Set","Heal",26,"HEL END RCH","U","Rune","Iron","Corrosive Gas"]
[null,null,null,null,null,null,null,null,null,null,null,null,null,null,null,null,null,null,null,null,null,null,null,null,null,null,null,null,null,null,null,null,null,null,"Unbounded Leap_1","Set","Jump",15,"END","R","Ancient Artifact","Inanimate Carbon Rod","Complex Chemical Formula"]
[null,null,null,null,null,null,null,null,null,null,null,null,null,null,null,null,null,null,null,null,null,null,null,null,null,null,null,null,null,null,null,null,null,null,"Unbounded Leap_1","Set","Jump",26,"END","R","Masterwork Weapon","Inert Gas","Holographic Memory"]
[null,null,null,null,null,null,null,null,null,null,null,null,null,null,null,null,null,null,null,null,null,null,null,null,null,null,null,null,null,null,null,null,null,null,"Unbounded Leap_1","Set","Jump",41,"END","R","Nevermelting Ice","Temporal Analyzer","Positronic Matrix"]
[null,null,null,null,null,null,null,null,null,null,null,null,null,null,null,null,null,null,null,null,null,null,null,null,null,null,null,null,null,null,null,null,null,null,"Unbounded Leap_2","Set","Jump",15,"JMP","R","Spiritual Essence","Human Blood Sample","Symbiotic Armor"]
[null,null,null,null,null,null,null,null,null,null,null,null,null,null,null,null,null,null,null,null,null,null,null,null,null,null,null,null,null,null,null,null,null,null,"Unbounded Leap_2","Set","Jump",26,"JMP","R","Ancient Bone","Improvised Cybernetic","Soul Trapped Gem"]
[null,null,null,null,null,null,null,null,null,null,null,null,null,null,null,null,null,null,null,null,null,null,null,null,null,null,null,null,null,null,null,null,null,null,"Unbounded Leap_2","Set","Jump",41,"JMP","R","Regenerating Flesh","Kinetic Weapon","Hamidon Goo"]
[null,null,null,null,null,null,null,null,null,null,null,null,null,null,null,null,null,null,null,null,null,null,null,null,null,null,null,null,null,null,null,null,null,null,"Unbounded Leap_3","Set","Jump",15,"UNIQUE: +Stealth (35ft PvE/389ft PvP)","R","Runebound Armor","Boresight","Plasma Capacitor"]
[null,null,null,null,null,null,null,null,null,null,null,null,null,null,null,null,null,null,null,null,null,null,null,null,null,null,null,null,null,null,null,null,null,null,"Unbounded Leap_3","Set","Jump",26,"UNIQUE: +Stealth (35ft PvE/389ft PvP)","R","Spell Ink","Iron","Mutating Genome"]
[null,null,null,null,null,null,null,null,null,null,null,null,null,null,null,null,null,null,null,null,null,null,null,null,null,null,null,null,null,null,null,null,null,null,"Unbounded Leap_3","Set","Jump",41,"UNIQUE: +Stealth (35ft PvE/389ft PvP)","R","Spirit Thorn","Mathematic Proof","Platinum"]
[null,null,null,null,null,null,null,null,null,null,null,null,null,null,null,null,null,null,null,null,null,null,null,null,null,null,null,null,null,null,null,null,null,null,"Unquestioning Loyalty_1","Set","Pet",10,"DMG ACC","U","Inanimate Carbon Rod","Ancient Artifact","Chemical Formula"]
[null,null,null,null,null,null,null,null,null,null,null,null,null,null,null,null,null,null,null,null,null,null,null,null,null,null,null,null,null,null,null,null,null,null,"Unquestioning Loyalty_1","Set","Pet",26,"DMG ACC","U","Inert Gas","Masterwork Weapon","Data Drive"]
[null,null,null,null,null,null,null,null,null,null,null,null,null,null,null,null,null,null,null,null,null,null,null,null,null,null,null,null,null,null,null,null,null,null,"Unquestioning Loyalty_2","Set","Pet",10,"DMG END","U","Human Blood Sample","Luck Charm","Polycarbon"]
[null,null,null,null,null,null,null,null,null,null,null,null,null,null,null,null,null,null,null,null,null,null,null,null,null,null,null,null,null,null,null,null,null,null,"Unquestioning Loyalty_2","Set","Pet",26,"DMG END","U","Improvised Cybernetic","Rune","Mutant DNA Strand"]
[null,null,null,null,null,null,null,null,null,null,null,null,null,null,null,null,null,null,null,null,null,null,null,null,null,null,null,null,null,null,null,null,null,null,"Unquestioning Loyalty_3","Set","Pet",10,"ACC END","U","Boresight","Runebound Armor","Clockwork Gear"]
[null,null,null,null,null,null,null,null,null,null,null,null,null,null,null,null,null,null,null,null,null,null,null,null,null,null,null,null,null,null,null,null,null,null,"Unquestioning Loyalty_3","Set","Pet",26,"ACC END","U","Iron","Spell Ink","Blood of the Incarnate"]
[null,null,null,null,null,null,null,null,null,null,null,null,null,null,null,null,null,null,null,null,null,null,null,null,null,null,null,null,null,null,null,null,null,null,"Unquestioning Loyalty_4","Set","Pet",10,"DMG END ACC","U","Brass","Spell Scroll","Soulbound Armor","Psionic Manifestation"]
[null,null,null,null,null,null,null,null,null,null,null,null,null,null,null,null,null,null,null,null,null,null,null,null,null,null,null,null,null,null,null,null,null,null,"Unquestioning Loyalty_4","Set","Pet",26,"DMG END ACC","U","Stabilized Mutant Genome","Alchemical Silver","Living Tattoo","Mu Vestment"]
[null,null,null,null,null,null,null,null,null,null,null,null,null,null,null,null,null,null,null,null,null,null,null,null,null,null,null,null,null,null,null,null,null,null,"Unspeakable Terror_1","Set","Fear",10,"ACC RCH","U","Computer Virus","Runebound Armor","Scope"]
[null,null,null,null,null,null,null,null,null,null,null,null,null,null,null,null,null,null,null,null,null,null,null,null,null,null,null,null,null,null,null,null,null,null,"Unspeakable Terror_1","Set","Fear",26,"ACC RCH","U","Scientific Theory","Spell Ink","Steel"]
[null,null,null,null,null,null,null,null,null,null,null,null,null,null,null,null,null,null,null,null,null,null,null,null,null,null,null,null,null,null,null,null,null,null,"Unspeakable Terror_2","Set","Fear",10,"END FER","R","Boresight","Spell Scroll","Temporal Sands","Alien Blood Sample"]
[null,null,null,null,null,null,null,null,null,null,null,null,null,null,null,null,null,null,null,null,null,null,null,null,null,null,null,null,null,null,null,null,null,null,"Unspeakable Terror_2","Set","Fear",26,"END FER","R","Iron","Alchemical Silver","Symbol","Military Cybernetic"]
[null,null,null,null,null,null,null,null,null,null,null,null,null,null,null,null,null,null,null,null,null,null,null,null,null,null,null,null,null,null,null,null,null,null,"Unspeakable Terror_3","Set","Fear",10,"ACC END","R","Human Blood Sample","Spiritual Essence","Mutant Blood Sample","Luck Charm"]
[null,null,null,null,null,null,null,null,null,null,null,null,null,null,null,null,null,null,null,null,null,null,null,null,null,null,null,null,null,null,null,null,null,null,"Unspeakable Terror_3","Set","Fear",26,"ACC END","R","Improvised Cybernetic","Ancient Bone","Commercial Cybernetic","Rune"]
[null,null,null,null,null,null,null,null,null,null,null,null,null,null,null,null,null,null,null,null,null,null,null,null,null,null,null,null,null,null,null,null,null,null,"Unspeakable Terror_4","Set","Fear",10,"FER RNG","R","Brass","Luck Charm","Soulbound Armor","Source Code"]
[null,null,null,null,null,null,null,null,null,null,null,null,null,null,null,null,null,null,null,null,null,null,null,null,null,null,null,null,null,null,null,null,null,null,"Unspeakable Terror_4","Set","Fear",26,"FER RNG","R","Stabilized Mutant Genome","Rune","Living Tattoo","Conspiratorial Evidence"]
[null,null,null,null,null,null,null,null,null,null,null,null,null,null,null,null,null,null,null,null,null,null,null,null,null,null,null,null,null,null,null,null,null,null,"Unspeakable Terror_5","Set","Fear",10,"ACC FER RCH","R","Simple Chemical","Clockwork Winder","Chemical Formula","Page from the Malleus Mundi"]
[null,null,null,null,null,null,null,null,null,null,null,null,null,null,null,null,null,null,null,null,null,null,null,null,null,null,null,null,null,null,null,null,null,null,"Unspeakable Terror_5","Set","Fear",26,"ACC FER RCH","R","Circuit Board","Demonic Blood Sample","Data Drive","Enchanted Impervium"]
[null,null,null,null,null,null,null,null,null,null,null,null,null,null,null,null,null,null,null,null,null,null,null,null,null,null,null,null,null,null,null,null,null,null,"Unspeakable Terror_6","Set","Fear",10,"2% (Stun)","R","Inanimate Carbon Rod","Ancient Artifact","Psionic Manifestation","Plasma Capacitor"]
[null,null,null,null,null,null,null,null,null,null,null,null,null,null,null,null,null,null,null,null,null,null,null,null,null,null,null,null,null,null,null,null,null,null,"Unspeakable Terror_6","Set","Fear",26,"2% (Stun)","R","Inert Gas","Masterwork Weapon","Mu Vestment","Mutating Genome"]
[null,null,null,null,null,null,null,null,null,null,null,null,null,null,null,null,null,null,null,null,null,null,null,null,null,null,null,null,null,null,null,null,null,null,"Volley Fire_1","Set","Ranged Damage",15,"DMG ACC","U","Spiritual Essence","Human Blood Sample","Heavy Water"]
[null,null,null,null,null,null,null,null,null,null,null,null,null,null,null,null,null,null,null,null,null,null,null,null,null,null,null,null,null,null,null,null,null,null,"Volley Fire_1","Set","Ranged Damage",26,"DMG ACC","U","Ancient Bone","Improvised Cybernetic","Corrosive Gas"]
[null,null,null,null,null,null,null,null,null,null,null,null,null,null,null,null,null,null,null,null,null,null,null,null,null,null,null,null,null,null,null,null,null,null,"Volley Fire_2","Set","Ranged Damage",15,"DMG END","U","Luck Charm","Brass","Mutant Blood Sample"]
[null,null,null,null,null,null,null,null,null,null,null,null,null,null,null,null,null,null,null,null,null,null,null,null,null,null,null,null,null,null,null,null,null,null,"Volley Fire_2","Set","Ranged Damage",26,"DMG END","U","Rune","Stabilized Mutant Genome","Commercial Cybernetic"]
[null,null,null,null,null,null,null,null,null,null,null,null,null,null,null,null,null,null,null,null,null,null,null,null,null,null,null,null,null,null,null,null,null,null,"Volley Fire_3","Set","Ranged Damage",15,"DMG RCH","U","Spell Scroll","Computer Virus","Strand of Fate"]
[null,null,null,null,null,null,null,null,null,null,null,null,null,null,null,null,null,null,null,null,null,null,null,null,null,null,null,null,null,null,null,null,null,null,"Volley Fire_3","Set","Ranged Damage",26,"DMG RCH","U","Alchemical Silver","Scientific Theory","Empowered Sigil"]
[null,null,null,null,null,null,null,null,null,null,null,null,null,null,null,null,null,null,null,null,null,null,null,null,null,null,null,null,null,null,null,null,null,null,"Absolute Amazement_1","Set","Stun",50,"Chance for ToHit Debuff","Q","Psionic Threat Report","Gold","Pangean Soil","Chronal Skip","Photonic Weapon"]
[null,null,null,null,null,null,null,null,null,null,null,null,null,null,null,null,null,null,null,null,null,null,null,null,null,null,null,null,null,null,null,null,null,null,"Absolute Amazement_2","Set","Stun",50,"RCH ACC","Q","Destiny","Chaos Theorem","Essence of the Furies","Chronal Skip","Magical Conspiracy"]
[null,null,null,null,null,null,null,null,null,null,null,null,null,null,null,null,null,null,null,null,null,null,null,null,null,null,null,null,null,null,null,null,null,null,"Absolute Amazement_3","Set","Stun",50,"STN","Q","Psionic Threat Report","Pneumatic Piston","Magical Conspiracy","Photonic Weapon","Synthetic Intelligence Unit"]
[null,null,null,null,null,null,null,null,null,null,null,null,null,null,null,null,null,null,null,null,null,null,null,null,null,null,null,null,null,null,null,null,null,null,"Absolute Amazement_4","Set","Stun",50,"STN END","Q","Sapphire","Energy Weapon","Essence of the Furies","Photonic Weapon","Diamond"]
[null,null,null,null,null,null,null,null,null,null,null,null,null,null,null,null,null,null,null,null,null,null,null,null,null,null,null,null,null,null,null,null,null,null,"Absolute Amazement_5","Set","Stun",50,"STN RCH","Q","Psionic Threat Report","Energy Weapon","Essence of the Furies","Positronic Matrix","Magical Conspiracy"]
[null,null,null,null,null,null,null,null,null,null,null,null,null,null,null,null,null,null,null,null,null,null,null,null,null,null,null,null,null,null,null,null,null,null,"Absolute Amazement_6","Set","Stun",50,"STN RCH ACC","Q","Unquenchable Flame","Energy Weapon","Essence of the Furies","Platinum","Positronic Matrix"]
[null,null,null,null,null,null,null,null,null,null,null,null,null,null,null,null,null,null,null,null,null,null,null,null,null,null,null,null,null,null,null,null,null,null,"Apocalypse_1","Set","Ranged Damage",50,"33% Chance (Negative)","Q","Thorn Tree Vine","Chaos Theorem","Pangean Soil","Photonic Weapon","Prophecy"]
[null,null,null,null,null,null,null,null,null,null,null,null,null,null,null,null,null,null,null,null,null,null,null,null,null,null,null,null,null,null,null,null,null,null,"Apocalypse_2","Set","Ranged Damage",50,"DAM","Q","Thorn Tree Vine","Energy Weapon","Diamond","Platinum","Photonic Weapon"]
[null,null,null,null,null,null,null,null,null,null,null,null,null,null,null,null,null,null,null,null,null,null,null,null,null,null,null,null,null,null,null,null,null,null,"Apocalypse_3","Set","Ranged Damage",50,"DAM END","Q","Psionic Threat Report","Titanium Shard","Prophecy","Rikti Alloy","Platinum"]
[null,null,null,null,null,null,null,null,null,null,null,null,null,null,null,null,null,null,null,null,null,null,null,null,null,null,null,null,null,null,null,null,null,null,"Apocalypse_4","Set","Ranged Damage",50,"DAM RCH","Q","Destiny","Titanium Shard","Hamidon Goo","Synthetic Intelligence Unit","Magical Conspiracy"]
[null,null,null,null,null,null,null,null,null,null,null,null,null,null,null,null,null,null,null,null,null,null,null,null,null,null,null,null,null,null,null,null,null,null,"Apocalypse_5","Set","Ranged Damage",50,"DAM RCH ACC","Q","Thorn Tree Vine","Titanium Shard","Magical Conspiracy","Rikti Alloy","Synthetic Intelligence Unit"]
[null,null,null,null,null,null,null,null,null,null,null,null,null,null,null,null,null,null,null,null,null,null,null,null,null,null,null,null,null,null,null,null,null,null,"Apocalypse_6","Set","Ranged Damage",50,"RCH ACC","Q","Thorn Tree Vine","Titanium Shard","Prophecy","Platinum","Hamidon Goo"]
[null,null,null,null,null,null,null,null,null,null,null,null,null,null,null,null,null,null,null,null,null,null,null,null,null,null,null,null,null,null,null,null,null,null,"Armageddon_1","Set","PBAoE",50,"33% Chance (Fire)","Q","Thorn Tree Vine","Chaos Theorem","Hamidon Goo","Photonic Weapon","Essence of the Furies"]
[null,null,null,null,null,null,null,null,null,null,null,null,null,null,null,null,null,null,null,null,null,null,null,null,null,null,null,null,null,null,null,null,null,null,"Armageddon_2","Set","PBAoE",50,"DAM","Q","Sapphire","Gold","Essence of the Furies","Photonic Weapon","Platinum"]
[null,null,null,null,null,null,null,null,null,null,null,null,null,null,null,null,null,null,null,null,null,null,null,null,null,null,null,null,null,null,null,null,null,null,"Armageddon_3","Set","PBAoE",50,"DAM END","Q","Destiny","Temporal Tracer","Diamond","Synthetic Intelligence Unit","Positronic Matrix"]
[null,null,null,null,null,null,null,null,null,null,null,null,null,null,null,null,null,null,null,null,null,null,null,null,null,null,null,null,null,null,null,null,null,null,"Armageddon_4","Set","PBAoE",50,"DAM RCH","Q","Thorn Tree Vine","Energy Weapon","Pangean Soil","Platinum","Prophecy"]
[null,null,null,null,null,null,null,null,null,null,null,null,null,null,null,null,null,null,null,null,null,null,null,null,null,null,null,null,null,null,null,null,null,null,"Armageddon_5","Set","PBAoE",50,"DAM RCH ACC","Q","Sapphire","Chaos Theorem","Prophecy","Synthetic Intelligence Unit","Platinum"]
[null,null,null,null,null,null,null,null,null,null,null,null,null,null,null,null,null,null,null,null,null,null,null,null,null,null,null,null,null,null,null,null,null,null,"Armageddon_6","Set","PBAoE",50,"RCH ACC","Q","Destiny","Titanium Shard","Hamidon Goo","Positronic Matrix","Essence of the Furies"]
[null,null,null,null,null,null,null,null,null,null,null,null,null,null,null,null,null,null,null,null,null,null,null,null,null,null,null,null,null,null,null,null,null,null,"Coercive Persuasion_1","Set","Confuse",50,"CNF","Q","Bleeding Stone","Pneumatic Piston","Prophecy","Platinum","Pangean Soil"]
[null,null,null,null,null,null,null,null,null,null,null,null,null,null,null,null,null,null,null,null,null,null,null,null,null,null,null,null,null,null,null,null,null,null,"Coercive Persuasion_2","Set","Confuse",50,"CNF END","Q","Sapphire","Energy Weapon","Essence of the Furies","Rikti Alloy","Hamidon Goo"]
[null,null,null,null,null,null,null,null,null,null,null,null,null,null,null,null,null,null,null,null,null,null,null,null,null,null,null,null,null,null,null,null,null,null,"Coercive Persuasion_3","Set","Confuse",50,"CNF RCH","Q","Sapphire","Energy Weapon","Pangean Soil","Chronal Skip","Platinum"]
[null,null,null,null,null,null,null,null,null,null,null,null,null,null,null,null,null,null,null,null,null,null,null,null,null,null,null,null,null,null,null,null,null,null,"Coercive Persuasion_4","Set","Confuse",50,"CNF RCH ACC","Q","Unquenchable Flame","Gold","Essence of the Furies","Platinum","Hamidon Goo"]
[null,null,null,null,null,null,null,null,null,null,null,null,null,null,null,null,null,null,null,null,null,null,null,null,null,null,null,null,null,null,null,null,null,null,"Coercive Persuasion_5","Set","Confuse",50,"33% Chance (Confusion)","Q","Destiny","Titanium Shard","Essence of the Furies","Rikti Alloy","Chronal Skip"]
[null,null,null,null,null,null,null,null,null,null,null,null,null,null,null,null,null,null,null,null,null,null,null,null,null,null,null,null,null,null,null,null,null,null,"Coercive Persuasion_6","Set","Confuse",50,"RCH ACC","Q","Thorn Tree Vine","Pneumatic Piston","Pangean Soil","Chronal Skip","Platinum"]
[null,null,null,null,null,null,null,null,null,null,null,null,null,null,null,null,null,null,null,null,null,null,null,null,null,null,null,null,null,null,null,null,null,null,"Fortunata Hypnosis_1","Set","Sleep",50,"33% Chance (Placate)","Q","Destiny","Pneumatic Piston","Diamond","Positronic Matrix","Magical Conspiracy"]
[null,null,null,null,null,null,null,null,null,null,null,null,null,null,null,null,null,null,null,null,null,null,null,null,null,null,null,null,null,null,null,null,null,null,"Fortunata Hypnosis_2","Set","Sleep",50,"RCH ACC","Q","Sapphire","Titanium Shard","Prophecy","Positronic Matrix","Diamond"]
[null,null,null,null,null,null,null,null,null,null,null,null,null,null,null,null,null,null,null,null,null,null,null,null,null,null,null,null,null,null,null,null,null,null,"Fortunata Hypnosis_3","Set","Sleep",50,"SLP","Q","Psionic Threat Report","Pneumatic Piston","Hamidon Goo","Photonic Weapon","Essence of the Furies"]
[null,null,null,null,null,null,null,null,null,null,null,null,null,null,null,null,null,null,null,null,null,null,null,null,null,null,null,null,null,null,null,null,null,null,"Fortunata Hypnosis_4","Set","Sleep",50,"SLP END","Q","Destiny","Temporal Tracer","Pangean Soil","Chronal Skip","Positronic Matrix"]
[null,null,null,null,null,null,null,null,null,null,null,null,null,null,null,null,null,null,null,null,null,null,null,null,null,null,null,null,null,null,null,null,null,null,"Fortunata Hypnosis_5","Set","Sleep",50,"SLP RCH","Q","Bleeding Stone","Temporal Tracer","Magical Conspiracy","Photonic Weapon","Chronal Skip"]
[null,null,null,null,null,null,null,null,null,null,null,null,null,null,null,null,null,null,null,null,null,null,null,null,null,null,null,null,null,null,null,null,null,null,"Fortunata Hypnosis_6","Set","Sleep",50,"SLP RCH ACC","Q","Thorn Tree Vine","Titanium Shard","Prophecy","Rikti Alloy","Pangean Soil"]
[null,null,null,null,null,null,null,null,null,null,null,null,null,null,null,null,null,null,null,null,null,null,null,null,null,null,null,null,null,null,null,null,null,null,"Gravitational Anchor_1","Set","Immobilize",50,"25% Chance (Hold)","Q","Unquenchable Flame","Titanium Shard","Magical Conspiracy","Synthetic Intelligence Unit","Essence of the Furies"]
[null,null,null,null,null,null,null,null,null,null,null,null,null,null,null,null,null,null,null,null,null,null,null,null,null,null,null,null,null,null,null,null,null,null,"Gravitational Anchor_2","Set","Immobilize",50,"IMB","Q","Thorn Tree Vine","Pneumatic Piston","Prophecy","Synthetic Intelligence Unit","Positronic Matrix"]
[null,null,null,null,null,null,null,null,null,null,null,null,null,null,null,null,null,null,null,null,null,null,null,null,null,null,null,null,null,null,null,null,null,null,"Gravitational Anchor_3","Set","Immobilize",50,"IMB END","Q","Destiny","Temporal Tracer","Magical Conspiracy","Photonic Weapon","Chronal Skip"]
[null,null,null,null,null,null,null,null,null,null,null,null,null,null,null,null,null,null,null,null,null,null,null,null,null,null,null,null,null,null,null,null,null,null,"Gravitational Anchor_4","Set","Immobilize",50,"IMB RCH","Q","Unquenchable Flame","Energy Weapon","Essence of the Furies","Chronal Skip","Hamidon Goo"]
[null,null,null,null,null,null,null,null,null,null,null,null,null,null,null,null,null,null,null,null,null,null,null,null,null,null,null,null,null,null,null,null,null,null,"Gravitational Anchor_5","Set","Immobilize",50,"IMB RCH ACC","Q","Bleeding Stone","Temporal Tracer","Diamond","Rikti Alloy","Chronal Skip"]
[null,null,null,null,null,null,null,null,null,null,null,null,null,null,null,null,null,null,null,null,null,null,null,null,null,null,null,null,null,null,null,null,null,null,"Gravitational Anchor_6","Set","Immobilize",50,"RCH ACC","Q","Bleeding Stone","Energy Weapon","Pangean Soil","Chronal Skip","Hamidon Goo"]
[null,null,null,null,null,null,null,null,null,null,null,null,null,null,null,null,null,null,null,null,null,null,null,null,null,null,null,null,null,null,null,null,null,null,"Hecatomb_1","Set","Melee Damage",50,"33% Chance (Negative)","Q","Thorn Tree Vine","Chaos Theorem","Magical Conspiracy","Platinum","Diamond"]
[null,null,null,null,null,null,null,null,null,null,null,null,null,null,null,null,null,null,null,null,null,null,null,null,null,null,null,null,null,null,null,null,"",null,"Hecatomb_2","Set","Melee Damage",50,"DAM","Q","Sapphire","Titanium Shard","Pangean Soil","Rikti Alloy","Hamidon Goo"]
[null,null,null,null,null,null,null,null,null,null,null,null,null,null,null,null,null,null,null,null,null,null,null,null,null,null,null,null,null,null,null,null,"",null,"Hecatomb_3","Set","Melee Damage",50,"DAM END","Q","Unquenchable Flame","Chaos Theorem","Hamidon Goo","Chronal Skip","Synthetic Intelligence Unit"]
[null,null,null,null,null,null,null,null,null,null,null,null,null,null,null,null,null,null,null,null,null,null,null,null,null,null,null,null,null,null,null,null,"",null,"Hecatomb_4","Set","Melee Damage",50,"DAM RCH","Q","Thorn Tree Vine","Titanium Shard","Essence of the Furies","Platinum","Hamidon Goo"]
[null,null,null,null,null,null,null,null,null,null,null,null,null,null,null,null,null,null,null,null,null,null,null,null,null,null,null,null,null,null,null,null,"",null,"Hecatomb_5","Set","Melee Damage",50,"DAM RCH ACC","Q","Psionic Threat Report","Chaos Theorem","Prophecy","Platinum","Synthetic Intelligence Unit"]
[null,null,null,null,null,null,null,null,null,null,null,null,null,null,null,null,null,null,null,null,null,null,null,null,null,null,null,null,null,null,null,null,"",null,"Hecatomb_6","Set","Melee Damage",50,"RCH ACC","Q","Sapphire","Titanium Shard","Magical Conspiracy","Synthetic Intelligence Unit","Essence of the Furies"]
[null,null,null,null,null,null,null,null,null,null,null,null,null,null,null,null,null,null,null,null,null,null,null,null,null,null,null,null,null,null,null,null,"",null,"Ragnarok_1","Set","Ranged AoE",50,"20% Chance (Knockdown)","Q","Bleeding Stone","Temporal Tracer","Diamond","Chronal Skip","Photonic Weapon"]
[null,null,null,null,null,null,null,null,null,null,null,null,null,null,null,null,null,null,null,null,null,null,null,null,null,null,null,null,null,null,null,null,"",null,"Ragnarok_2","Set","Ranged AoE",50,"DAM","Q","Bleeding Stone","Pneumatic Piston","Prophecy","Platinum","Photonic Weapon"]
[null,null,null,null,null,null,null,null,null,null,null,null,null,null,null,null,null,null,null,null,null,null,null,null,null,null,null,null,null,null,null,null,"",null,"Ragnarok_3","Set","Ranged AoE",50,"DAM END","Q","Sapphire","Energy Weapon","Essence of the Furies","Chronal Skip","Hamidon Goo"]
[null,null,null,null,null,null,null,null,null,null,null,null,null,null,null,null,null,null,null,null,null,null,null,null,null,null,null,null,null,null,null,null,"",null,"Ragnarok_4","Set","Ranged AoE",50,"DAM RCH","Q","Unquenchable Flame","Energy Weapon","Magical Conspiracy","Positronic Matrix","Essence of the Furies"]
[null,null,null,null,null,null,null,null,null,null,null,null,null,null,null,null,null,null,null,null,null,null,null,null,null,null,null,null,null,null,null,null,"",null,"Ragnarok_5","Set","Ranged AoE",50,"DAM RCH ACC","Q","Thorn Tree Vine","Gold","Prophecy","Chronal Skip","Diamond"]
[null,null,null,null,null,null,null,null,null,null,null,null,null,null,null,null,null,null,null,null,null,null,null,null,null,null,null,null,null,null,null,null,"",null,"Ragnarok_6","Set","Ranged AoE",50,"RCH ACC","Q","Destiny","Gold","Pangean Soil","Positronic Matrix","Chronal Skip"]
[null,null,null,null,null,null,null,null,null,null,null,null,null,null,null,null,null,null,null,null,null,null,null,null,null,null,null,null,null,null,null,null,"",null,"Soulbound Allegiance_1","Set","Pet",50,"16.6% Chance (Build Up)","Q","Bleeding Stone","Temporal Tracer","Diamond","Positronic Matrix","Platinum"]
[null,null,null,null,null,null,null,null,null,null,null,null,null,null,null,null,null,null,null,null,null,null,null,null,null,null,null,null,null,null,null,null,"",null,"Soulbound Allegiance_2","Set","Pet",50,"DAM","Q","Bleeding Stone","Gold","Magical Conspiracy","Synthetic Intelligence Unit","Essence of the Furies"]
[null,null,null,null,null,null,null,null,null,null,null,null,null,null,null,null,null,null,null,null,null,null,null,null,null,null,null,null,null,null,null,null,"",null,"Soulbound Allegiance_3","Set","Pet",50,"DAM END","Q","Thorn Tree Vine","Energy Weapon","Diamond","Positronic Matrix","Prophecy"]
[null,null,null,null,null,null,null,null,null,null,null,null,null,null,null,null,null,null,null,null,null,null,null,null,null,null,null,null,null,null,null,null,"",null,"Soulbound Allegiance_4","Set","Pet",50,"DAM RCH","Q","Thorn Tree Vine","Energy Weapon","Pangean Soil","Chronal Skip","Synthetic Intelligence Unit"]
[null,null,null,null,null,null,null,null,null,null,null,null,null,null,null,null,null,null,null,null,null,null,null,null,null,null,null,null,null,null,null,null,"",null,"Soulbound Allegiance_5","Set","Pet",50,"DAM RCH ACC","Q","Destiny","Titanium Shard","Essence of the Furies","Photonic Weapon","Hamidon Goo"]
[null,null,null,null,null,null,null,null,null,null,null,null,null,null,null,null,null,null,null,null,null,null,null,null,null,null,null,null,null,null,null,null,"",null,"Soulbound Allegiance_6","Set","Pet",50,"RCH ACC","Q","Destiny","Energy Weapon","Hamidon Goo","Synthetic Intelligence Unit","Photonic Weapon"]
[null,null,null,null,null,null,null,null,null,null,null,null,null,null,null,null,null,null,null,null,null,null,null,null,null,null,null,null,null,null,null,null,"",null,"Unbreakable Contraint_1","Set","Hold",50,"33% Chance (Smashing)","Q","Unquenchable Flame","Gold","Hamidon Goo","Synthetic Intelligence Unit","Essence of the Furies"]
[null,null,null,null,null,null,null,null,null,null,null,null,null,null,null,null,null,null,null,null,null,null,null,null,null,null,null,null,null,null,null,null,"",null,"Unbreakable Contraint_2","Set","Hold",50,"HLD","Q","Psionic Threat Report","Chaos Theorem","Prophecy","Synthetic Intelligence Unit","Platinum"]
[null,null,null,null,null,null,null,null,null,null,null,null,null,null,null,null,null,null,null,null,null,null,null,null,null,null,null,null,null,null,null,null,"",null,"Unbreakable Contraint_3","Set","Hold",50,"HLD END","Q","Thorn Tree Vine","Gold","Prophecy","Chronal Skip","Positronic Matrix"]
[null,null,null,null,null,null,null,null,null,null,null,null,null,null,null,null,null,null,null,null,null,null,null,null,null,null,null,null,null,null,null,null,"",null,"Unbreakable Contraint_4","Set","Hold",50,"HLD RCH","Q","Bleeding Stone","Titanium Shard","Magical Conspiracy","Positronic Matrix","Diamond"]
[null,null,null,null,null,null,null,null,null,null,null,null,null,null,null,null,null,null,null,null,null,null,null,null,null,null,null,null,null,null,null,null,"",null,"Unbreakable Contraint_5","Set","Hold",50,"HLD RCH ACC","Q","Destiny","Chaos Theorem","Prophecy","Rikti Alloy","Positronic Matrix"]
[null,null,null,null,null,null,null,null,null,null,null,null,null,null,null,null,null,null,null,null,null,null,null,null,null,null,null,null,null,null,null,null,"",null,"Unbreakable Contraint_6","Set","Hold",50,"RCH ACC","Q","Destiny","Pneumatic Piston","Diamond","Positronic Matrix","Magical Conspiracy"]
[null,null,null,null,null,null,null,null,null,null,null,null,null,null,null,null,null,null,null,null,null,null,null,null,null,null,null,null,null,null,null,"","",null,"Annoyance_1","Set","Taunt",10,"TNT","U","Spell Scroll","Human Blood Sample","Temporal Sands"]
[null,null,null,null,null,null,null,null,null,null,null,null,null,null,null,null,null,null,null,null,null,null,null,null,null,null,null,null,null,null,null,"","",null,"Annoyance_2","Set","Taunt",10,"TNT RCH","U","Spell Scroll","Simple Chemical","Daemon Program"]
[null,null,null,null,null,null,null,null,null,null,null,null,null,null,null,null,null,null,null,null,null,null,null,null,null,null,null,null,null,null,null,"","",null,"Annoyance_3","Set","Taunt",10,"TNT RCH RNG","U","Runebound Armor","Human Blood Sample","Psionic Ectoplasm"]
[null,null,null,null,null,null,null,null,null,null,null,null,null,null,null,null,null,null,null,null,null,null,null,null,null,null,null,null,null,null,null,"","",null,"Triumphant Insult_1","Set","Taunt",10,"TNT","U","Spiritual Essence","Human Blood Sample","Polycarbon"]
[null,null,null,null,null,null,null,null,null,null,null,null,null,null,null,null,null,null,null,null,null,null,null,null,null,null,null,null,null,null,null,"","",null,"Triumphant Insult_2","Set","Taunt",10,"TNT RCH","R","Runebound Armor","Inanimate Carbon Rod","Volume of the Obsidian Librum"]
[null,null,null,null,null,null,null,null,null,null,null,null,null,null,null,null,null,null,null,null,null,null,null,null,null,null,null,null,null,null,null,"","",null,"Triumphant Insult_3","Set","Taunt",10,"10% Chance (Stun)","R","Luck Charm","Computer Virus","Heavy Water"]
[null,null,null,null,null,null,null,null,null,null,null,null,null,null,null,null,null,null,null,null,null,null,null,null,null,null,null,null,null,null,null,"","",null,"Mocking Beratement_1","Set","Taunt",10,"TNT","U","Luck Charm","Boresight","Psionic Ectoplasm"]
[null,null,null,null,null,null,null,null,null,null,null,null,null,null,null,null,null,null,null,null,null,null,null,null,null,null,null,null,null,null,null,"","",null,"Mocking Beratement_1","Set","Taunt",26,"TNT","U","Rune","Iron","Carnival of Shadows Mask"]
[null,null,null,null,null,null,null,null,null,null,null,null,null,null,null,null,null,null,null,null,null,null,null,null,null,null,null,null,null,null,null,"","",null,"Mocking Beratement_1","Set","Taunt",41,"TNT","U","Fortune","Mathematic Proof","Bleeding Stone"]
[null,null,null,null,null,null,null,null,null,null,null,null,null,null,null,null,null,null,null,null,null,null,null,null,null,null,null,null,null,null,null,"","",null,"Mocking Beratement_2","Set","Taunt",10,"TNT RCH","U","Runebound Armor","Brass","Daemon Program"]
[null,null,null,null,null,null,null,null,null,null,null,null,null,null,null,null,null,null,null,null,null,null,null,null,null,null,null,null,null,null,null,"","",null,"Mocking Beratement_2","Set","Taunt",26,"TNT RCH","U","Spell Ink","Stabilized Mutant Genome","Scientific Law"]
[null,null,null,null,null,null,null,null,null,null,null,null,null,null,null,null,null,null,null,null,null,null,null,null,null,null,null,null,null,null,null,"","",null,"Mocking Beratement_2","Set","Taunt",41,"TNT RCH","U","Spirit Thorn","Silver","Titanium Shard"]
[null,null,null,null,null,null,null,null,null,null,null,null,null,null,null,null,null,null,null,null,null,null,null,null,null,null,null,null,null,null,null,"","",null,"Mocking Beratement_3","Set","Taunt",10,"TNT RCH RNG","U","Clockwork Winder","Boresight","Unearthed Relic"]
[null,null,null,null,null,null,null,null,null,null,null,null,null,null,null,null,null,null,null,null,null,null,null,null,null,null,null,null,null,null,null,"","",null,"Mocking Beratement_3","Set","Taunt",26,"TNT RCH RNG","U","Demonic Blood Sample","Iron","Enscorcelled Weapon"]
[null,null,null,null,null,null,null,null,null,null,null,null,null,null,null,null,null,null,null,null,null,null,null,null,null,null,null,null,null,null,null,"","",null,"Mocking Beratement_3","Set","Taunt",41,"TNT RCH RNG","U","Ruby","Mathematic Proof","Unquenchable Flame"]
[null,null,null,null,null,null,null,null,null,null,null,null,null,null,null,null,null,null,null,null,null,null,null,null,null,null,null,null,null,null,null,"","",null,"Mocking Beratement_4","Set","Taunt",10,"RCH ACC","U","Clockwork Winder","Inanimate Carbon Rod","Daemon Program"]
[null,null,null,null,null,null,null,null,null,null,null,null,null,null,null,null,null,null,null,null,null,null,null,null,null,null,null,null,null,null,null,"","",null,"Mocking Beratement_4","Set","Taunt",26,"RCH ACC","U","Demonic Blood Sample","Inert Gas","Scientific Law"]
[null,null,null,null,null,null,null,null,null,null,null,null,null,null,null,null,null,null,null,null,null,null,null,null,null,null,null,null,null,null,null,"","",null,"Mocking Beratement_4","Set","Taunt",41,"RCH ACC","U","Ruby","Temporal Analyzer","Titanium Shard"]
[null,null,null,null,null,null,null,null,null,null,null,null,null,null,null,null,null,null,null,null,null,null,null,null,null,null,null,null,null,null,null,"","",null,"Mocking Beratement_5","Set","Taunt",10,"TNT RNG","U","Spiritual Essence","Boresight","Temporal Sands"]
[null,null,null,null,null,null,null,null,null,null,null,null,null,null,null,null,null,null,null,null,null,null,null,null,null,null,null,null,null,null,null,"","",null,"Mocking Beratement_5","Set","Taunt",26,"TNT RNG","U","Ancient Bone","Iron","Symbol"]
[null,null,null,null,null,null,null,null,null,null,null,null,null,null,null,null,null,null,null,null,null,null,null,null,null,null,null,null,null,null,null,"","",null,"Mocking Beratement_5","Set","Taunt",41,"TNT RNG","U","Regenerating Flesh","Mathematic Proof","Destiny"]
[null,null,null,null,null,null,null,null,null,null,null,null,null,null,null,null,null,null,null,null,null,null,null,null,null,null,null,null,null,null,null,"","",null,"Mocking Beratement_6","Set","Taunt",10,"RCH","R","Runebound Armor","Human Blood Sample","Clockwork Gear"]
[null,null,null,null,null,null,null,null,null,null,null,null,null,null,null,null,null,null,null,null,null,null,null,null,null,null,null,null,null,null,null,"","",null,"Mocking Beratement_6","Set","Taunt",26,"RCH","R","Spell Ink","Improvised Cybernetic","Blood of the Incarnate"]
[null,null,null,null,null,null,null,null,null,null,null,null,null,null,null,null,null,null,null,null,null,null,null,null,null,null,null,null,null,null,null,"","",null,"Mocking Beratement_6","Set","Taunt",41,"RCH","R","Spirit Thorn","Kinetic Weapon","Sapphire"]
[null,null,null,null,null,null,null,null,null,null,null,null,null,null,null,null,null,null,null,null,null,null,null,null,null,null,null,null,null,null,null,"","",null,"Perfect Zinger_1","Set","Taunt",10,"TNT","U","Spiritual Essence","Brass","Temporal Sands","Psionic Manifestation"]
[null,null,null,null,null,null,null,null,null,null,null,null,null,null,null,null,null,null,null,null,null,null,null,null,null,null,null,null,null,null,null,"","",null,"Perfect Zinger_1","Set","Taunt",26,"TNT","U","Ancient Bone","Stabilized Mutant Genome","Symbol","Mu Vestment"]
[null,null,null,null,null,null,null,null,null,null,null,null,null,null,null,null,null,null,null,null,null,null,null,null,null,null,null,null,null,null,null,"","",null,"Perfect Zinger_1","Set","Taunt",41,"TNT","U","Regenerating Flesh","Silver","Destiny","Essence of the Furies"]
[null,null,null,null,null,null,null,null,null,null,null,null,null,null,null,null,null,null,null,null,null,null,null,null,null,null,null,null,null,null,null,"","",null,"Perfect Zinger_2","Set","Taunt",10,"TNT RCH","R","Runebound Armor","Simple Chemical","Mutant Blood Sample","Plasma Capacitor"]
[null,null,null,null,null,null,null,null,null,null,null,null,null,null,null,null,null,null,null,null,null,null,null,null,null,null,null,null,null,null,null,"","",null,"Perfect Zinger_2","Set","Taunt",26,"TNT RCH","R","Spell Ink","Circuit Board","Commercial Cybernetic","Mutating Genome"]
[null,null,null,null,null,null,null,null,null,null,null,null,null,null,null,null,null,null,null,null,null,null,null,null,null,null,null,null,null,null,null,"","",null,"Perfect Zinger_2","Set","Taunt",41,"TNT RCH","R","Spirit Thorn","Hydraulic Piston","Energy Weapon","Platinum"]
[null,null,null,null,null,null,null,null,null,null,null,null,null,null,null,null,null,null,null,null,null,null,null,null,null,null,null,null,null,null,null,"","",null,"Perfect Zinger_3","Set","Taunt",10,"TNT RCH RNG","R","Luck Charm","Brass","Psionic Ectoplasm","Page from the Malleus Mundi"]
[null,null,null,null,null,null,null,null,null,null,null,null,null,null,null,null,null,null,null,null,null,null,null,null,null,null,null,null,null,null,null,"","",null,"Perfect Zinger_3","Set","Taunt",26,"TNT RCH RNG","R","Rune","Stabilized Mutant Genome","Carnival of Shadows Mask","Enchanted Impervium"]
[null,null,null,null,null,null,null,null,null,null,null,null,null,null,null,null,null,null,null,null,null,null,null,null,null,null,null,null,null,null,null,"","",null,"Perfect Zinger_3","Set","Taunt",41,"TNT RCH RNG","R","Fortune","Silver","Bleeding Stone","Magical Conspiracy"]
[null,null,null,null,null,null,null,null,null,null,null,null,null,null,null,null,null,null,null,null,null,null,null,null,null,null,null,null,null,null,null,"","",null,"Perfect Zinger_4","Set","Taunt",10,"RCH ACC","R","Luck Charm","Boresight","Daemon Program","Complex Chemical Formula"]
[null,null,null,null,null,null,null,null,null,null,null,null,null,null,null,null,null,null,null,null,null,null,null,null,null,null,null,null,null,null,null,"","",null,"Perfect Zinger_4","Set","Taunt",26,"RCH ACC","R","Rune","Iron","Scientific Law","Holographic Memory"]
[null,null,null,null,null,null,null,null,null,null,null,null,null,null,null,null,null,null,null,null,null,null,null,null,null,null,null,null,null,null,null,"","",null,"Perfect Zinger_4","Set","Taunt",41,"RCH ACC","R","Fortune","Mathematic Proof","Titanium Shard","Positronic Matrix"]
[null,null,null,null,null,null,null,null,null,null,null,null,null,null,null,null,null,null,null,null,null,null,null,null,null,null,null,null,null,null,null,"","",null,"Perfect Zinger_5","Set","Taunt",10,"TNT RNG","R","Runebound Armor","Inanimate Carbon Rod","Psionic Ectoplasm","Psionicly Charged Brass"]
[null,null,null,null,null,null,null,null,null,null,null,null,null,null,null,null,null,null,null,null,null,null,null,null,null,null,null,null,null,null,null,"","",null,"Perfect Zinger_5","Set","Taunt",26,"TNT RNG","R","Spell Ink","Inert Gas","Carnival of Shadows Mask","Black Blood of the Earth"]
[null,null,null,null,null,null,null,null,null,null,null,null,null,null,null,null,null,null,null,null,null,null,null,null,null,null,null,null,null,null,null,"","",null,"Perfect Zinger_5","Set","Taunt",41,"TNT RNG","R","Spirit Thorn","Temporal Analyzer","Bleeding Stone","Diamond"]
[null,null,null,null,null,null,null,null,null,null,null,null,null,null,null,null,null,null,null,null,null,null,null,null,null,null,null,null,null,null,null,"","",null,"Perfect Zinger_6","Set","Taunt",10,"20% chance (Psionic)","R","Ancient Artifact","Computer Virus","Soulbound Armor","Complex Chemical Formula"]
[null,null,null,null,null,null,null,null,null,null,null,null,null,null,null,null,null,null,null,null,null,null,null,null,null,null,null,null,null,null,null,"","",null,"Perfect Zinger_6","Set","Taunt",26,"20% chance (Psionic)","R","Masterwork Weapon","Scientific Theory","Living Tattoo","Holographic Memory"]
[null,null,null,null,null,null,null,null,null,null,null,null,null,null,null,null,null,null,null,null,null,null,null,null,null,null,null,null,null,null,null,"","",null,"Perfect Zinger_6","Set","Taunt",41,"20% chance (Psionic)","R","Nevermelting Ice","Ceramic Armor Plate","Thorn Tree Vine","Positronic Matrix"]
[null,null,null,null,null,null,null,null,null,null,null,null,null,null,null,null,null,null,null,null,null,null,null,null,null,null,null,null,null,null,null,"","",null,"Volley of Velocity_1","Set","Knockback",10,"KBA ACC","U","Spiritual Essence","Simple Chemical","Unearthed Relic"]
[null,null,null,null,null,null,null,null,null,null,null,null,null,null,null,null,null,null,null,null,null,null,null,null,null,null,null,null,null,null,null,"","",null,"Volley of Velocity_2","Set","Knockback",10,"KBA DMG","U","Clockwork Winder","Inanimate Carbon Rod","Polycarbon"]
[null,null,null,null,null,null,null,null,null,null,null,null,null,null,null,null,null,null,null,null,null,null,null,null,null,null,null,null,null,null,null,"","",null,"Volley of Velocity_3","Set","Knockback",10,"KBA RCH","U","Spell Scroll","Simple Chemical","Soulbound Armor"]
[null,null,null,null,null,null,null,null,null,null,null,null,null,null,null,null,null,null,null,null,null,null,null,null,null,null,null,null,null,null,null,"","",null,"Explosive Strike_1","Set","Knockback",10,"KBA DMG","U","Luck Charm","Computer Virus","Heavy Water"]
[null,null,null,null,null,null,null,null,null,null,null,null,null,null,null,null,null,null,null,null,null,null,null,null,null,null,null,null,null,null,null,"","",null,"Explosive Strike_2","Set","Knockback",10,"KBA ACC","R","Luck Charm","Boresight","Volume of the Obsidian Librum"]
[null,null,null,null,null,null,null,null,null,null,null,null,null,null,null,null,null,null,null,null,null,null,null,null,null,null,null,null,null,null,null,"","",null,"Explosive Strike_3","Set","Knockback",10,"20% chance (Smashing)","R","Spell Scroll","Inanimate Carbon Rod","Mutant Blood Sample"]
[null,null,null,null,null,null,null,null,null,null,null,null,null,null,null,null,null,null,null,null,null,null,null,null,null,null,null,null,null,null,null,"","",null,"Kinetic Crash_1","Set","Knockback",10,"KBA ACC","U","Luck Charm","Computer Virus","Unearthed Relic"]
[null,null,null,null,null,null,null,null,null,null,null,null,null,null,null,null,null,null,null,null,null,null,null,null,null,null,null,null,null,null,null,"","",null,"Kinetic Crash_1","Set","Knockback",26,"KBA ACC","U","Rune","Scientific Theory","Enscorcelled Weapon"]
[null,null,null,null,null,null,null,null,null,null,null,null,null,null,null,null,null,null,null,null,null,null,null,null,null,null,null,null,null,null,null,"","",null,"Kinetic Crash_1","Set","Knockback",41,"KBA ACC","U","Fortune","Ceramic Armor Plate","Unquenchable Flame"]
[null,null,null,null,null,null,null,null,null,null,null,null,null,null,null,null,null,null,null,null,null,null,null,null,null,null,null,null,null,null,null,"","",null,"Kinetic Crash_2","Set","Knockback",10,"KBA DMG","U","Clockwork Winder","Simple Chemical","Chemical Formula"]
[null,null,null,null,null,null,null,null,null,null,null,null,null,null,null,null,null,null,null,null,null,null,null,null,null,null,null,null,null,null,null,"","",null,"Kinetic Crash_2","Set","Knockback",26,"KBA DMG","U","Demonic Blood Sample","Circuit Board","Data Drive"]
[null,null,null,null,null,null,null,null,null,null,null,null,null,null,null,null,null,null,null,null,null,null,null,null,null,null,null,null,null,null,null,"","",null,"Kinetic Crash_2","Set","Knockback",41,"KBA DMG","U","Ruby","Hydraulic Piston","Pneumatic Piston"]
[null,null,null,null,null,null,null,null,null,null,null,null,null,null,null,null,null,null,null,null,null,null,null,null,null,null,null,null,null,null,null,"","",null,"Kinetic Crash_3","Set","Knockback",10,"KBA RCH","U","Runebound Armor","Inanimate Carbon Rod","Volume of the Obsidian Librum"]
[null,null,null,null,null,null,null,null,null,null,null,null,null,null,null,null,null,null,null,null,null,null,null,null,null,null,null,null,null,null,null,"","",null,"Kinetic Crash_3","Set","Knockback",26,"KBA RCH","U","Spell Ink","Inert Gas","Alchemical Gold"]
[null,null,null,null,null,null,null,null,null,null,null,null,null,null,null,null,null,null,null,null,null,null,null,null,null,null,null,null,null,null,null,"","",null,"Kinetic Crash_3","Set","Knockback",41,"KBA RCH","U","Spirit Thorn","Temporal Analyzer","Psionic Threat Report"]
[null,null,null,null,null,null,null,null,null,null,null,null,null,null,null,null,null,null,null,null,null,null,null,null,null,null,null,null,null,null,null,"","",null,"Kinetic Crash_4","Set","Knockback",10,"KBA END","U","Ancient Artifact","Boresight","Scope"]
[null,null,null,null,null,null,null,null,null,null,null,null,null,null,null,null,null,null,null,null,null,null,null,null,null,null,null,null,null,null,null,"","",null,"Kinetic Crash_4","Set","Knockback",26,"KBA END","U","Masterwork Weapon","Iron","Steel"]
[null,null,null,null,null,null,null,null,null,null,null,null,null,null,null,null,null,null,null,null,null,null,null,null,null,null,null,null,null,null,null,"","",null,"Kinetic Crash_4","Set","Knockback",41,"KBA END","U","Nevermelting Ice","Mathematic Proof","Chaos Theorem"]
[null,null,null,null,null,null,null,null,null,null,null,null,null,null,null,null,null,null,null,null,null,null,null,null,null,null,null,null,null,null,null,"","",null,"Kinetic Crash_5","Set","Knockback",10,"KBA DMG END","U","Ancient Artifact","Human Blood Sample","Psionic Ectoplasm"]
[null,null,null,null,null,null,null,null,null,null,null,null,null,null,null,null,null,null,null,null,null,null,null,null,null,null,null,null,null,null,null,"","",null,"Kinetic Crash_5","Set","Knockback",26,"KBA DMG END","U","Masterwork Weapon","Improvised Cybernetic","Carnival of Shadows Mask"]
[null,null,null,null,null,null,null,null,null,null,null,null,null,null,null,null,null,null,null,null,null,null,null,null,null,null,null,null,null,null,null,"","",null,"Kinetic Crash_5","Set","Knockback",41,"KBA DMG END","U","Nevermelting Ice","Kinetic Weapon","Bleeding Stone"]
[null,null,null,null,null,null,null,null,null,null,null,null,null,null,null,null,null,null,null,null,null,null,null,null,null,null,null,null,null,null,null,"","",null,"Kinetic Crash_6","Set","Knockback",10,"KBA DMG ACC","R","Luck Charm","Inanimate Carbon Rod","Soulbound Armor"]
[null,null,null,null,null,null,null,null,null,null,null,null,null,null,null,null,null,null,null,null,null,null,null,null,null,null,null,null,null,null,null,"","",null,"Kinetic Crash_6","Set","Knockback",26,"KBA DMG ACC","R","Rune","Inert Gas","Living Tattoo"]
[null,null,null,null,null,null,null,null,null,null,null,null,null,null,null,null,null,null,null,null,null,null,null,null,null,null,null,null,null,null,null,"","",null,"Kinetic Crash_6","Set","Knockback",41,"KBA DMG ACC","R","Fortune","Temporal Analyzer","Thorn Tree Vine"]
[null,null,null,null,null,null,null,null,null,null,null,null,null,null,null,null,null,null,null,null,null,null,null,null,null,null,null,null,null,null,null,"","",null,"Force Feedback_1","Set","Knockback",10,"KBA ACC","U","Luck Charm","Boresight","Mutant Blood Sample","Symbiotic Armor"]
[null,null,null,null,null,null,null,null,null,null,null,null,null,null,null,null,null,null,null,null,null,null,null,null,null,null,null,null,null,null,null,"","",null,"Force Feedback_1","Set","Knockback",26,"KBA ACC","U","Rune","Iron","Commercial Cybernetic","Soul Trapped Gem"]
[null,null,null,null,null,null,null,null,null,null,null,null,null,null,null,null,null,null,null,null,null,null,null,null,null,null,null,null,null,null,null,"","",null,"Force Feedback_1","Set","Knockback",41,"KBA ACC","U","Fortune","Mathematic Proof","Energy Weapon","Hamidon Goo"]
[null,null,null,null,null,null,null,null,null,null,null,null,null,null,null,null,null,null,null,null,null,null,null,null,null,null,null,null,null,null,null,"","",null,"Force Feedback_2","Set","Knockback",10,"KBA DMG ACC","R","Runebound Armor","Boresight","Soulbound Armor","Heads Up Display"]
[null,null,null,null,null,null,null,null,null,null,null,null,null,null,null,null,null,null,null,null,null,null,null,null,null,null,null,null,null,null,null,"","",null,"Force Feedback_2","Set","Knockback",26,"KBA DMG ACC","R","Spell Ink","Iron","Living Tattoo","Impervium"]
[null,null,null,null,null,null,null,null,null,null,null,null,null,null,null,null,null,null,null,null,null,null,null,null,null,null,null,null,null,null,null,"","",null,"Force Feedback_2","Set","Knockback",41,"KBA DMG ACC","R","Spirit Thorn","Mathematic Proof","Thorn Tree Vine","Synthetic Intelligence Unit"]
[null,null,null,null,null,null,null,null,null,null,null,null,null,null,null,null,null,null,null,null,null,null,null,null,null,null,null,null,null,null,null,"","",null,"Force Feedback_3","Set","Knockback",10,"KBA RCH","R","Ancient Artifact","Simple Chemical","Chemical Formula","Lament Box"]
[null,null,null,null,null,null,null,null,null,null,null,null,null,null,null,null,null,null,null,null,null,null,null,null,null,null,null,null,null,null,null,"","",null,"Force Feedback_3","Set","Knockback",26,"KBA RCH","R","Masterwork Weapon","Circuit Board","Data Drive","Deific Weapon"]
[null,null,null,null,null,null,null,null,null,null,null,null,null,null,null,null,null,null,null,null,null,null,null,null,null,null,null,null,null,null,null,"","",null,"Force Feedback_3","Set","Knockback",41,"KBA RCH","R","Nevermelting Ice","Hydraulic Piston","Pneumatic Piston","Pangean Soil"]
[null,null,null,null,null,null,null,null,null,null,null,null,null,null,null,null,null,null,null,null,null,null,null,null,null,null,null,null,null,null,null,"","",null,"Force Feedback_4","Set","Knockback",10,"RCH END","R","Clockwork Winder","Inanimate Carbon Rod","Temporal Sands","Enriched Plutonium"]
[null,null,null,null,null,null,null,null,null,null,null,null,null,null,null,null,null,null,null,null,null,null,null,null,null,null,null,null,null,null,null,"","",null,"Force Feedback_4","Set","Knockback",26,"RCH END","R","Demonic Blood Sample","Inert Gas","Symbol","Reactive Gas"]
[null,null,null,null,null,null,null,null,null,null,null,null,null,null,null,null,null,null,null,null,null,null,null,null,null,null,null,null,null,null,null,"","",null,"Force Feedback_4","Set","Knockback",41,"RCH END","R","Ruby","Temporal Analyzer","Destiny","Chronal Skip"]
[null,null,null,null,null,null,null,null,null,null,null,null,null,null,null,null,null,null,null,null,null,null,null,null,null,null,null,null,null,null,null,"","",null,"Force Feedback_5","Set","Knockback",10,"KBA DMG END","R","Luck Charm","Simple Chemical","Heavy Water","Lament Box"]
[null,null,null,null,null,null,null,null,null,null,null,null,null,null,null,null,null,null,null,null,null,null,null,null,null,null,null,null,null,null,null,"","",null,"Force Feedback_5","Set","Knockback",26,"KBA DMG END","R","Rune","Circuit Board","Corrosive Gas","Deific Weapon"]
[null,null,null,null,null,null,null,null,null,null,null,null,null,null,null,null,null,null,null,null,null,null,null,null,null,null,null,null,null,null,null,"","",null,"Force Feedback_5","Set","Knockback",41,"KBA DMG END","R","Fortune","Hydraulic Piston","Temporal Tracer","Pangean Soil"]
[null,null,null,null,null,null,null,null,null,null,null,null,null,null,null,null,null,null,null,null,null,null,null,null,null,null,null,null,null,null,null,"","",null,"Force Feedback_6","Set","Knockback",10,"10% Chance (Recharge)","R","Clockwork Winder","Brass","Daemon Program","Enriched Plutonium"]
[null,null,null,null,null,null,null,null,null,null,null,null,null,null,null,null,null,null,null,null,null,null,null,null,null,null,null,null,null,null,null,"","",null,"Force Feedback_6","Set","Knockback",26,"10% Chance (Recharge)","R","Demonic Blood Sample","Stabilized Mutant Genome","Scientific Law","Reactive Gas"]
[null,null,null,null,null,null,null,null,null,null,null,null,null,null,null,null,null,null,null,null,null,null,null,null,null,null,null,null,null,null,null,"","",null,"Force Feedback_6","Set","Knockback",41,"10% Chance (Recharge)","R","Ruby","Silver","Titanium Shard","Chronal Skip"]
[null,null,null,null,null,null,null,null,null,null,null,null,null,null,null,null,null,null,null,null,null,null,null,null,null,null,null,null,null,null,null,"","",null,"Adrenal Adjustment_1","Set","Endurance Modification",10,"ENM","U","Ancient Artifact","Boresight","Unearthed Relic"]
[null,null,null,null,null,null,null,null,null,null,null,null,null,null,null,null,null,null,null,null,null,null,null,null,null,null,null,null,null,null,null,"","",null,"Adrenal Adjustment_2","Set","Endurance Modification",10,"ENM RCH","U","Luck Charm","Boresight","Scope"]
[null,null,null,null,null,null,null,null,null,null,null,null,null,null,null,null,null,null,null,null,null,null,null,null,null,null,null,null,null,null,null,"","",null,"Adrenal Adjustment_3","Set","Endurance Modification",10,"ENM RCH ACC","U","Runebound Armor","Computer Virus","Unearthed Relic"]
[null,null,null,null,null,null,null,null,null,null,null,null,null,null,null,null,null,null,null,null,null,null,null,null,null,null,null,null,null,null,null,"","",null,"Energy Manipulator_1","Set","Endurance Modification",10,"ENM","U","Spell Scroll","Simple Chemical","Chemical Formula"]
[null,null,null,null,null,null,null,null,null,null,null,null,null,null,null,null,null,null,null,null,null,null,null,null,null,null,null,null,null,null,null,"","",null,"Energy Manipulator_2","Set","Endurance Modification",10,"ENM RCH","R","Ancient Artifact","Human Blood Sample","Unearthed Relic"]
[null,null,null,null,null,null,null,null,null,null,null,null,null,null,null,null,null,null,null,null,null,null,null,null,null,null,null,null,null,null,null,"","",null,"Energy Manipulator_3","Set","Endurance Modification",10,"10% Chance (Stun)","R","Runebound Armor","Simple Chemical","Polycarbon"]
[null,null,null,null,null,null,null,null,null,null,null,null,null,null,null,null,null,null,null,null,null,null,null,null,null,null,null,null,null,null,null,"","",null,"Efficacy Adaptor_1","Set","Endurance Modification",10,"ENM","U","Clockwork Winder","Brass","Soulbound Armor"]
[null,null,null,null,null,null,null,null,null,null,null,null,null,null,null,null,null,null,null,null,null,null,null,null,null,null,null,null,null,null,null,"","",null,"Efficacy Adaptor_1","Set","Endurance Modification",26,"ENM","U","Demonic Blood Sample","Stabilized Mutant Genome","Living Tattoo"]
[null,null,null,null,null,null,null,null,null,null,null,null,null,null,null,null,null,null,null,null,null,null,null,null,null,null,null,null,null,null,null,"","",null,"Efficacy Adaptor_1","Set","Endurance Modification",41,"ENM","U","Ruby","Silver","Thorn Tree Vine"]
[null,null,null,null,null,null,null,null,null,null,null,null,null,null,null,null,null,null,null,null,null,null,null,null,null,null,null,null,null,null,null,"","",null,"Efficacy Adaptor_2","Set","Endurance Modification",10,"ENM RCH","U","Spell Scroll","Human Blood Sample","Mutant Blood Sample"]
[null,null,null,null,null,null,null,null,null,null,null,null,null,null,null,null,null,null,null,null,null,null,null,null,null,null,null,null,null,null,null,"","",null,"Efficacy Adaptor_2","Set","Endurance Modification",26,"ENM RCH","U","Alchemical Silver","Improvised Cybernetic","Commercial Cybernetic"]
[null,null,null,null,null,null,null,null,null,null,null,null,null,null,null,null,null,null,null,null,null,null,null,null,null,null,null,null,null,null,null,"","",null,"Efficacy Adaptor_2","Set","Endurance Modification",41,"ENM RCH","U","Demonic Threat Report","Kinetic Weapon","Energy Weapon"]
[null,null,null,null,null,null,null,null,null,null,null,null,null,null,null,null,null,null,null,null,null,null,null,null,null,null,null,null,null,null,null,"","",null,"Efficacy Adaptor_3","Set","Endurance Modification",10,"ENM RCH ACC","U","Clockwork Winder","Human Blood Sample","Temporal Sands"]
[null,null,null,null,null,null,null,null,null,null,null,null,null,null,null,null,null,null,null,null,null,null,null,null,null,null,null,null,null,null,null,"","",null,"Efficacy Adaptor_3","Set","Endurance Modification",26,"ENM RCH ACC","U","Demonic Blood Sample","Improvised Cybernetic","Symbol"]
[null,null,null,null,null,null,null,null,null,null,null,null,null,null,null,null,null,null,null,null,null,null,null,null,null,null,null,null,null,null,null,"","",null,"Efficacy Adaptor_3","Set","Endurance Modification",41,"ENM RCH ACC","U","Ruby","Kinetic Weapon","Destiny"]
[null,null,null,null,null,null,null,null,null,null,null,null,null,null,null,null,null,null,null,null,null,null,null,null,null,null,null,null,null,null,null,"","",null,"Efficacy Adaptor_4","Set","Endurance Modification",10,"RCH ACC","U","Ancient Artifact","Computer Virus","Chemical Formula"]
[null,null,null,null,null,null,null,null,null,null,null,null,null,null,null,null,null,null,null,null,null,null,null,null,null,null,null,null,null,null,null,"","",null,"Efficacy Adaptor_4","Set","Endurance Modification",26,"RCH ACC","U","Masterwork Weapon","Scientific Theory","Data Drive"]
[null,null,null,null,null,null,null,null,null,null,null,null,null,null,null,null,null,null,null,null,null,null,null,null,null,null,null,null,null,null,null,"","",null,"Efficacy Adaptor_4","Set","Endurance Modification",41,"RCH ACC","U","Nevermelting Ice","Ceramic Armor Plate","Pneumatic Piston"]
[null,null,null,null,null,null,null,null,null,null,null,null,null,null,null,null,null,null,null,null,null,null,null,null,null,null,null,null,null,null,null,"","",null,"Efficacy Adaptor_5","Set","Endurance Modification",10,"ENM ACC","U","Spiritual Essence","Inanimate Carbon Rod","Clockwork Gear"]
[null,null,null,null,null,null,null,null,null,null,null,null,null,null,null,null,null,null,null,null,null,null,null,null,null,null,null,null,null,null,null,"","",null,"Efficacy Adaptor_5","Set","Endurance Modification",26,"ENM ACC","U","Ancient Bone","Inert Gas","Blood of the Incarnate"]
[null,null,null,null,null,null,null,null,null,null,null,null,null,null,null,null,null,null,null,null,null,null,null,null,null,null,null,null,null,null,null,"","",null,"Efficacy Adaptor_5","Set","Endurance Modification",41,"ENM ACC","U","Regenerating Flesh","Temporal Analyzer","Sapphire"]
[null,null,null,null,null,null,null,null,null,null,null,null,null,null,null,null,null,null,null,null,null,null,null,null,null,null,null,null,null,null,null,"","",null,"Efficacy Adaptor_6","Set","Endurance Modification",10,"ENM END","R","Runebound Armor","Computer Virus","Volume of the Obsidian Librum"]
[null,null,null,null,null,null,null,null,null,null,null,null,null,null,null,null,null,null,null,null,null,null,null,null,null,null,null,null,null,null,null,"","",null,"Efficacy Adaptor_6","Set","Endurance Modification",26,"ENM END","R","Spell Ink","Scientific Theory","Alchemical Gold"]
[null,null,null,null,null,null,null,null,null,null,null,null,null,null,null,null,null,null,null,null,null,null,null,null,null,null,null,null,null,null,null,"","",null,"Efficacy Adaptor_6","Set","Endurance Modification",41,"ENM END","R","Spirit Thorn","Ceramic Armor Plate","Psionic Threat Report"]
[null,null,null,null,null,null,null,null,null,null,null,null,null,null,null,null,null,null,null,null,null,null,null,null,null,null,null,null,null,null,null,"","",null,"Performance Shifter_1","Set","Endurance Modification",10,"ENM","U","Clockwork Winder","Brass","Daemon Program","Enriched Plutonium"]
[null,null,null,null,null,null,null,null,null,null,null,null,null,null,null,null,null,null,null,null,null,null,null,null,null,null,null,null,null,null,null,"","",null,"Performance Shifter_1","Set","Endurance Modification",26,"ENM","U","Demonic Blood Sample","Stabilized Mutant Genome","Scientific Law","Reactive Gas"]
[null,null,null,null,null,null,null,null,null,null,null,null,null,null,null,null,null,null,null,null,null,null,null,null,null,null,null,null,null,null,null,"","",null,"Performance Shifter_1","Set","Endurance Modification",41,"ENM","U","Ruby","Silver","Titanium Shard","Chronal Skip"]
[null,null,null,null,null,null,null,null,null,null,null,null,null,null,null,null,null,null,null,null,null,null,null,null,null,null,null,null,null,null,null,"","",null,"Performance Shifter_2","Set","Endurance Modification",10,"ENM RCH","R","Spiritual Essence","Brass","Unearthed Relic","Symbiotic Armor"]
[null,null,null,null,null,null,null,null,null,null,null,null,null,null,null,null,null,null,null,null,null,null,null,null,null,null,null,null,null,null,null,"","",null,"Performance Shifter_2","Set","Endurance Modification",26,"ENM RCH","R","Ancient Bone","Stabilized Mutant Genome","Enscorcelled Weapon","Soul Trapped Gem"]
[null,null,null,null,null,null,null,null,null,null,null,null,null,null,null,null,null,null,null,null,null,null,null,null,null,null,null,null,null,null,null,"","",null,"Performance Shifter_2","Set","Endurance Modification",41,"ENM RCH","R","Regenerating Flesh","Silver","Unquenchable Flame","Hamidon Goo"]
[null,null,null,null,null,null,null,null,null,null,null,null,null,null,null,null,null,null,null,null,null,null,null,null,null,null,null,null,null,null,null,"","",null,"Performance Shifter_3","Set","Endurance Modification",10,"ENM RCH ACC","R","Spell Scroll","Brass","Heavy Water","Plasma Capacitor"]
[null,null,null,null,null,null,null,null,null,null,null,null,null,null,null,null,null,null,null,null,null,null,null,null,null,null,null,null,null,null,null,"","",null,"Performance Shifter_3","Set","Endurance Modification",26,"ENM RCH ACC","R","Alchemical Silver","Stabilized Mutant Genome","Corrosive Gas","Mutating Genome"]
[null,null,null,null,null,null,null,null,null,null,null,null,null,null,null,null,null,null,null,null,null,null,null,null,null,null,null,null,null,null,null,"","",null,"Performance Shifter_3","Set","Endurance Modification",41,"ENM RCH ACC","R","Demonic Threat Report","Silver","Temporal Tracer","Platinum"]
[null,null,null,null,null,null,null,null,null,null,null,null,null,null,null,null,null,null,null,null,null,null,null,null,null,null,null,null,null,null,null,"","",null,"Performance Shifter_4","Set","Endurance Modification",10,"RCH ACC","R","Luck Charm","Simple Chemical","Volume of the Obsidian Librum","Strand of Fate"]
[null,null,null,null,null,null,null,null,null,null,null,null,null,null,null,null,null,null,null,null,null,null,null,null,null,null,null,null,null,null,null,"","",null,"Performance Shifter_4","Set","Endurance Modification",26,"RCH ACC","R","Rune","Circuit Board","Alchemical Gold","Empowered Sigil"]
[null,null,null,null,null,null,null,null,null,null,null,null,null,null,null,null,null,null,null,null,null,null,null,null,null,null,null,null,null,null,null,"","",null,"Performance Shifter_4","Set","Endurance Modification",41,"RCH ACC","R","Fortune","Hydraulic Piston","Psionic Threat Report","Prophecy"]
[null,null,null,null,null,null,null,null,null,null,null,null,null,null,null,null,null,null,null,null,null,null,null,null,null,null,null,null,null,null,null,"","",null,"Performance Shifter_5","Set","Endurance Modification",10,"ENM ACC","R","Ancient Artifact","Computer Virus","Scope","Heads Up Display"]
[null,null,null,null,null,null,null,null,null,null,null,null,null,null,null,null,null,null,null,null,null,null,null,null,null,null,null,null,null,null,null,"","",null,"Performance Shifter_5","Set","Endurance Modification",26,"ENM ACC","R","Masterwork Weapon","Scientific Theory","Steel","Impervium"]
[null,null,null,null,null,null,null,null,null,null,null,null,null,null,null,null,null,null,null,null,null,null,null,null,null,null,null,null,null,null,null,"","",null,"Performance Shifter_5","Set","Endurance Modification",41,"ENM ACC","R","Nevermelting Ice","Ceramic Armor Plate","Chaos Theorem","Synthetic Intelligence Unit"]
[null,null,null,null,null,null,null,null,null,null,null,null,null,null,null,null,null,null,null,null,null,null,null,null,null,null,null,null,null,null,null,"","",null,"Performance Shifter_6","Set","Endurance Modification",10,"20% Chance (Endurance)","R","Luck Charm","Simple Chemical","Mutant Blood Sample","Lament Box"]
[null,null,null,null,null,null,null,null,null,null,null,null,null,null,null,null,null,null,null,null,null,null,null,null,null,null,null,null,null,null,null,"","",null,"Performance Shifter_6","Set","Endurance Modification",26,"20% Chance (Endurance)","R","Rune","Circuit Board","Commercial Cybernetic","Deific Weapon"]
[null,null,null,null,null,null,null,null,null,null,null,null,null,null,null,null,null,null,null,null,null,null,null,null,null,null,null,null,null,null,null,"","",null,"Performance Shifter_6","Set","Endurance Modification",41,"20% Chance (Endurance)","R","Fortune","Hydraulic Piston","Energy Weapon","Pangean Soil"]
[null,null,null,null,null,null,null,null,null,null,null,null,null,null,null,null,null,null,null,null,null,null,null,null,null,null,null,null,null,null,null,"","",null,"Encouraged Accuracy_1","Set","To Hit Buff",10,"THB","U","Runebound Armor","Boresight","Temporal Sands"]
[null,null,null,null,null,null,null,null,null,null,null,null,null,null,null,null,null,null,null,null,null,null,null,null,null,null,null,null,null,null,null,"","",null,"Encouraged Accuracy_2","Set","To Hit Buff",10,"THB RCH","U","Spell Scroll","Inanimate Carbon Rod","Scope"]
[null,null,null,null,null,null,null,null,null,null,null,null,null,null,null,null,null,null,null,null,null,null,null,null,null,null,null,null,null,null,null,"","",null,"Encouraged Accuracy_3","Set","To Hit Buff",10,"THB RCH END","U","Spell Scroll","Boresight","Soulbound Armor"]
[null,null,null,null,null,null,null,null,null,null,null,null,null,null,null,null,null,null,null,null,null,null,null,null,null,null,null,null,null,null,null,"","",null,"Rectified Reticle_1","Set","To Hit Buff",10,"THB","U","Spiritual Essence","Inanimate Carbon Rod","Heavy Water"]
[null,null,null,null,null,null,null,null,null,null,null,null,null,null,null,null,null,null,null,null,null,null,null,null,null,null,null,null,null,null,null,"","",null,"Rectified Reticle_2","Set","To Hit Buff",10,"THB RCH","R","Ancient Artifact","Human Blood Sample","Clockwork Gear"]
[null,null,null,null,null,null,null,null,null,null,null,null,null,null,null,null,null,null,null,null,null,null,null,null,null,null,null,null,null,null,null,"","",null,"Rectified Reticle_3","Set","To Hit Buff",10,"20% Increase (Perception)","R","Spell Scroll","Brass","Scope"]
[null,null,null,null,null,null,null,null,null,null,null,null,null,null,null,null,null,null,null,null,null,null,null,null,null,null,null,null,null,null,null,"","",null,"Adjusted Targeting_1","Set","To Hit Buff",10,"THB","U","Ancient Artifact","Human Blood Sample","Psionic Ectoplasm"]
[null,null,null,null,null,null,null,null,null,null,null,null,null,null,null,null,null,null,null,null,null,null,null,null,null,null,null,null,null,null,null,"","",null,"Adjusted Targeting_1","Set","To Hit Buff",26,"THB","U","Masterwork Weapon","Improvised Cybernetic","Carnival of Shadows Mask"]
[null,null,null,null,null,null,null,null,null,null,null,null,null,null,null,null,null,null,null,null,null,null,null,null,null,null,null,null,null,null,null,"","",null,"Adjusted Targeting_1","Set","To Hit Buff",41,"THB","U","Nevermelting Ice","Kinetic Weapon","Bleeding Stone"]
[null,null,null,null,null,null,null,null,null,null,null,null,null,null,null,null,null,null,null,null,null,null,null,null,null,null,null,null,null,null,null,"","",null,"Adjusted Targeting_2","Set","To Hit Buff",10,"THB RCH","U","Clockwork Winder","Human Blood Sample","Heavy Water"]
[null,null,null,null,null,null,null,null,null,null,null,null,null,null,null,null,null,null,null,null,null,null,null,null,null,null,null,null,null,null,null,"","",null,"Adjusted Targeting_2","Set","To Hit Buff",26,"THB RCH","U","Demonic Blood Sample","Improvised Cybernetic","Corrosive Gas"]
[null,null,null,null,null,null,null,null,null,null,null,null,null,null,null,null,null,null,null,null,null,null,null,null,null,null,null,null,null,null,null,"","",null,"Adjusted Targeting_2","Set","To Hit Buff",41,"THB RCH","U","Ruby","Kinetic Weapon","Temporal Tracer"]
[null,null,null,null,null,null,null,null,null,null,null,null,null,null,null,null,null,null,null,null,null,null,null,null,null,null,null,null,null,null,null,"","",null,"Adjusted Targeting_3","Set","To Hit Buff",10,"THB RCH END","U","Ancient Artifact","Inanimate Carbon Rod","Unearthed Relic"]
[null,null,null,null,null,null,null,null,null,null,null,null,null,null,null,null,null,null,null,null,null,null,null,null,null,null,null,null,null,null,null,"","",null,"Adjusted Targeting_3","Set","To Hit Buff",26,"THB RCH END","U","Masterwork Weapon","Inert Gas","Enscorcelled Weapon"]
[null,null,null,null,null,null,null,null,null,null,null,null,null,null,null,null,null,null,null,null,null,null,null,null,null,null,null,null,null,null,null,"","",null,"Adjusted Targeting_3","Set","To Hit Buff",41,"THB RCH END","U","Nevermelting Ice","Temporal Analyzer","Unquenchable Flame"]
[null,null,null,null,null,null,null,null,null,null,null,null,null,null,null,null,null,null,null,null,null,null,null,null,null,null,null,null,null,null,null,"","",null,"Adjusted Targeting_4","Set","To Hit Buff",10,"RCH END","U","Luck Charm","Simple Chemical","Chemical Formula"]
[null,null,null,null,null,null,null,null,null,null,null,null,null,null,null,null,null,null,null,null,null,null,null,null,null,null,null,null,null,null,null,"","",null,"Adjusted Targeting_4","Set","To Hit Buff",26,"RCH END","U","Rune","Circuit Board","Data Drive"]
[null,null,null,null,null,null,null,null,null,null,null,null,null,null,null,null,null,null,null,null,null,null,null,null,null,null,null,null,null,null,null,"","",null,"Adjusted Targeting_4","Set","To Hit Buff",41,"RCH END","U","Fortune","Hydraulic Piston","Pneumatic Piston"]
[null,null,null,null,null,null,null,null,null,null,null,null,null,null,null,null,null,null,null,null,null,null,null,null,null,null,null,null,null,null,null,"","",null,"Adjusted Targeting_5","Set","To Hit Buff",10,"THB END","U","Spiritual Essence","Computer Virus","Volume of the Obsidian Librum"]
[null,null,null,null,null,null,null,null,null,null,null,null,null,null,null,null,null,null,null,null,null,null,null,null,null,null,null,null,null,null,null,"","",null,"Adjusted Targeting_5","Set","To Hit Buff",26,"THB END","U","Ancient Bone","Scientific Theory","Alchemical Gold"]
[null,null,null,null,null,null,null,null,null,null,null,null,null,null,null,null,null,null,null,null,null,null,null,null,null,null,null,null,null,null,null,"","",null,"Adjusted Targeting_5","Set","To Hit Buff",41,"THB END","U","Regenerating Flesh","Ceramic Armor Plate","Psionic Threat Report"]
[null,null,null,null,null,null,null,null,null,null,null,null,null,null,null,null,null,null,null,null,null,null,null,null,null,null,null,null,null,null,null,"","",null,"Adjusted Targeting_6","Set","To Hit Buff",10,"RCH","R","Runebound Armor","Simple Chemical","Psionic Ectoplasm"]
[null,null,null,null,null,null,null,null,null,null,null,null,null,null,null,null,null,null,null,null,null,null,null,null,null,null,null,null,null,null,null,"","",null,"Adjusted Targeting_6","Set","To Hit Buff",26,"RCH","R","Spell Ink","Circuit Board","Carnival of Shadows Mask"]
[null,null,null,null,null,null,null,null,null,null,null,null,null,null,null,null,null,null,null,null,null,null,null,null,null,null,null,null,null,null,null,"","",null,"Adjusted Targeting_6","Set","To Hit Buff",41,"RCH","R","Spirit Thorn","Hydraulic Piston","Bleeding Stone"]
[null,null,null,null,null,null,null,null,null,null,null,null,null,null,null,null,null,null,null,null,null,null,null,null,null,null,null,null,null,null,null,"","",null,"Gaussians Synchronized Fire Control_1","Set","To Hit Buff",10,"THB","U","Ancient Artifact","Brass","Heavy Water","Lament Box"]
[null,null,null,null,null,null,null,null,null,null,null,null,null,null,null,null,null,null,null,null,null,null,null,null,null,null,null,null,null,null,null,"","",null,"Gaussians Synchronized Fire Control_1","Set","To Hit Buff",26,"THB","U","Masterwork Weapon","Stabilized Mutant Genome","Corrosive Gas","Deific Weapon"]
[null,null,null,null,null,null,null,null,null,null,null,null,null,null,null,null,null,null,null,null,null,null,null,null,null,null,null,null,null,null,null,"","",null,"Gaussians Synchronized Fire Control_1","Set","To Hit Buff",41,"THB","U","Nevermelting Ice","Silver","Temporal Tracer","Pangean Soil"]
[null,null,null,null,null,null,null,null,null,null,null,null,null,null,null,null,null,null,null,null,null,null,null,null,null,null,null,null,null,null,null,"","",null,"Gaussians Synchronized Fire Control_2","Set","To Hit Buff",10,"THB RCH","R","Spiritual Essence","Simple Chemical","Soulbound Armor","Heads Up Display"]
[null,null,null,null,null,null,null,null,null,null,null,null,null,null,null,null,null,null,null,null,null,null,null,null,null,null,null,null,null,null,null,"","",null,"Gaussians Synchronized Fire Control_2","Set","To Hit Buff",26,"THB RCH","R","Ancient Bone","Circuit Board","Living Tattoo","Impervium"]
[null,null,null,null,null,null,null,null,null,null,null,null,null,null,null,null,null,null,null,null,null,null,null,null,null,null,null,null,null,null,null,"","",null,"Gaussians Synchronized Fire Control_2","Set","To Hit Buff",41,"THB RCH","R","Regenerating Flesh","Hydraulic Piston","Thorn Tree Vine","Synthetic Intelligence Unit"]
[null,null,null,null,null,null,null,null,null,null,null,null,null,null,null,null,null,null,null,null,null,null,null,null,null,null,null,null,null,null,null,"","",null,"Gaussians Synchronized Fire Control_3","Set","To Hit Buff",10,"THB RCH END","R","Clockwork Winder","Brass","Scope","Lament Box"]
[null,null,null,null,null,null,null,null,null,null,null,null,null,null,null,null,null,null,null,null,null,null,null,null,null,null,null,null,null,null,null,"","",null,"Gaussians Synchronized Fire Control_3","Set","To Hit Buff",26,"THB RCH END","R","Demonic Blood Sample","Stabilized Mutant Genome","Steel","Deific Weapon"]
[null,null,null,null,null,null,null,null,null,null,null,null,null,null,null,null,null,null,null,null,null,null,null,null,null,null,null,null,null,null,null,"","",null,"Gaussians Synchronized Fire Control_3","Set","To Hit Buff",41,"THB RCH END","R","Ruby","Silver","Chaos Theorem","Pangean Soil"]
[null,null,null,null,null,null,null,null,null,null,null,null,null,null,null,null,null,null,null,null,null,null,null,null,null,null,null,null,null,null,null,"","",null,"Gaussians Synchronized Fire Control_4","Set","To Hit Buff",10,"RCH END","R","Spiritual Essence","Boresight","Psionic Ectoplasm","Alien Blood Sample"]
[null,null,null,null,null,null,null,null,null,null,null,null,null,null,null,null,null,null,null,null,null,null,null,null,null,null,null,null,null,null,null,"","",null,"Gaussians Synchronized Fire Control_4","Set","To Hit Buff",26,"RCH END","R","Ancient Bone","Iron","Carnival of Shadows Mask","Military Cybernetic"]
[null,null,null,null,null,null,null,null,null,null,null,null,null,null,null,null,null,null,null,null,null,null,null,null,null,null,null,null,null,null,null,"","",null,"Gaussians Synchronized Fire Control_4","Set","To Hit Buff",41,"RCH END","R","Regenerating Flesh","Mathematic Proof","Bleeding Stone","Photonic Weapon"]
[null,null,null,null,null,null,null,null,null,null,null,null,null,null,null,null,null,null,null,null,null,null,null,null,null,null,null,null,null,null,null,"","",null,"Gaussians Synchronized Fire Control_5","Set","To Hit Buff",10,"THB END","R","Spiritual Essence","Simple Chemical","Scope","Page from the Malleus Mundi"]
[null,null,null,null,null,null,null,null,null,null,null,null,null,null,null,null,null,null,null,null,null,null,null,null,null,null,null,null,null,null,null,"","",null,"Gaussians Synchronized Fire Control_5","Set","To Hit Buff",26,"THB END","R","Ancient Bone","Circuit Board","Steel","Enchanted Impervium"]
[null,null,null,null,null,null,null,null,null,null,null,null,null,null,null,null,null,null,null,null,null,null,null,null,null,null,null,null,null,null,null,"","",null,"Gaussians Synchronized Fire Control_5","Set","To Hit Buff",41,"THB END","R","Regenerating Flesh","Hydraulic Piston","Chaos Theorem","Magical Conspiracy"]
[null,null,null,null,null,null,null,null,null,null,null,null,null,null,null,null,null,null,null,null,null,null,null,null,null,null,null,null,null,null,null,"","",null,"Gaussians Synchronized Fire Control_6","Set","To Hit Buff",10,"5% Chance (Build-Up)","R","Runebound Armor","Brass","Mutant Blood Sample","Plasma Capacitor"]
[null,null,null,null,null,null,null,null,null,null,null,null,null,null,null,null,null,null,null,null,null,null,null,null,null,null,null,null,null,null,null,"","",null,"Gaussians Synchronized Fire Control_6","Set","To Hit Buff",26,"5% Chance (Build-Up)","R","Spell Ink","Stabilized Mutant Genome","Commercial Cybernetic","Mutating Genome"]
[null,null,null,null,null,null,null,null,null,null,null,null,null,null,null,null,null,null,null,null,null,null,null,null,null,null,null,null,null,null,null,"","",null,"Gaussians Synchronized Fire Control_6","Set","To Hit Buff",41,"5% Chance (Build-Up)","R","Spirit Thorn","Silver","Energy Weapon","Platinum"]
[null,null,null,null,null,null,null,null,null,null,null,null,null,null,null,null,null,null,null,null,null,null,null,null,null,null,null,null,null,null,null,"","",null,"Discouraging Words_1","Set","To Hit Debuff",10,"THD","U","Spiritual Essence","Brass","Unearthed Relic"]
[null,null,null,null,null,null,null,null,null,null,null,null,null,null,null,null,null,null,null,null,null,null,null,null,null,null,null,null,null,null,null,"","",null,"Discouraging Words_2","Set","To Hit Debuff",10,"THD RCH","U","Ancient Artifact","Inanimate Carbon Rod","Chemical Formula"]
[null,null,null,null,null,null,null,null,null,null,null,null,null,null,null,null,null,null,null,null,null,null,null,null,null,null,null,null,null,null,null,"","",null,"Discouraging Words_3","Set","To Hit Debuff",10,"THD RCH END","U","Luck Charm","Human Blood Sample","Temporal Sands"]
[null,null,null,null,null,null,null,null,null,null,null,null,null,null,null,null,null,null,null,null,null,null,null,null,null,null,null,null,null,null,null,"","",null,"Deflated Ego_1","Set","To Hit Debuff",10,"THD","U","Runebound Armor","Simple Chemical","Polycarbon"]
[null,null,null,null,null,null,null,null,null,null,null,null,null,null,null,null,null,null,null,null,null,null,null,null,null,null,null,null,null,null,null,"","",null,"Deflated Ego_2","Set","To Hit Debuff",10,"THD RCH","R","Luck Charm","Computer Virus","Temporal Sands"]
[null,null,null,null,null,null,null,null,null,null,null,null,null,null,null,null,null,null,null,null,null,null,null,null,null,null,null,null,null,null,null,"","",null,"Deflated Ego_3","Set","To Hit Debuff",10,"Chance (Recovery Debuff)","R","Clockwork Winder","Computer Virus","Daemon Program"]
[null,null,null,null,null,null,null,null,null,null,null,null,null,null,null,null,null,null,null,null,null,null,null,null,null,null,null,null,null,null,null,"","",null,"Dampened Spirits_1","Set","To Hit Debuff",10,"THD","U","Luck Charm","Brass","Unearthed Relic"]
[null,null,null,null,null,null,null,null,null,null,null,null,null,null,null,null,null,null,null,null,null,null,null,null,null,null,null,null,null,null,null,"","",null,"Dampened Spirits_1","Set","To Hit Debuff",26,"THD","U","Rune","Stabilized Mutant Genome","Enscorcelled Weapon"]
[null,null,null,null,null,null,null,null,null,null,null,null,null,null,null,null,null,null,null,null,null,null,null,null,null,null,null,null,null,null,null,"","",null,"Dampened Spirits_1","Set","To Hit Debuff",41,"THD","U","Fortune","Silver","Unquenchable Flame"]
[null,null,null,null,null,null,null,null,null,null,null,null,null,null,null,null,null,null,null,null,null,null,null,null,null,null,null,null,null,null,null,"","",null,"Dampened Spirits_2","Set","To Hit Debuff",10,"THD RCH","U","Spell Scroll","Brass","Scope"]
[null,null,null,null,null,null,null,null,null,null,null,null,null,null,null,null,null,null,null,null,null,null,null,null,null,null,null,null,null,null,null,"","",null,"Dampened Spirits_2","Set","To Hit Debuff",26,"THD RCH","U","Alchemical Silver","Stabilized Mutant Genome","Steel"]
[null,null,null,null,null,null,null,null,null,null,null,null,null,null,null,null,null,null,null,null,null,null,null,null,null,null,null,null,null,null,null,null,null,null,"Dampened Spirits_2","Set","To Hit Debuff",41,"THD RCH","U","Demonic Threat Report","Silver","Chaos Theorem"]
[null,null,null,null,null,null,null,null,null,null,null,null,null,null,null,null,null,null,null,null,null,null,null,null,null,null,null,null,null,null,null,null,null,null,"Dampened Spirits_3","Set","To Hit Debuff",10,"THD RCH END","U","Runebound Armor","Computer Virus","Unearthed Relic"]
[null,null,null,null,null,null,null,null,null,null,null,null,null,null,null,null,null,null,null,null,null,null,null,null,null,null,null,null,null,null,null,null,null,null,"Dampened Spirits_3","Set","To Hit Debuff",26,"THD RCH END","U","Spell Ink","Scientific Theory","Enscorcelled Weapon"]
[null,null,null,null,null,null,null,null,null,null,null,null,null,null,null,null,null,null,null,null,null,null,null,null,null,null,null,null,null,null,null,null,null,null,"Dampened Spirits_3","Set","To Hit Debuff",41,"THD RCH END","U","Spirit Thorn","Ceramic Armor Plate","Unquenchable Flame"]
[null,null,null,null,null,null,null,null,null,null,null,null,null,null,null,null,null,null,null,null,null,null,null,null,null,null,null,null,null,null,null,null,null,null,"Dampened Spirits_4","Set","To Hit Debuff",10,"RCH END","U","Ancient Artifact","Boresight","Polycarbon"]
[null,null,null,null,null,null,null,null,null,null,null,null,null,null,null,null,null,null,null,null,null,null,null,null,null,null,null,null,null,null,null,null,null,null,"Dampened Spirits_4","Set","To Hit Debuff",26,"RCH END","U","Masterwork Weapon","Iron","Mutant DNA Strand"]
[null,null,null,null,null,null,null,null,null,null,null,null,null,null,null,null,null,null,null,null,null,null,null,null,null,null,null,null,null,null,null,null,null,null,"Dampened Spirits_4","Set","To Hit Debuff",41,"RCH END","U","Nevermelting Ice","Mathematic Proof","Gold"]
[null,null,null,null,null,null,null,null,null,null,null,null,null,null,null,null,null,null,null,null,null,null,null,null,null,null,null,null,null,null,null,null,null,null,"Dampened Spirits_5","Set","To Hit Debuff",10,"THD END","U","Spell Scroll","Human Blood Sample","Volume of the Obsidian Librum"]
[null,null,null,null,null,null,null,null,null,null,null,null,null,null,null,null,null,null,null,null,null,null,null,null,null,null,null,null,null,null,null,null,null,null,"Dampened Spirits_5","Set","To Hit Debuff",26,"THD END","U","Alchemical Silver","Improvised Cybernetic","Alchemical Gold"]
[null,null,null,null,null,null,null,null,null,null,null,null,null,null,null,null,null,null,null,null,null,null,null,null,null,null,null,null,null,null,null,null,null,null,"Dampened Spirits_5","Set","To Hit Debuff",41,"THD END","U","Demonic Threat Report","Kinetic Weapon","Psionic Threat Report"]
[null,null,null,null,null,null,null,null,null,null,null,null,null,null,null,null,null,null,null,null,null,null,null,null,null,null,null,null,null,null,null,null,null,null,"Dampened Spirits_6","Set","To Hit Debuff",10,"RCH","R","Spiritual Essence","Inanimate Carbon Rod","Psionic Ectoplasm"]
[null,null,null,null,null,null,null,null,null,null,null,null,null,null,null,null,null,null,null,null,null,null,null,null,null,null,null,null,null,null,null,null,null,null,"Dampened Spirits_6","Set","To Hit Debuff",26,"RCH","R","Ancient Bone","Inert Gas","Carnival of Shadows Mask"]
[null,null,null,null,null,null,null,null,null,null,null,null,null,null,null,null,null,null,null,null,null,null,null,null,null,null,null,null,null,null,null,null,null,null,"Dampened Spirits_6","Set","To Hit Debuff",41,"RCH","R","Regenerating Flesh","Temporal Analyzer","Bleeding Stone"]
[null,null,null,null,null,null,null,null,null,null,null,null,null,null,null,null,null,null,null,null,null,null,null,null,null,null,null,null,null,null,null,null,null,null,"Dark Watchers Despair_1","Set","To Hit Debuff",10,"THD","U","Clockwork Winder","Human Blood Sample","Polycarbon","Strand of Fate"]
[null,null,null,null,null,null,null,null,null,null,null,null,null,null,null,null,null,null,null,null,null,null,null,null,null,null,null,null,null,null,null,null,null,null,"Dark Watchers Despair_1","Set","To Hit Debuff",26,"THD","U","Demonic Blood Sample","Improvised Cybernetic","Mutant DNA Strand","Empowered Sigil"]
[null,null,null,null,null,null,null,null,null,null,null,null,null,null,null,null,null,null,null,null,null,null,null,null,null,null,null,null,null,null,null,null,null,null,"Dark Watchers Despair_1","Set","To Hit Debuff",41,"THD","U","Ruby","Kinetic Weapon","Gold","Prophecy"]
[null,null,null,null,null,null,null,null,null,null,null,null,null,null,null,null,null,null,null,null,null,null,null,null,null,null,null,null,null,null,null,null,null,null,"Dark Watchers Despair_2","Set","To Hit Debuff",10,"THD RCH","R","Spell Scroll","Boresight","Volume of the Obsidian Librum","Alien Blood Sample"]
[null,null,null,null,null,null,null,null,null,null,null,null,null,null,null,null,null,null,null,null,null,null,null,null,null,null,null,null,null,null,null,null,null,null,"Dark Watchers Despair_2","Set","To Hit Debuff",26,"THD RCH","R","Alchemical Silver","Iron","Alchemical Gold","Military Cybernetic"]
[null,null,null,null,null,null,null,null,null,null,null,null,null,null,null,null,null,null,null,null,null,null,null,null,null,null,null,null,null,null,null,null,null,null,"Dark Watchers Despair_2","Set","To Hit Debuff",41,"THD RCH","R","Demonic Threat Report","Mathematic Proof","Psionic Threat Report","Photonic Weapon"]
[null,null,null,null,null,null,null,null,null,null,null,null,null,null,null,null,null,null,null,null,null,null,null,null,null,null,null,null,null,null,null,null,null,null,"Dark Watchers Despair_3","Set","To Hit Debuff",10,"THD RCH END","R","Spell Scroll","Human Blood Sample","Daemon Program","Psionic Manifestation"]
[null,null,null,null,null,null,null,null,null,null,null,null,null,null,null,null,null,null,null,null,null,null,null,null,null,null,null,null,null,null,null,null,null,null,"Dark Watchers Despair_3","Set","To Hit Debuff",26,"THD RCH END","R","Alchemical Silver","Improvised Cybernetic","Scientific Law","Mu Vestment"]
[null,null,null,null,null,null,null,null,null,null,null,null,null,null,null,null,null,null,null,null,null,null,null,null,null,null,null,null,null,null,null,null,null,null,"Dark Watchers Despair_3","Set","To Hit Debuff",41,"THD RCH END","R","Demonic Threat Report","Kinetic Weapon","Titanium Shard","Essence of the Furies"]
[null,null,null,null,null,null,null,null,null,null,null,null,null,null,null,null,null,null,null,null,null,null,null,null,null,null,null,null,null,null,null,null,null,null,"Dark Watchers Despair_4","Set","To Hit Debuff",10,"RCH END","R","Runebound Armor","Computer Virus","Volume of the Obsidian Librum","Source Code"]
[null,null,null,null,null,null,null,null,null,null,null,null,null,null,null,null,null,null,null,null,null,null,null,null,null,null,null,null,null,null,null,null,null,null,"Dark Watchers Despair_4","Set","To Hit Debuff",26,"RCH END","R","Spell Ink","Scientific Theory","Alchemical Gold","Conspiratorial Evidence"]
[null,null,null,null,null,null,null,null,null,null,null,null,null,null,null,null,null,null,null,null,null,null,null,null,null,null,null,null,null,null,null,null,null,null,"Dark Watchers Despair_4","Set","To Hit Debuff",41,"RCH END","R","Spirit Thorn","Ceramic Armor Plate","Psionic Threat Report","Rikti Alloy"]
[null,null,null,null,null,null,null,null,null,null,null,null,null,null,null,null,null,null,null,null,null,null,null,null,null,null,null,null,null,null,null,null,null,null,"Dark Watchers Despair_5","Set","To Hit Debuff",10,"THD END","R","Spiritual Essence","Computer Virus","Mutant Blood Sample","Symbiotic Armor"]
[null,null,null,null,null,null,null,null,null,null,null,null,null,null,null,null,null,null,null,null,null,null,null,null,null,null,null,null,null,null,null,null,null,null,"Dark Watchers Despair_5","Set","To Hit Debuff",26,"THD END","R","Ancient Bone","Scientific Theory","Commercial Cybernetic","Soul Trapped Gem"]
[null,null,null,null,null,null,null,null,null,null,null,null,null,null,null,null,null,null,null,null,null,null,null,null,null,null,null,null,null,null,null,null,null,null,"Dark Watchers Despair_5","Set","To Hit Debuff",41,"THD END","R","Regenerating Flesh","Ceramic Armor Plate","Energy Weapon","Hamidon Goo"]
[null,null,null,null,null,null,null,null,null,null,null,null,null,null,null,null,null,null,null,null,null,null,null,null,null,null,null,null,null,null,null,null,null,null,"Dark Watchers Despair_6","Set","To Hit Debuff",10,"Chance (Recharge Slow)","R","Runebound Armor","Simple Chemical","Heavy Water","Alien Blood Sample"]
[null,null,null,null,null,null,null,null,null,null,null,null,null,null,null,null,null,null,null,null,null,null,null,null,null,null,null,null,null,null,null,null,null,null,"Dark Watchers Despair_6","Set","To Hit Debuff",26,"Chance (Recharge Slow)","R","Spell Ink","Circuit Board","Corrosive Gas","Military Cybernetic"]
[null,null,null,null,null,null,null,null,null,null,null,null,null,null,null,null,null,null,null,null,null,null,null,null,null,null,null,null,null,null,null,null,null,null,"Dark Watchers Despair_6","Set","To Hit Debuff",41,"Chance (Recharge Slow)","R","Spirit Thorn","Hydraulic Piston","Temporal Tracer","Photonic Weapon"]
[null,null,null,null,null,null,null,null,null,null,null,null,null,null,null,null,null,null,null,null,null,null,null,null,null,null,null,null,null,null,null,null,null,null,"Exploited Vulnerability_1","Set","Defense Debuff",10,"DED","U","Spiritual Essence","Human Blood Sample","Clockwork Gear"]
[null,null,null,null,null,null,null,null,null,null,null,null,null,null,null,null,null,null,null,null,null,null,null,null,null,null,null,null,null,null,null,null,null,null,"Exploited Vulnerability_2","Set","Defense Debuff",10,"DED RCH","U","Spiritual Essence","Brass","Polycarbon"]
[null,null,null,null,null,null,null,null,null,null,null,null,null,null,null,null,null,null,null,null,null,null,null,null,null,null,null,null,null,null,null,null,null,null,"Exploited Vulnerability_3","Set","Defense Debuff",10,"DED RCH END","U","Ancient Artifact","Inanimate Carbon Rod","Volume of the Obsidian Librum"]
[null,null,null,null,null,null,null,null,null,null,null,null,null,null,null,null,null,null,null,null,null,null,null,null,null,null,null,null,null,null,null,null,null,null,"Achilles Heel_1","Set","Defense Debuff",10,"DED","U","Runebound Armor","Simple Chemical","Polycarbon"]
[null,null,null,null,null,null,null,null,null,null,null,null,null,null,null,null,null,null,null,null,null,null,null,null,null,null,null,null,null,null,null,null,null,null,"Achilles Heel_2","Set","Defense Debuff",10,"DED RCH","R","Clockwork Winder","Human Blood Sample","Unearthed Relic"]
[null,null,null,null,null,null,null,null,null,null,null,null,null,null,null,null,null,null,null,null,null,null,null,null,null,null,null,null,null,null,null,null,null,null,"Achilles Heel_3","Set","Defense Debuff",10,"Chance (Resistance Debuff)","R","Ancient Artifact","Inanimate Carbon Rod","Scope"]
[null,null,null,null,null,null,null,null,null,null,null,null,null,null,null,null,null,null,null,null,null,null,null,null,null,null,null,null,null,null,null,null,null,null,"Undermined Defenses_1","Set","Defense Debuff",10,"DED","U","Spell Scroll","Computer Virus","Soulbound Armor"]
[null,null,null,null,null,null,null,null,null,null,null,null,null,null,null,null,null,null,null,null,null,null,null,null,null,null,null,null,null,null,null,null,null,null,"Undermined Defenses_1","Set","Defense Debuff",26,"DED","U","Alchemical Silver","Scientific Theory","Living Tattoo"]
[null,null,null,null,null,null,null,null,null,null,null,null,null,null,null,null,null,null,null,null,null,null,null,null,null,null,null,null,null,null,null,null,null,null,"Undermined Defenses_1","Set","Defense Debuff",41,"DED","U","Demonic Threat Report","Ceramic Armor Plate","Thorn Tree Vine"]
[null,null,null,null,null,null,null,null,null,null,null,null,null,null,null,null,null,null,null,null,null,null,null,null,null,null,null,null,null,null,null,null,null,null,"Undermined Defenses_2","Set","Defense Debuff",10,"DED RCH","U","Spiritual Essence","Simple Chemical","Heavy Water"]
[null,null,null,null,null,null,null,null,null,null,null,null,null,null,null,null,null,null,null,null,null,null,null,null,null,null,null,null,null,null,null,null,null,null,"Undermined Defenses_2","Set","Defense Debuff",26,"DED RCH","U","Ancient Bone","Circuit Board","Corrosive Gas"]
[null,null,null,null,null,null,null,null,null,null,null,null,null,null,null,null,null,null,null,null,null,null,null,null,null,null,null,null,null,null,null,null,null,null,"Undermined Defenses_2","Set","Defense Debuff",41,"DED RCH","U","Regenerating Flesh","Hydraulic Piston","Temporal Tracer"]
[null,null,null,null,null,null,null,null,null,null,null,null,null,null,null,null,null,null,null,null,null,null,null,null,null,null,null,null,null,null,null,null,null,null,"Undermined Defenses_3","Set","Defense Debuff",10,"DED RCH END","U","Spell Scroll","Computer Virus","Temporal Sands"]
[null,null,null,null,null,null,null,null,null,null,null,null,null,null,null,null,null,null,null,null,null,null,null,null,null,null,null,null,null,null,null,null,null,null,"Undermined Defenses_3","Set","Defense Debuff",26,"DED RCH END","U","Alchemical Silver","Scientific Theory","Symbol"]
[null,null,null,null,null,null,null,null,null,null,null,null,null,null,null,null,null,null,null,null,null,null,null,null,null,null,null,null,null,null,null,null,null,null,"Undermined Defenses_3","Set","Defense Debuff",41,"DED RCH END","U","Demonic Threat Report","Ceramic Armor Plate","Destiny"]
[null,null,null,null,null,null,null,null,null,null,null,null,null,null,null,null,null,null,null,null,null,null,null,null,null,null,null,null,null,null,null,null,null,null,"Undermined Defenses_4","Set","Defense Debuff",10,"RCH END","U","Clockwork Winder","Inanimate Carbon Rod","Polycarbon"]
[null,null,null,null,null,null,null,null,null,null,null,null,null,null,null,null,null,null,null,null,null,null,null,null,null,null,null,null,null,null,null,null,null,null,"Undermined Defenses_4","Set","Defense Debuff",26,"RCH END","U","Demonic Blood Sample","Inert Gas","Mutant DNA Strand"]
[null,null,null,null,null,null,null,null,null,null,null,null,null,null,null,null,null,null,null,null,null,null,null,null,null,null,null,null,null,null,null,null,null,null,"Undermined Defenses_4","Set","Defense Debuff",41,"RCH END","U","Ruby","Temporal Analyzer","Gold"]
[null,null,null,null,null,null,null,null,null,null,null,null,null,null,null,null,null,null,null,null,null,null,null,null,null,null,null,null,null,null,null,null,null,null,"Undermined Defenses_5","Set","Defense Debuff",10,"DED END","U","Ancient Artifact","Brass","Clockwork Gear"]
[null,null,null,null,null,null,null,null,null,null,null,null,null,null,null,null,null,null,null,null,null,null,null,null,null,null,null,null,null,null,null,null,null,null,"Undermined Defenses_5","Set","Defense Debuff",26,"DED END","U","Masterwork Weapon","Stabilized Mutant Genome","Blood of the Incarnate"]
[null,null,null,null,null,null,null,null,null,null,null,null,null,null,null,null,null,null,null,null,null,null,null,null,null,null,null,null,null,null,null,null,null,null,"Undermined Defenses_5","Set","Defense Debuff",41,"DED END","U","Nevermelting Ice","Silver","Sapphire"]
[null,null,null,null,null,null,null,null,null,null,null,null,null,null,null,null,null,null,null,null,null,null,null,null,null,null,null,null,null,null,null,null,null,null,"Undermined Defenses_6","Set","Defense Debuff",10,"RCH","R","Luck Charm","Boresight","Volume of the Obsidian Librum"]
[null,null,null,null,null,null,null,null,null,null,null,null,null,null,null,null,null,null,null,null,null,null,null,null,null,null,null,null,null,null,null,null,null,null,"Undermined Defenses_6","Set","Defense Debuff",26,"RCH","R","Rune","Iron","Alchemical Gold"]
[null,null,null,null,null,null,null,null,null,null,null,null,null,null,null,null,null,null,null,null,null,null,null,null,null,null,null,null,null,null,null,null,null,null,"Undermined Defenses_6","Set","Defense Debuff",41,"RCH","R","Fortune","Mathematic Proof","Psionic Threat Report"]
[null,null,null,null,null,null,null,null,null,null,null,null,null,null,null,null,null,null,null,null,null,null,null,null,null,null,null,null,null,null,null,null,null,null,"Touch of Lady Grey_1","Set","Defense Debuff",10,"DED","U","Luck Charm","Inanimate Carbon Rod","Daemon Program","Strand of Fate"]
[null,null,null,null,null,null,null,null,null,null,null,null,null,null,null,null,null,null,null,null,null,null,null,null,null,null,null,null,null,null,null,null,null,null,"Touch of Lady Grey_1","Set","Defense Debuff",26,"DED","U","Rune","Inert Gas","Scientific Law","Empowered Sigil"]
[null,null,null,null,null,null,null,null,null,null,null,null,null,null,null,null,null,null,null,null,null,null,null,null,null,null,null,null,null,null,null,null,null,null,"Touch of Lady Grey_1","Set","Defense Debuff",41,"DED","U","Fortune","Temporal Analyzer","Titanium Shard","Prophecy"]
[null,null,null,null,null,null,null,null,null,null,null,null,null,null,null,null,null,null,null,null,null,null,null,null,null,null,null,null,null,null,null,null,null,null,"Touch of Lady Grey_2","Set","Defense Debuff",10,"DED RCH","R","Runebound Armor","Boresight","Volume of the Obsidian Librum","Plasma Capacitor"]
[null,null,null,null,null,null,null,null,null,null,null,null,null,null,null,null,null,null,null,null,null,null,null,null,null,null,null,null,null,null,null,null,null,null,"Touch of Lady Grey_2","Set","Defense Debuff",26,"DED RCH","R","Spell Ink","Iron","Alchemical Gold","Mutating Genome"]
[null,null,null,null,null,null,null,null,null,null,null,null,null,null,null,null,null,null,null,null,null,null,null,null,null,null,null,null,null,null,null,null,null,null,"Touch of Lady Grey_2","Set","Defense Debuff",41,"DED RCH","R","Spirit Thorn","Mathematic Proof","Psionic Threat Report","Platinum"]
[null,null,null,null,null,null,null,null,null,null,null,null,null,null,null,null,null,null,null,null,null,null,null,null,null,null,null,null,null,null,null,null,null,null,"Touch of Lady Grey_3","Set","Defense Debuff",10,"DED RCH END","R","Runebound Armor","Computer Virus","Heavy Water","Page from the Malleus Mundi"]
[null,null,null,null,null,null,null,null,null,null,null,null,null,null,null,null,null,null,null,null,null,null,null,null,null,null,null,null,null,null,null,null,null,null,"Touch of Lady Grey_3","Set","Defense Debuff",26,"DED RCH END","R","Spell Ink","Scientific Theory","Corrosive Gas","Enchanted Impervium"]
[null,null,null,null,null,null,null,null,null,null,null,null,null,null,null,null,null,null,null,null,null,null,null,null,null,null,null,null,null,null,null,null,null,null,"Touch of Lady Grey_3","Set","Defense Debuff",41,"DED RCH END","R","Spirit Thorn","Ceramic Armor Plate","Temporal Tracer","Magical Conspiracy"]
[null,null,null,null,null,null,null,null,null,null,null,null,null,null,null,null,null,null,null,null,null,null,null,null,null,null,null,null,null,null,null,null,null,null,"Touch of Lady Grey_4","Set","Defense Debuff",10,"RCH END","R","Clockwork Winder","Computer Virus","Unearthed Relic","Plasma Capacitor"]
[null,null,null,null,null,null,null,null,null,null,null,null,null,null,null,null,null,null,null,null,null,null,null,null,null,null,null,null,null,null,null,null,null,null,"Touch of Lady Grey_4","Set","Defense Debuff",26,"RCH END","R","Demonic Blood Sample","Scientific Theory","Enscorcelled Weapon","Mutating Genome"]
[null,null,null,null,null,null,null,null,null,null,null,null,null,null,null,null,null,null,null,null,null,null,null,null,null,null,null,null,null,null,null,null,null,null,"Touch of Lady Grey_4","Set","Defense Debuff",41,"RCH END","R","Ruby","Ceramic Armor Plate","Unquenchable Flame","Platinum"]
[null,null,null,null,null,null,null,null,null,null,null,null,null,null,null,null,null,null,null,null,null,null,null,null,null,null,null,null,null,null,null,null,null,null,"Touch of Lady Grey_5","Set","Defense Debuff",10,"DED END","R","Clockwork Winder","Brass","Daemon Program","Strand of Fate"]
[null,null,null,null,null,null,null,null,null,null,null,null,null,null,null,null,null,null,null,null,null,null,null,null,null,null,null,null,null,null,null,null,null,null,"Touch of Lady Grey_5","Set","Defense Debuff",26,"DED END","R","Demonic Blood Sample","Stabilized Mutant Genome","Scientific Law","Empowered Sigil"]
[null,null,null,null,null,null,null,null,null,null,null,null,null,null,null,null,null,null,null,null,null,null,null,null,null,null,null,null,null,null,null,null,null,null,"Touch of Lady Grey_5","Set","Defense Debuff",41,"DED END","R","Ruby","Silver","Titanium Shard","Prophecy"]
[null,null,null,null,null,null,null,null,null,null,null,null,null,null,null,null,null,null,null,null,null,null,null,null,null,null,null,null,null,null,null,null,null,null,"Touch of Lady Grey_6","Set","Defense Debuff",10,"20% Chance (Negative)","R","Spell Scroll","Boresight","Chemical Formula","Source Code"]
[null,null,null,null,null,null,null,null,null,null,null,null,null,null,null,null,null,null,null,null,null,null,null,null,null,null,null,null,null,null,null,null,null,null,"Touch of Lady Grey_6","Set","Defense Debuff",26,"20% Chance (Negative)","R","Alchemical Silver","Iron","Data Drive","Conspiratorial Evidence"]
[null,null,null,null,null,null,null,null,null,null,null,null,null,null,null,null,null,null,null,null,null,null,null,null,null,null,null,null,null,null,null,null,null,null,"Touch of Lady Grey_6","Set","Defense Debuff",41,"20% Chance (Negative)","R","Demonic Threat Report","Mathematic Proof","Pneumatic Piston","Rikti Alloy"]
[null,null,null,null,null,null,null,null,null,null,null,null,null,null,null,null,null,null,null,null,null,null,null,null,null,null,null,null,null,null,null,null,null,"A","St Louis Slammer_1","Temp Power",null,0,"Melee Smash, Med Dam, Knockback","R","Thorn Tree Vine","Luck Charm"]
[null,null,null,null,null,null,null,null,null,null,null,null,null,null,null,null,null,null,null,null,null,null,null,null,null,null,null,null,null,null,null,null,null,"A","Gabriels Hammer_1","Temp Power",null,0,"Melee Smash, High Dam, Knockback","R","Thorn Tree Vine","Steel"]
[null,null,null,null,null,null,null,null,null,null,null,null,null,null,null,null,null,null,null,null,null,null,null,null,null,null,null,null,null,null,null,null,null,"A","Revolver_1","Temp Power",null,0,"Ranged Lethal, Med Dam","R","Polycarbon","Boresight"]
[null,null,null,null,null,null,null,null,null,null,null,null,null,null,null,null,null,null,null,null,null,null,null,null,null,null,null,null,null,null,null,null,null,"A","Ethereal Shift_1","Temp Power",null,0,"Self Intangible","R","Alchemical Gold","Living Tattoo","Rune"]
[null,null,null,null,null,null,null,null,null,null,null,null,null,null,null,null,null,null,null,null,null,null,null,null,null,null,null,null,null,null,null,null,null,"A","Rocket Boots_1","Costume",null,0,null,"U","Simple Chemical","Runebound Armor","Brass"]
[null,null,null,null,null,null,null,null,null,null,null,null,null,null,null,null,null,null,null,null,null,null,null,null,null,null,null,null,null,null,null,null,null,"A","Piston Boots_1","Costume",null,0,null,"U","Inanimate Carbon Rod","Luck Charm","Boresight"]
[null,null,null,null,null,null,null,null,null,null,null,null,null,null,null,null,null,null,null,null,null,null,null,null,null,null,null,null,null,null,null,null,null,"A","Winged Boots_1","Costume",null,0,null,"U","Runebound Armor","Human Blood Sample","Clockwork Winder"]
[null,null,null,null,null,null,null,null,null,null,null,null,null,null,null,null,null,null,null,null,null,null,null,null,null,null,null,null,null,null,null,null,null,null,"End",null,null,0]

{"sheet":"Save","index":5,"n_rows":793,"n_cols":1,"rows_kept":793,"cut":false,"hidden":true,"merged":[]}
["Salvage Save"]
["Human Blood Sample"]
["Inanimate Carbon Rod"]
["Computer Virus"]
["Simple Chemical"]
["Brass"]
["Boresight"]
["Improvised Cybernetic"]
["Inert Gas"]
["Scientific Theory"]
["Circuit Board"]
["Stabilized Mutant Genome"]
["Iron"]
["Kinetic Weapon"]
["Temporal Analyzer"]
["Ceramic Armor Plate"]
["Hydraulic Piston"]
["Silver"]
["Mathematic Proof"]
["Mutant Blood Sample"]
["Heavy Water"]
["Daemon Program"]
["Chemical Formula"]
["Polycarbon"]
["Scope"]
["Commercial Cybernetic"]
["Corrosive Gas"]
["Scientific Law"]
["Data Drive"]
["Mutant DNA Strand"]
["Steel"]
["Energy Weapon"]
["Temporal Tracer"]
["Titanium Shard"]
["Pneumatic Piston"]
["Gold"]
["Chaos Theorem"]
["Alien Blood Sample"]
["Enriched Plutonium"]
["Source Code"]
["Complex Chemical Formula"]
["Plasma Capacitor"]
["Heads Up Display"]
["Military Cybernetic"]
["Reactive Gas"]
["Conspiratorial Evidence"]
["Holographic Memory"]
["Mutating Genome"]
["Impervium"]
["Photonic Weapon"]
["Chronal Skip"]
["Rikti Alloy"]
["Positronic Matrix"]
["Platinum"]
["Synthetic Intelligence Unit"]
["Ancient Artifact"]
["Luck Charm"]
["Clockwork Winder"]
["Spell Scroll"]
["Spiritual Essence"]
["Runebound Armor"]
["Masterwork Weapon"]
["Rune"]
["Demonic Blood Sample"]
["Alchemical Silver"]
["Ancient Bone"]
["Spell Ink"]
["Nevermelting Ice"]
["Fortune"]
["Ruby"]
["Demonic Threat Report"]
["Regenerating Flesh"]
["Spirit Thorn"]
["Unearthed Relic"]
["Temporal Sands"]
["Clockwork Gear"]
["Volume of the Obsidian Librum"]
["Psionic Ectoplasm"]
["Soulbound Armor"]
["Enscorcelled Weapon"]
["Symbol"]
["Blood of the Incarnate"]
["Alchemical Gold"]
["Carnival of Shadows Mask"]
["Living Tattoo"]
["Unquenchable Flame"]
["Destiny"]
["Sapphire"]
["Psionic Threat Report"]
["Bleeding Stone"]
["Thorn Tree Vine"]
["Lament Box"]
["Strand of Fate"]
["Psionicly Charged Brass"]
["Page from the Malleus Mundi"]
["Psionic Manifestation"]
["Symbiotic Armor"]
["Deific Weapon"]
["Empowered Sigil"]
["Black Blood of the Earth"]
["Enchanted Impervium"]
["Mu Vestment"]
["Soul Trapped Gem"]
["Pangean Soil"]
["Prophecy"]
["Diamond"]
["Magical Conspiracy"]
["Essence of the Furies"]
["Hamidon Goo"]
["Debuff"]
["Heal"]
["Mitigation"]
["Mez"]
["Endurance"]
["Rate of Fire"]
["Accuracy"]
["Damage"]
["Travel"]
["Absolute Amazement_1"]
["Absolute Amazement_2"]
["Absolute Amazement_3"]
["Absolute Amazement_4"]
["Absolute Amazement_5"]
["Absolute Amazement_6"]
["Accuracy_1"]
["Achilles Heel_1"]
["Achilles Heel_2"]
["Achilles Heel_3"]
["Adjusted Targeting_1"]
["Adjusted Targeting_2"]
["Adjusted Targeting_3"]
["Adjusted Targeting_4"]
["Adjusted Targeting_5"]
["Adjusted Targeting_6"]
["Adrenal Adjustment_1"]
["Adrenal Adjustment_2"]
["Adrenal Adjustment_3"]
["Aegis_1"]
["Aegis_2"]
["Aegis_3"]
["Aegis_4"]
["Aegis_5"]
["Aegis_6"]
["Air Burst_1"]
["Air Burst_2"]
["Air Burst_3"]
["Air Burst_4"]
["Annoyance_1"]
["Annoyance_2"]
["Annoyance_3"]
["Apocalypse_1"]
["Apocalypse_2"]
["Apocalypse_3"]
["Apocalypse_4"]
["Apocalypse_5"]
["Apocalypse_6"]
["Armageddon_1"]
["Armageddon_2"]
["Armageddon_3"]
["Armageddon_4"]
["Armageddon_5"]
["Armageddon_6"]
["Bat Wing_1"]
["Befuddling Aura_1"]
["Befuddling Aura_2"]
["Befuddling Aura_3"]
["Befuddling Aura_4"]
["Befuddling Aura_5"]
["Blood Mandate_1"]
["Blood Mandate_2"]
["Blood Mandate_3"]
["Blood Mandate_4"]
["Blood Mandate_5"]
["Blood Mandate_6"]
["Bone Wing_1"]
["Bonesnap_1"]
["Bonesnap_2"]
["Bonesnap_3"]
["Brilliant Leadership_1"]
["Brilliant Leadership_2"]
["Brilliant Leadership_3"]
["Brilliant Leadership_4"]
["Brilliant Leadership_5"]
["Brilliant Leadership_6"]
["Bruising Blow_1"]
["Bruising Blow_2"]
["Bruising Blow_3"]
["Burned Wing_1"]
["Cacophany_1"]
["Cacophany_2"]
["Cacophany_3"]
["Cacophany_4"]
["Cacophany_5"]
["Cacophany_6"]
["Calibrated Accuracy_1"]
["Calibrated Accuracy_2"]
["Calibrated Accuracy_3"]
["Calibrated Accuracy_4"]
["Calibrated Accuracy_5"]
["Calibrated Accuracy_6"]
["Call of the Sandman_1"]
["Call of the Sandman_2"]
["Call of the Sandman_3"]
["Call of the Sandman_4"]
["Call of the Sandman_5"]
["Call of the Sandman_6"]
["Celerity_1"]
["Celerity_2"]
["Celerity_3"]
["Cherub Wing_1"]
["Cleaving Blow_1"]
["Cleaving Blow_2"]
["Cleaving Blow_3"]
["Cleaving Blow_4"]
["Coercive Persuasion_1"]
["Coercive Persuasion_2"]
["Coercive Persuasion_3"]
["Coercive Persuasion_4"]
["Coercive Persuasion_5"]
["Coercive Persuasion_6"]
["Commanding Presence_1"]
["Commanding Presence_2"]
["Commanding Presence_3"]
["Commanding Presence_4"]
["Commanding Presence_5"]
["Confuse_1"]
["Crushing Impact_1"]
["Crushing Impact_2"]
["Crushing Impact_3"]
["Crushing Impact_4"]
["Crushing Impact_5"]
["Crushing Impact_6"]
["Curtail Speed_1"]
["Curtail Speed_2"]
["Curtail Speed_3"]
["Curtail Speed_4"]
["Curtail Speed_5"]
["Damage_1"]
["Dampened Spirits_1"]
["Dampened Spirits_2"]
["Dampened Spirits_3"]
["Dampened Spirits_4"]
["Dampened Spirits_5"]
["Dampened Spirits_6"]
["Dark Watchers Despair_1"]
["Dark Watchers Despair_2"]
["Dark Watchers Despair_3"]
["Dark Watchers Despair_4"]
["Dark Watchers Despair_5"]
["Dark Watchers Despair_6"]
["Debilitative Action_1"]
["Debilitative Action_2"]
["Debilitative Action_3"]
["Debilitative Action_4"]
["Debilitative Action_5"]
["Debilitative Action_6"]
["Decimation_1"]
["Decimation_2"]
["Decimation_3"]
["Decimation_4"]
["Decimation_5"]
["Decimation_6"]
["Defense Buff_1"]
["Defense Debuff_1"]
["Deflated Ego_1"]
["Deflated Ego_2"]
["Deflated Ego_3"]
["Detonation_1"]
["Detonation_2"]
["Detonation_3"]
["Detonation_4"]
["Detonation_5"]
["Detonation_6"]
["Devastation_1"]
["Devastation_2"]
["Devastation_3"]
["Devastation_4"]
["Devastation_5"]
["Devastation_6"]
["Discouraging Words_1"]
["Discouraging Words_2"]
["Discouraging Words_3"]
["Doctored Wounds_1"]
["Doctored Wounds_2"]
["Doctored Wounds_3"]
["Doctored Wounds_4"]
["Doctored Wounds_5"]
["Doctored Wounds_6"]
["Dragon Wing_1"]
["Edict of the Master_1"]
["Edict of the Master_2"]
["Edict of the Master_3"]
["Edict of the Master_4"]
["Edict of the Master_5"]
["Edict of the Master_6"]
["Efficacy Adaptor_1"]
["Efficacy Adaptor_2"]
["Efficacy Adaptor_3"]
["Efficacy Adaptor_4"]
["Efficacy Adaptor_5"]
["Efficacy Adaptor_6"]
["Encouraged Accuracy_1"]
["Encouraged Accuracy_2"]
["Encouraged Accuracy_3"]
["Endurance Discount_1"]
["Endurance Modification_1"]
["Energy Manipulator_1"]
["Energy Manipulator_2"]
["Energy Manipulator_3"]
["Enfeebled Operation_1"]
["Enfeebled Operation_2"]
["Enfeebled Operation_3"]
["Enfeebled Operation_4"]
["Enfeebled Operation_5"]
["Enfeebled Operation_6"]
["Entropic Chaos_1"]
["Entropic Chaos_2"]
["Entropic Chaos_3"]
["Entropic Chaos_4"]
["Entropic Chaos_5"]
["Essence of Curare_1"]
["Essence of Curare_2"]
["Essence of Curare_3"]
["Essence of Curare_4"]
["Essence of Curare_5"]
["Essence of Curare_6"]
["Ethereal Shift_1"]
["Executioners Contract_1"]
["Executioners Contract_2"]
["Executioners Contract_3"]
["Executioners Contract_4"]
["Executioners Contract_5"]
["Executioners Contract_6"]
["Exploit Weakness_1"]
["Exploit Weakness_2"]
["Exploit Weakness_3"]
["Exploit Weakness_4"]
["Exploited Vulnerability_1"]
["Exploited Vulnerability_2"]
["Exploited Vulnerability_3"]
["Explosive Strike_1"]
["Explosive Strike_2"]
["Explosive Strike_3"]
["Extreme Measures_1"]
["Extreme Measures_2"]
["Extreme Measures_3"]
["Extreme Measures_4"]
["Extreme Measures_5"]
["Extreme Measures_6"]
["Fairy Wing_1"]
["Far Strike_1"]
["Far Strike_2"]
["Far Strike_3"]
["Fear_1"]
["Fly_1"]
["Focused Smite_1"]
["Focused Smite_2"]
["Focused Smite_3"]
["Focused Smite_4"]
["Focused Smite_5"]
["Force Feedback_1"]
["Force Feedback_2"]
["Force Feedback_3"]
["Force Feedback_4"]
["Force Feedback_5"]
["Force Feedback_6"]
["Fortunata Hypnosis_1"]
["Fortunata Hypnosis_2"]
["Fortunata Hypnosis_3"]
["Fortunata Hypnosis_4"]
["Fortunata Hypnosis_5"]
["Fortunata Hypnosis_6"]
["Freebird_1"]
["Freebird_2"]
["Freebird_3"]
["Gabriels Hammer_1"]
["Gaussians Synchronized Fire Control_1"]
["Gaussians Synchronized Fire Control_2"]
["Gaussians Synchronized Fire Control_3"]
["Gaussians Synchronized Fire Control_4"]
["Gaussians Synchronized Fire Control_5"]
["Gaussians Synchronized Fire Control_6"]
["Ghost Widows Embrace_1"]
["Ghost Widows Embrace_2"]
["Ghost Widows Embrace_3"]
["Ghost Widows Embrace_4"]
["Ghost Widows Embrace_5"]
["Ghost Widows Embrace_6"]
["Gift of the Ancients_1"]
["Gift of the Ancients_2"]
["Gift of the Ancients_3"]
["Gift of the Ancients_4"]
["Gift of the Ancients_5"]
["Gift of the Ancients_6"]
["Glimpse of the Abyss_1"]
["Glimpse of the Abyss_2"]
["Glimpse of the Abyss_3"]
["Glimpse of the Abyss_4"]
["Glimpse of the Abyss_5"]
["Glimpse of the Abyss_6"]
["Gravitational Anchor_1"]
["Gravitational Anchor_2"]
["Gravitational Anchor_3"]
["Gravitational Anchor_4"]
["Gravitational Anchor_5"]
["Gravitational Anchor_6"]
["Harmonized Healing_1"]
["Harmonized Healing_2"]
["Harmonized Healing_3"]
["Harmonized Healing_4"]
["Harmonized Healing_5"]
["Harmonized Healing_6"]
["Heal_1"]
["Hecatomb_1"]
["Hecatomb_2"]
["Hecatomb_3"]
["Hecatomb_4"]
["Hecatomb_5"]
["Hecatomb_6"]
["Hibernation_1"]
["Hibernation_2"]
["Hibernation_3"]
["Hibernation_4"]
["Hibernation_5"]
["Hold_1"]
["Horror_1"]
["Horror_2"]
["Horror_3"]
["Horror_4"]
["Horror_5"]
["Immobilize_1"]
["Impeded Swiftness_1"]
["Impeded Swiftness_2"]
["Impeded Swiftness_3"]
["Impeded Swiftness_4"]
["Impeded Swiftness_5"]
["Impeded Swiftness_6"]
["Impervious Skin_1"]
["Impervious Skin_2"]
["Impervious Skin_3"]
["Impervious Skin_4"]
["Impervious Skin_5"]
["Impervium Armor_1"]
["Impervium Armor_2"]
["Impervium Armor_3"]
["Impervium Armor_4"]
["Impervium Armor_5"]
["Impervium Armor_6"]
["Induced Coma_1"]
["Induced Coma_2"]
["Induced Coma_3"]
["Induced Coma_4"]
["Induced Coma_5"]
["Induced Coma_6"]
["Insect Wing_1"]
["Intangible_1"]
["Interrupt Time_1"]
["Jaunt_1"]
["Jaunt_2"]
["Jaunt_3"]
["Jump_1"]
["Karma_1"]
["Karma_2"]
["Karma_3"]
["Kinetic Combat_1"]
["Kinetic Combat_2"]
["Kinetic Combat_3"]
["Kinetic Combat_4"]
["Kinetic Combat_5"]
["Kinetic Crash_1"]
["Kinetic Crash_2"]
["Kinetic Crash_3"]
["Kinetic Crash_4"]
["Kinetic Crash_5"]
["Kinetic Crash_6"]
["Kismet_1"]
["Kismet_2"]
["Kismet_3"]
["Kismet_4"]
["Kismet_5"]
["Knockback_1"]
["Lethargic Repose_1"]
["Lethargic Repose_2"]
["Lethargic Repose_3"]
["Lethargic Repose_4"]
["Lethargic Repose_5"]
["Lethargic Repose_6"]
["Luck of the Gambler_1"]
["Luck of the Gambler_2"]
["Luck of the Gambler_3"]
["Luck of the Gambler_4"]
["Luck of the Gambler_5"]
["Luck of the Gambler_6"]
["Maelstroms Fury_1"]
["Maelstroms Fury_2"]
["Maelstroms Fury_3"]
["Maelstroms Fury_4"]
["Makos Bite_1"]
["Makos Bite_2"]
["Makos Bite_3"]
["Makos Bite_4"]
["Makos Bite_5"]
["Makos Bite_6"]
["Malaises Illusions_1"]
["Malaises Illusions_2"]
["Malaises Illusions_3"]
["Malaises Illusions_4"]
["Malaises Illusions_5"]
["Malaises Illusions_6"]
["Miracle_1"]
["Miracle_2"]
["Miracle_3"]
["Miracle_4"]
["Miracle_5"]
["Miracle_6"]
["Mocking Beratement_1"]
["Mocking Beratement_2"]
["Mocking Beratement_3"]
["Mocking Beratement_4"]
["Mocking Beratement_5"]
["Mocking Beratement_6"]
["Multi Strike_1"]
["Multi Strike_2"]
["Multi Strike_3"]
["Multi Strike_4"]
["Multi Strike_5"]
["Multi Strike_6"]
["Neuronic Shutdown_1"]
["Neuronic Shutdown_2"]
["Neuronic Shutdown_3"]
["Neuronic Shutdown_4"]
["Neuronic Shutdown_5"]
["Neuronic Shutdown_6"]
["Nightmare_1"]
["Nightmare_2"]
["Nightmare_3"]
["Nightmare_4"]
["Nightmare_5"]
["Nightmare_6"]
["Numinas Convalesence_1"]
["Numinas Convalesence_2"]
["Numinas Convalesence_3"]
["Numinas Convalesence_4"]
["Numinas Convalesence_5"]
["Numinas Convalesence_6"]
["Pacing of the Turtle_1"]
["Pacing of the Turtle_2"]
["Pacing of the Turtle_3"]
["Pacing of the Turtle_4"]
["Pacing of the Turtle_5"]
["Pacing of the Turtle_6"]
["Paralytic_1"]
["Paralytic_2"]
["Paralytic_3"]
["Paralytic_4"]
["Paralytic_5"]
["Perfect Zinger_1"]
["Perfect Zinger_2"]
["Perfect Zinger_3"]
["Perfect Zinger_4"]
["Perfect Zinger_5"]
["Perfect Zinger_6"]
["Performance Shifter_1"]
["Performance Shifter_2"]
["Performance Shifter_3"]
["Performance Shifter_4"]
["Performance Shifter_5"]
["Performance Shifter_6"]
["Perplex_1"]
["Perplex_2"]
["Perplex_3"]
["Perplex_4"]
["Perplex_5"]
["Perplex_6"]
["Piston Boots_1"]
["Positrons Blast_1"]
["Positrons Blast_2"]
["Positrons Blast_3"]
["Positrons Blast_4"]
["Positrons Blast_5"]
["Positrons Blast_6"]
["Pounding Slugfest_1"]
["Pounding Slugfest_2"]
["Pounding Slugfest_3"]
["Pounding Slugfest_4"]
["Pulverizing Fisticuffs_1"]
["Pulverizing Fisticuffs_2"]
["Pulverizing Fisticuffs_3"]
["Quickfoot_1"]
["Quickfoot_2"]
["Quickfoot_3"]
["Ragnarok_1"]
["Ragnarok_2"]
["Ragnarok_3"]
["Ragnarok_4"]
["Ragnarok_5"]
["Ragnarok_6"]
["Range_1"]
["Razzle Dazzle_1"]
["Razzle Dazzle_2"]
["Razzle Dazzle_3"]
["Razzle Dazzle_4"]
["Razzle Dazzle_5"]
["Razzle Dazzle_6"]
["Reactive Armor_1"]
["Reactive Armor_2"]
["Reactive Armor_3"]
["Reactive Armor_4"]
["Reactive Armor_5"]
["Reactive Armor_6"]
["Recharge Reduction_1"]
["Recovery_1"]
["Rectified Reticle_1"]
["Rectified Reticle_2"]
["Rectified Reticle_3"]
["Red Fortune_1"]
["Red Fortune_2"]
["Red Fortune_3"]
["Red Fortune_4"]
["Red Fortune_5"]
["Red Fortune_6"]
["Regenerative Tissue_1"]
["Regenerative Tissue_2"]
["Regenerative Tissue_3"]
["Regenerative Tissue_4"]
["Regenerative Tissue_5"]
["Resist Damage_1"]
["Revolver_1"]
["Rocket Boots_1"]
["Rooting Grasp_1"]
["Rooting Grasp_2"]
["Rooting Grasp_3"]
["Rooting Grasp_4"]
["Rooting Grasp_5"]
["Rope a dope_1"]
["Rope a dope_2"]
["Rope a dope_3"]
["Rope a dope_4"]
["Rope a dope_5"]
["Rope a dope_6"]
["Ruin_1"]
["Ruin_2"]
["Ruin_3"]
["Ruin_4"]
["Ruin_5"]
["Run_1"]
["Salvo_1"]
["Salvo_2"]
["Salvo_3"]
["Sciroccos Dervish_1"]
["Sciroccos Dervish_2"]
["Sciroccos Dervish_3"]
["Sciroccos Dervish_4"]
["Sciroccos Dervish_5"]
["Sciroccos Dervish_6"]
["Serendipity_1"]
["Serendipity_2"]
["Serendipity_3"]
["Serendipity_4"]
["Serendipity_5"]
["Serendipity_6"]
["Sleep_1"]
["Slow_1"]
["Smashing Haymaker_1"]
["Smashing Haymaker_2"]
["Smashing Haymaker_3"]
["Smashing Haymaker_4"]
["Soaring_1"]
["Soaring_2"]
["Soaring_3"]
["Soulbound Allegiance_1"]
["Soulbound Allegiance_2"]
["Soulbound Allegiance_3"]
["Soulbound Allegiance_4"]
["Soulbound Allegiance_5"]
["Soulbound Allegiance_6"]
["Sovereign Right_1"]
["Sovereign Right_2"]
["Sovereign Right_3"]
["Sovereign Right_4"]
["Sovereign Right_5"]
["Sovereign Right_6"]
["Springfoot_1"]
["Springfoot_2"]
["Springfoot_3"]
["St Louis Slammer_1"]
["Stagger_1"]
["Stagger_2"]
["Stagger_3"]
["Stagger_4"]
["Stagger_5"]
["Steadfast Protection_1"]
["Steadfast Protection_2"]
["Steadfast Protection_3"]
["Sting of the Manticore_1"]
["Sting of the Manticore_2"]
["Sting of the Manticore_3"]
["Sting of the Manticore_4"]
["Sting of the Manticore_5"]
["Sting of the Manticore_6"]
["Stun_1"]
["Stupefy_1"]
["Stupefy_2"]
["Stupefy_3"]
["Stupefy_4"]
["Stupefy_5"]
["Stupefy_6"]
["Taunt_1"]
["Tech Wing_1"]
["Tempered Readiness_1"]
["Tempered Readiness_2"]
["Tempered Readiness_3"]
["Tempered Readiness_4"]
["Tempered Readiness_5"]
["Tempered Readiness_6"]
["Tempest_1"]
["Tempest_2"]
["Tempest_3"]
["Tempest_4"]
["Thunderstrike_1"]
["Thunderstrike_2"]
["Thunderstrike_3"]
["Thunderstrike_4"]
["Thunderstrike_5"]
["Thunderstrike_6"]
["TimeSpace Manipulation_1"]
["TimeSpace Manipulation_2"]
["TimeSpace Manipulation_3"]
["Titanium Coating_1"]
["Titanium Coating_2"]
["Titanium Coating_3"]
["Titanium Coating_4"]
["Titanium Coating_5"]
["Titanium Coating_6"]
["To Hit Buff_1"]
["To Hit Debuff_1"]
["Touch of Death_1"]
["Touch of Death_2"]
["Touch of Death_3"]
["Touch of Death_4"]
["Touch of Death_5"]
["Touch of Death_6"]
["Touch of Lady Grey_1"]
["Touch of Lady Grey_2"]
["Touch of Lady Grey_3"]
["Touch of Lady Grey_4"]
["Touch of Lady Grey_5"]
["Touch of Lady Grey_6"]
["Trap of the Hunter_1"]
["Trap of the Hunter_2"]
["Trap of the Hunter_3"]
["Trap of the Hunter_4"]
["Trap of the Hunter_5"]
["Trap of the Hunter_6"]
["Triage_1"]
["Triage_2"]
["Triage_3"]
["Triage_4"]
["Triumphant Insult_1"]
["Triumphant Insult_2"]
["Triumphant Insult_3"]
["Unbounded Leap_1"]
["Unbounded Leap_2"]
["Unbounded Leap_3"]
["Unbreakable Contraint_1"]
["Unbreakable Contraint_2"]
["Unbreakable Contraint_3"]
["Unbreakable Contraint_4"]
["Unbreakable Contraint_5"]
["Unbreakable Contraint_6"]
["Undermined Defenses_1"]
["Undermined Defenses_2"]
["Undermined Defenses_3"]
["Undermined Defenses_4"]
["Undermined Defenses_5"]
["Undermined Defenses_6"]
["Unquestioning Loyalty_1"]
["Unquestioning Loyalty_2"]
["Unquestioning Loyalty_3"]
["Unquestioning Loyalty_4"]
["Unspeakable Terror_1"]
["Unspeakable Terror_2"]
["Unspeakable Terror_3"]
["Unspeakable Terror_4"]
["Unspeakable Terror_5"]
["Unspeakable Terror_6"]
["Volley Fire_1"]
["Volley Fire_2"]
["Volley Fire_3"]
["Volley of Velocity_1"]
["Volley of Velocity_2"]
["Volley of Velocity_3"]
["Winged Boots_1"]